000
CXUS56 KLKN 151816
CF6TPH
PRELIMINARY LOCAL CLIMATOLOGICAL DATA (WS FORM: F-6)
STATION: TONOPAH AIRPORT NV
MONTH: MAY
YEAR: 2022
LATITUDE: 38 3 N
LONGITUDE: 117 5 W
TEMPERATURE IN F: :PCPN: SNOW: WIND :SUNSHINE: SKY :PK WND
================================================================================
1 2 3 4 5 6A 6B 7 8 9 10 11 12 13 14 15 16 17 18
12Z AVG MX 2MIN
DY MAX MIN AVG DEP HDD CDD WTR SNW DPTH SPD SPD DIR MIN PSBL S-S WX SPD DR
================================================================================
1 60 39 50 -4 15 0 0.00 M M 17.3 40 360 M M 1 56 330
2 76 32 54 0 11 0 0.00 M M 17.1 32 340 M M 0 47 240
3 66 37 52 -3 13 0 0.00 M M 17.4 28 330 M M 0 36 310
4 74 35 55 0 10 0 0.00 M M 7.4 16 10 M M 0 20 260
5 81 38 60 5 5 0 0.00 M M 12.2 23 220 M M 0 31 290
6 86 47 67 11 0 2 0.00 M M 10.9 24 340 M M 0 33 340
7 76 48 62 6 3 0 0.00 M M 19.3 35 310 M M 0 46 300
8 67 34 51 -5 14 0 0.00 M M 21.6 46 310 M M 1 8 65 300
9 57 27 42 -15 23 0 0.00 M M 13.8 35 320 M M 1 46 320
10 57 31 44 -13 21 0 0.00 M M 14.1 30 330 M M 1 42 320
11 48 29 39 -18 26 0 0.01 M M 20.2 38 340 M M 4 12 51 350
12 64 25 45 -13 20 0 0.00 M M 5.6 14 10 M M 0 17 10
13 76 37 57 -1 8 0 0.00 M M 8.5 20 320 M M 0 26 290
14 83 42 63 5 2 0 0.00 M M 9.3 17 300 M M 0 25 300
15 87 52 70 11 0 5 0.00 M M 11.5 25 170 M M 0 33 170
16 83 53 68 9 0 3 0.00 M M 13.9 25 330 M M 0 32 330
17 82 53 68 9 0 3 0.00 M M 13.8 29 320 M M 0 38 330
18 85 52 69 9 0 4 0.00 M M 10.7 18 330 M M 0 26 320
19 88 55 72 12 0 7 0.00 M M 17.6 30 340 M M 1 8 41 310
20 63 39 51 -9 14 0 0.00 M M 13.8 30 350 M M 0 38 360
21 69 35 52 -9 13 0 0.00 M M 6.5 18 330 M M 0 24 330
22 77 42 60 -1 5 0 0.00 M M 12.3 28 10 M M 0 44 340
23 77 47 62 1 3 0 0.00 M M 13.8 24 330 M M 0 36 330
24 82 44 63 1 2 0 0.00 M M 13.8 26 320 M M 0 34 320
25 88 53 71 9 0 6 0.00 M M 7.2 17 10 M M 0 21 10
26 90 52 71 9 0 6 0.00 M M 13.6 30 190 M M 0 44 210
27 85 56 71 8 0 6 0.00 M M 11.2 25 330 M M 1 33 330
28 79 54 67 4 0 2 0.00 M M 15.0 28 310 M M 3 38 310
29 64 45 55 -8 10 0 0.00 M M 22.2 37 330 M M 0 52 320
30 65 38 52 -12 13 0 0.00 M M 13.2 26 330 M M 3 43 340
31 72 45 59 -5 6 0 0.00 M M 10.5 25 10 M M 2 32 10
================================================================================
SM 2307 1316 237 44 0.01 M 415.3 M 18
================================================================================
AV 74.4 42.5 13.4 FASTST M M 1 MAX(MPH)
MISC ----> 46 310 65 300
================================================================================
NOTES:
# LAST OF SEVERAL OCCURRENCES
COLUMN 17 PEAK WIND IN M.P.H.
PRELIMINARY LOCAL CLIMATOLOGICAL DATA (WS FORM: F-6) , PAGE 2
STATION: TONOPAH AIRPORT NV
MONTH: MAY
YEAR: 2022
LATITUDE: 38 3 N
LONGITUDE: 117 5 W
[TEMPERATURE DATA] [PRECIPITATION DATA] SYMBOLS USED IN COLUMN 16
AVERAGE MONTHLY: 58.4 TOTAL FOR MONTH: 0.01 1 = FOG OR MIST
DPTR FM NORMAL: -0.6 DPTR FM NORMAL: -0.50 2 = FOG REDUCING VISIBILITY
HIGHEST: 90 ON 26 GRTST 24HR 0.01 ON 11-11 TO 1/4 MILE OR LESS
LOWEST: 25 ON 12 3 = THUNDER
SNOW, ICE PELLETS, HAIL 4 = ICE PELLETS
TOTAL MONTH: M 5 = HAIL
GRTST 24HR M ON M 6 = FREEZING RAIN OR DRIZZLE
GRTST DEPTH: M ON M 7 = DUSTSTORM OR SANDSTORM:
VSBY 1/2 MILE OR LESS
8 = SMOKE OR HAZE
[NO. OF DAYS WITH] [WEATHER - DAYS WITH] 9 = BLOWING SNOW
X = TORNADO
MAX 32 OR BELOW: 0 0.01 INCH OR MORE: 1
MAX 90 OR ABOVE: 1 0.10 INCH OR MORE: 0
MIN 32 OR BELOW: 5 0.50 INCH OR MORE: 0
MIN 0 OR BELOW: 0 1.00 INCH OR MORE: 0
[HDD (BASE 65) ]
TOTAL THIS MO. 237 CLEAR (SCALE 0-3) 30
DPTR FM NORMAL 22 PTCLDY (SCALE 4-7) 1
TOTAL FM JUL 1 5047 CLOUDY (SCALE 8-10) 0
DPTR FM NORMAL -178
[CDD (BASE 65) ]
TOTAL THIS MO. 44
DPTR FM NORMAL 13 [PRESSURE DATA]
TOTAL FM JAN 1 44 HIGHEST SLP 30.30 ON 12
DPTR FM NORMAL 13 LOWEST SLP 29.44 ON 8
[REMARKS]
#FINAL-05-22#