000
CXUS55 KLKN 020619
CLSTPH
CLIMATE REPORT
NATIONAL WEATHER SERVICE ELKO, NV
1119 PM PDT THU SEP 01 2022
...................................
...THE TONOPAH AIRPORT NV CLIMATE SUMMARY FOR THE SEASON, FROM
6/1/2022 TO 8/31/2022...
CLIMATE NORMAL PERIOD 1991 TO 2020
CLIMATE RECORD PERIOD 1954 TO 2022
WEATHER OBSERVED NORMAL DEPART LAST YEAR`S
VALUE DATE(S) VALUE FROM VALUE DATE(S)
NORMAL
................................................................
TEMPERATURE (F)
RECORD
HIGH 105 07/11/2021
LOW 27 06/01/1971
HIGHEST 101 07/22 100 1 105 07/11
LOWEST 43 06/01 39 4 42 06/11
06/14
06/20
AVG. MAXIMUM 90.3 89.4 0.9 93.0
AVG. MINIMUM 59.4 56.3 3.1 59.8
MEAN 74.8 72.9 1.9 76.4
DAYS MAX >= 90 59 54.8 4.2 68
DAYS MAX <= 32 0 0.0 0.0 0
DAYS MIN <= 32 0 0.1 -0.1 0
DAYS MIN <= 0 0 0.0 0.0 0
PRECIPITATION (INCHES)
RECORD
MAXIMUM 4.36 1984
MINIMUM 0.18 1980
TOTALS 2.24 1.12 1.12 1.08
DAILY AVG. T 0.01 -0.01 T
DAYS >= .01 11 8.3 2.7 8
DAYS >= .10 3 3.1 -0.1 2
DAYS >= .50 2 0.4 1.6 1
DAYS >= 1.00 1 0.0 1.0 0
GREATEST
24 HR. TOTAL 1.09 0.67
DEGREE DAYS
HEATING TOTAL 24 48 -24 14
SINCE 7/1 0 1 -1 MM
COOLING TOTAL 960 773 187 1083
SINCE 1/1 1004 804 200 MM
................................................................
WIND (MPH)
AVERAGE WIND SPEED 9.4
HIGHEST WIND SPEED/DIRECTION 46/190 DATE 06/17
HIGHEST GUST SPEED/DIRECTION 62/270 DATE 06/28
AVERAGE RH (PERCENT) 30
WEATHER CONDITIONS. NUMBER OF DAYS WITH
THUNDERSTORM 15 MIXED PRECIP 0
HEAVY RAIN 3 RAIN 8
LIGHT RAIN 21 FREEZING RAIN 0
LT FREEZING RAIN 0 HAIL 0
HEAVY SNOW 0 SNOW 0
LIGHT SNOW 0 SLEET 0
FOG 3 FOG W/VIS <= 1/4 MILE 1
HAZE 6
- INDICATES NEGATIVE NUMBERS.
R INDICATES RECORD WAS SET OR TIED.
MM INDICATES DATA IS MISSING.
T INDICATES TRACE AMOUNT.
$$