000
CXUS54 KFWD 010732
CF6TPL
PRELIMINARY LOCAL CLIMATOLOGICAL DATA (WS FORM: F-6)
STATION: TEMPLE
MONTH: MARCH
YEAR: 2024
LATITUDE: 31 8 N
LONGITUDE: 97 25 W
TEMPERATURE IN F: :PCPN: SNOW: WIND :SUNSHINE: SKY :PK WND
================================================================================
1 2 3 4 5 6A 6B 7 8 9 10 11 12 13 14 15 16 17 18
12Z AVG MX 2MIN
DY MAX MIN AVG DEP HDD CDD WTR SNW DPTH SPD SPD DIR MIN PSBL S-S WX SPD DR
================================================================================
1 69 42 56 2 9 0 T M M 5.2 15 150 M M 4 1 M M
2 82 44 63 8 2 0 M M M 11.1 20 170 M M 0 12 23 200
3 81 61 71 16 0 6 0.00 M M 16.6 22 170 M M 5 30 160
4 83 65 74 19 0 9 0.00 M M 11.0 18 180 M M 6 1 21 180
5 87 56 72 16 0 7 0.00 M M 7.1 13 330 M M 0 12 M M
6 82 52 67 11 0 2 0.00 M M 8.2 14 150 M M 1 128 M M
7 74 63 69 13 0 4 T M M 12.9 21 140 M M 7 1 29 140
8 76 48 62 6 3 0 0.17 M M 10.4 26 330 M M 5 123 35 330
9 60 43 52 -5 13 0 0.00 M M 14.4 22 340 M M 6 31 330
10 66 36 51 -6 14 0 0.00 M M 4.4 9 40 M M 0 M M
11 72 50 61 4 4 0 0.00 M M 6.8 14 180 M M 4 25 150
12 76 53 65 7 0 0 0.00 M M 13.9 22 190 M M 5 26 170
13 82 64 73 15 0 8 0.00 M M 14.7 24 150 M M 7 1 31 160
14 78 69 74 16 0 9 T M M 15.2 22 160 M M 9 30 160
15 70 60 65 7 0 0 0.00 M M 11.0 21 10 M M 7 12 31 10
16 66 59 63 4 2 0 0.07 M M 6.7 12 80 M M 10 123 M M
17 65 55 60 1 5 0 0.29 M M 9.1 21 90 M M 10 13 23 360
18 64 41 53 -6 12 0 0.00 M M 9.8 18 10 M M 2 25 10
19 66 36 51 -8 14 0 0.00 M M 6.9 15 160 M M 2 M M
20 67 45 56 -4 9 0 0.00 M M 8.7 16 170 M M 6 M M
21 63 54 59 -1 6 0 0.62 M M 5.7 21 300 M M 10 13 35 290
22 70 46 58 -2 7 0 T M M 8.3 20 330 M M 6 12 24 340
23 70 47 59 -1 6 0 T M M 6.0 9 110 M M 1 1 M M
24 73 57 65 5 0 0 0.00 M M 18.4 28 160 M M 6 38 150
25 67 55 61 0 4 0 0.64 M M 7.6 21 160 M M 9 13 29 160
26 63 39 51 -10 14 0 0.00 M M 7.5 12 350 M M 0 18 350
27 68 39 54 -7 11 0 0.09 M M 5.9 15 170 M M 2 21 180
28 75 41 58 -3 7 0 0.00 M M 8.4 17 170 M M 0 12 21 160
29 76 56 66 4 0 1 0.00 M M 18.3 26 170 M M 3 38 170
30 77 60 69 7 0 4 0.00 M M 14.0 18 180 M M 8 25 170
31 77 65 71 9 0 6 0.00 M M 15.7 23 170 M M 8 29 170
================================================================================
SM 2245 1601 142 56 1.88 M 319.6 M 149
================================================================================
AV 72.4 51.6 10.3 FASTST M M 5 MAX(MPH)
MISC ----> 28 160 # 38 150
================================================================================
NOTES:
# LAST OF SEVERAL OCCURRENCES
COLUMN 17 PEAK WIND IN M.P.H.
PRELIMINARY LOCAL CLIMATOLOGICAL DATA (WS FORM: F-6) , PAGE 2
STATION: TEMPLE
MONTH: MARCH
YEAR: 2024
LATITUDE: 31 8 N
LONGITUDE: 97 25 W
[TEMPERATURE DATA] [PRECIPITATION DATA] SYMBOLS USED IN COLUMN 16
AVERAGE MONTHLY: 62.0 TOTAL FOR MONTH: 1.88 1 = FOG OR MIST
DPTR FM NORMAL: 3.6 DPTR FM NORMAL: -1.26 2 = FOG REDUCING VISIBILITY
HIGHEST: 87 ON 5 GRTST 24HR 0.64 ON 25-25 TO 1/4 MILE OR LESS
LOWEST: 36 ON 19,10 3 = THUNDER
SNOW, ICE PELLETS, HAIL 4 = ICE PELLETS
TOTAL MONTH: M 5 = HAIL
GRTST 24HR M ON M 6 = FREEZING RAIN OR DRIZZLE
GRTST DEPTH: M ON M 7 = DUSTSTORM OR SANDSTORM:
VSBY 1/2 MILE OR LESS
8 = SMOKE OR HAZE
[NO. OF DAYS WITH] [WEATHER - DAYS WITH] 9 = BLOWING SNOW
X = TORNADO
MAX 32 OR BELOW: 0 0.01 INCH OR MORE: 6
MAX 90 OR ABOVE: 0 0.10 INCH OR MORE: 4
MIN 32 OR BELOW: 0 0.50 INCH OR MORE: 2
MIN 0 OR BELOW: 0 1.00 INCH OR MORE: 0
[HDD (BASE 65) ]
TOTAL THIS MO. 142 CLEAR (SCALE 0-3) 10
DPTR FM NORMAL -98 PTCLDY (SCALE 4-7) 15
TOTAL FM JUL 1 1717 CLOUDY (SCALE 8-10) 6
DPTR FM NORMAL -331
[CDD (BASE 65) ]
TOTAL THIS MO. 56
DPTR FM NORMAL 19 [PRESSURE DATA]
TOTAL FM JAN 1 82 HIGHEST SLP M ON M
DPTR FM NORMAL 36 LOWEST SLP M ON M
[REMARKS]
#FINAL-03-24#