000
CXUS54 KFWD 010732
CF6TRL
PRELIMINARY LOCAL CLIMATOLOGICAL DATA (WS FORM: F-6)
STATION: TERRELL
MONTH: MAY
YEAR: 2023
LATITUDE: 32 42 N
LONGITUDE: 96 16 W
TEMPERATURE IN F: :PCPN: SNOW: WIND :SUNSHINE: SKY :PK WND
================================================================================
1 2 3 4 5 6A 6B 7 8 9 10 11 12 13 14 15 16 17 18
12Z AVG MX 2MIN
DY MAX MIN AVG DEP HDD CDD WTR SNW DPTH SPD SPD DIR MIN PSBL S-S WX SPD DR
================================================================================
1 74 50 62 -7 3 0 0.00 M M 5.6 13 50 M M 0 18 70
2 80 50 65 -4 0 0 0.00 M M 5.1 12 120 M M 1 16 90
3 81 59 70 0 0 5 0.00 M M 6.0 14 100 M M 2 19 100
4 80 61 71 1 0 6 T M M 7.9 18 140 M M 2 3 28 140
5 89 64 77 7 0 12 0.00 M M 9.6 29 200 M M 5 18 41 200
6 87 63 75 4 0 10 M M M 9.9 29 230 M M 3 13 42 220
7 84 65 75 4 0 10 M M M 10.1 20 190 M M 3 13 28 190
8 87 70 79 8 0 14 T M M 10.5 22 170 M M 3 138 29 140
9 83 66 75 3 0 10 0.00 M M 7.3 15 180 M M 2 20 160
10 74 65 70 -2 0 5 M M M 3.1 13 120 M M 5 13 17 130
11 86 63 75 3 0 10 T M M 8.3 17 160 M M 6 128 24 160
12 86 73 80 7 0 15 T M M 10.8 21 180 M M 6 18 29 150
13 86 69 78 5 0 13 T M M 7.0 16 170 M M 2 22 180
14 79 69 74 1 0 9 T M M 3.0 13 90 M M 7 13 17 260
15 85 66 76 2 0 11 T M M 4.6 17 190 M M 4 123 24 330
16 78 64 71 -3 0 6 0.00 M M 5.3 15 320 M M 5 1 21 320
17 80 60 70 -4 0 5 0.00 M M 4.6 13 20 M M 1 18 360
18 86 61 74 -1 0 9 0.00 M M 3.5 9 120 M M 1 13 130
19 90 66 78 3 0 13 T M M 6.8 21 320 M M 1 3 29 290
20 78 63 71 -4 0 6 T M M 8.8 17 350 M M 6 8 26 340
21 78 59 69 -7 0 4 0.00 M M 4.2 8 60 M M 3 12 70
22 81 61 71 -5 0 6 0.00 M M 3.1 10 40 M M 2 14 70
23 84 61 73 -3 0 8 T M M 4.9 12 140 M M 1 17 170
24 86 67 77 0 0 12 0.00 M M 6.2 15 60 M M 1 18 20 60
25 84 63 74 -3 0 9 0.00 M M 4.4 15 120 M M 0 22 120
26 88 64 76 -1 0 11 0.00 M M 6.0 15 60 M M M 18 25 70
27 86 69 78 1 0 13 0.00 M M 5.1 12 100 M M M 17 100
28 88 67 78 0 0 13 0.00 M M 5.7 14 130 M M M 19 150
29 88 67 78 0 0 13 M M M 6.8 22 30 M M M 13 29 30
30 87 67 77 -1 0 12 T M M 3.2 9 120 M M M 14 150
31 88 67 78 0 0 13 0.00 M M 3.3 13 160 M M 0 1 17 170
================================================================================
SM 2591 1979 3 283 T M 190.7 M 72
================================================================================
AV 83.6 63.8 6.2 FASTST M M 3 MAX(MPH)
MISC ----> # 29 200 42 220
================================================================================
NOTES:
# LAST OF SEVERAL OCCURRENCES
COLUMN 17 PEAK WIND IN M.P.H.
PRELIMINARY LOCAL CLIMATOLOGICAL DATA (WS FORM: F-6) , PAGE 2
STATION: TERRELL
MONTH: MAY
YEAR: 2023
LATITUDE: 32 42 N
LONGITUDE: 96 16 W
[TEMPERATURE DATA] [PRECIPITATION DATA] SYMBOLS USED IN COLUMN 16
AVERAGE MONTHLY: 73.7 TOTAL FOR MONTH: T 1 = FOG OR MIST
DPTR FM NORMAL: -0.2 DPTR FM NORMAL: -4.72 2 = FOG REDUCING VISIBILITY
HIGHEST: 90 ON 19 GRTST 24HR T ON 4- 4 TO 1/4 MILE OR LESS
LOWEST: 50 ON 2, 1 3 = THUNDER
SNOW, ICE PELLETS, HAIL 4 = ICE PELLETS
TOTAL MONTH: M 5 = HAIL
GRTST 24HR M ON M 6 = FREEZING RAIN OR DRIZZLE
GRTST DEPTH: M ON M 7 = DUSTSTORM OR SANDSTORM:
VSBY 1/2 MILE OR LESS
8 = SMOKE OR HAZE
[NO. OF DAYS WITH] [WEATHER - DAYS WITH] 9 = BLOWING SNOW
X = TORNADO
MAX 32 OR BELOW: 0 0.01 INCH OR MORE: 0
MAX 90 OR ABOVE: 1 0.10 INCH OR MORE: 0
MIN 32 OR BELOW: 0 0.50 INCH OR MORE: 0
MIN 0 OR BELOW: 0 1.00 INCH OR MORE: 0
[HDD (BASE 65) ]
TOTAL THIS MO. 3 CLEAR (SCALE 0-3) 17
DPTR FM NORMAL -7 PTCLDY (SCALE 4-7) 9
TOTAL FM JUL 1 2008 CLOUDY (SCALE 8-10) 5
DPTR FM NORMAL -201
[CDD (BASE 65) ]
TOTAL THIS MO. 283
DPTR FM NORMAL -3 [PRESSURE DATA]
TOTAL FM JAN 1 391 HIGHEST SLP M ON M
DPTR FM NORMAL -30 LOWEST SLP 29.71 ON 4
[REMARKS]
#FINAL-05-23#