000
CXUS54 KFWD 010841
CF6TRL
PRELIMINARY LOCAL CLIMATOLOGICAL DATA (WS FORM: F-6)
STATION: TERRELL
MONTH: FEBRUARY
YEAR: 2024
LATITUDE: 32 42 N
LONGITUDE: 96 16 W
TEMPERATURE IN F: :PCPN: SNOW: WIND :SUNSHINE: SKY :PK WND
================================================================================
1 2 3 4 5 6A 6B 7 8 9 10 11 12 13 14 15 16 17 18
12Z AVG MX 2MIN
DY MAX MIN AVG DEP HDD CDD WTR SNW DPTH SPD SPD DIR MIN PSBL S-S WX SPD DR
================================================================================
1 70 43 57 9 8 0 0.00 M M 7.2 22 170 M M 0 27 170
2 66 53 60 12 5 0 0.05 M M 10.3 29 130 M M 8 138 42 140
3 65 52 59 11 6 0 0.61 M M 7.7 30 260 M M 6 1 39 260
4 64 49 57 8 8 0 0.03 M M 10.0 23 350 M M 9 18 36 350
5 62 48 55 6 10 0 0.01 M M 10.4 20 360 M M 4 1 29 360
6 66 37 52 3 13 0 0.00 M M 2.5 9 100 M M 0 12 110
7 67 48 58 9 7 0 0.00 M M 9.6 21 160 M M 1 27 170
8 67 54 61 12 4 0 0.00 M M 8.2 17 200 M M 4 23 190
9 72 50 61 12 4 0 0.00 M M 4.4 16 210 M M 4 138 21 210
10 63 52 58 8 7 0 0.14 M M 6.9 13 90 M M 9 13 19 70
11 56 43 50 0 15 0 0.45 M M 10.4 21 270 M M 10 13 27 270
12 55 38 47 -3 18 0 T M M 11.8 22 320 M M 5 1 33 310
13 61 31 46 -4 19 0 0.00 M M 3.3 14 190 M M 0 19 210
14 66 40 53 3 12 0 0.00 M M 8.1 18 180 M M 0 23 180
15 69 46 58 7 7 0 0.00 M M 7.1 14 170 M M 0 18 210
16 72 41 57 6 8 0 0.00 M M 12.9 23 360 M M 2 1 34 360
17 47 35 41 -10 24 0 0.00 M M 14.3 25 10 M M 3 35 360
18 52 23 38 -13 27 0 0.00 M M 3.2 15 350 M M 1 8 21 350
19 64 29 47 -5 18 0 0.00 M M 7.4 22 190 M M 0 29 160
20 77 41 59 7 6 0 0.00 M M 6.4 18 170 M M 0 25 170
21 79 56 68 16 0 3 0.00 M M 15.7 26 200 M M 2 37 180
22 83 62 73 21 0 8 0.00 M M 13.6 22 200 M M 3 32 180
23 71 49 60 8 5 0 0.00 M M 8.6 17 330 M M 0 29 310
24 76 37 57 4 8 0 0.00 M M 3.9 15 230 M M 0 21 250
25 79 53 66 13 0 1 0.00 M M 12.3 24 200 M M 0 36 170
26 85 59 72 19 0 7 0.00 M M 12.1 20 180 M M 0 1 28 190
27 75 68 72 18 0 7 0.00 M M 13.8 23 210 M M 6 32 210
28 72 41 57 3 8 0 0.00 M M 13.9 26 350 M M 1 43 360
29 53 42 48 -6 17 0 0.05 M M 7.9 17 90 M M 8 3 25 60
================================================================================
SM 1954 1320 264 26 1.34 M 263.9 M 86
================================================================================
AV 67.4 45.5 9.1 FASTST M M 3 MAX(MPH)
MISC ----> 30 260 43 360
================================================================================
NOTES:
# LAST OF SEVERAL OCCURRENCES
COLUMN 17 PEAK WIND IN M.P.H.
PRELIMINARY LOCAL CLIMATOLOGICAL DATA (WS FORM: F-6) , PAGE 2
STATION: TERRELL
MONTH: FEBRUARY
YEAR: 2024
LATITUDE: 32 42 N
LONGITUDE: 96 16 W
[TEMPERATURE DATA] [PRECIPITATION DATA] SYMBOLS USED IN COLUMN 16
AVERAGE MONTHLY: 56.4 TOTAL FOR MONTH: 1.34 1 = FOG OR MIST
DPTR FM NORMAL: 5.7 DPTR FM NORMAL: -1.39 2 = FOG REDUCING VISIBILITY
HIGHEST: 85 ON 26 GRTST 24HR 0.66 ON 2- 3 TO 1/4 MILE OR LESS
LOWEST: 23 ON 18 3 = THUNDER
SNOW, ICE PELLETS, HAIL 4 = ICE PELLETS
TOTAL MONTH: M 5 = HAIL
GRTST 24HR M ON M 6 = FREEZING RAIN OR DRIZZLE
GRTST DEPTH: M ON M 7 = DUSTSTORM OR SANDSTORM:
VSBY 1/2 MILE OR LESS
8 = SMOKE OR HAZE
[NO. OF DAYS WITH] [WEATHER - DAYS WITH] 9 = BLOWING SNOW
X = TORNADO
MAX 32 OR BELOW: 0 0.01 INCH OR MORE: 7
MAX 90 OR ABOVE: 0 0.10 INCH OR MORE: 3
MIN 32 OR BELOW: 3 0.50 INCH OR MORE: 1
MIN 0 OR BELOW: 0 1.00 INCH OR MORE: 0
[HDD (BASE 65) ]
TOTAL THIS MO. 264 CLEAR (SCALE 0-3) 18
DPTR FM NORMAL -146 PTCLDY (SCALE 4-7) 8
TOTAL FM JUL 1 1780 CLOUDY (SCALE 8-10) 3
DPTR FM NORMAL -105
[CDD (BASE 65) ]
TOTAL THIS MO. 26
DPTR FM NORMAL 18 [PRESSURE DATA]
TOTAL FM JAN 1 26 HIGHEST SLP 30.42 ON 29
DPTR FM NORMAL 15 LOWEST SLP 29.48 ON 4
[REMARKS]
#FINAL-02-24#