000
CXUS56 KPQR 011200
CF6TTD
PRELIMINARY LOCAL CLIMATOLOGICAL DATA (WS FORM: F-6)
STATION: TROUTDALE OR
MONTH: MAY
YEAR: 2020
LATITUDE: 45 33 N
LONGITUDE: 122 25 W
TEMPERATURE IN F: :PCPN: SNOW: WIND :SUNSHINE: SKY :PK WND
================================================================================
1 2 3 4 5 6A 6B 7 8 9 10 11 12 13 14 15 16 17 18
12Z AVG MX 2MIN
DY MAX MIN AVG DEP HDD CDD WTR SNW DPTH SPD SPD DIR MIN PSBL S-S WX SPD DR
================================================================================
1 64 39 52 -2 13 0 0.06 M M 4.9 15 210 M M 5 18 190
2 58 49 54 0 11 0 0.50 M M 7.2 16 260 M M 9 8 21 90
3 60 43 52 -2 13 0 0.19 M M 4.4 20 210 M M 6 8 25 210
4 71 41 56 1 9 0 T M M 7.1 20 100 M M 5 24 90
5 76 51 64 9 1 0 0.01 M M 6.2 17 250 M M 4 23 250
6 66 44 55 0 10 0 0.05 M M 7.8 22 260 M M 6 29 260
7 74 37 56 1 9 0 0.00 M M 9.4 20 100 M M 0 26 60
8 80 60 70 14 0 5 0.00 M M 16.8 29 90 M M 0 35 90
9 84 65 75 19 0 10 0.00 M M 15.6 24 90 M M 0 32 90
10 84 65 75 19 0 10 0.00 M M 12.5 23 90 M M 0 30 90
11 72 50 61 5 4 0 0.12 M M 3.1 14 230 M M 3 1 18 230
12 66 49 58 1 7 0 0.17 M M 6.4 21 220 M M 9 31 230
13 64 49 57 0 8 0 0.01 M M 6.0 16 220 M M 10 20 220
14 59 51 55 -2 10 0 0.22 M M 3.2 10 220 M M 10 18 14 220
15 69 52 61 4 4 0 0.10 M M 3.6 10 210 M M 4 1 13 210
16 71 55 63 5 2 0 0.25 M M 5.2 15 90 M M 9 20 90
17 71 52 62 4 3 0 0.01 M M 3.1 12 150 M M 4 1 16 220
18 62 52 57 -1 8 0 1.13 M M 4.6 13 250 M M 9 18 16 240
19 62 53 58 0 7 0 0.01 M M 3.0 10 310 M M 10 8 14 320
20 60 51 56 -2 9 0 0.07 M M 6.9 15 220 M M 10 18 19 240
21 60 49 55 -3 10 0 0.48 M M 3.8 14 250 M M 9 1 20 220
22 62 47 55 -4 10 0 0.06 M M 3.6 14 230 M M 9 17 260
23 62 50 56 -3 9 0 0.00 M M 1.7 7 270 M M 7 9 40
24 75 48 62 3 3 0 0.00 M M 2.9 8 260 M M 3 11 260
25 70 51 61 2 4 0 0.08 M M 1.3 6 50 M M 7 8 360
26 74 54 64 4 1 0 0.00 M M 2.4 9 260 M M 5 13 310
27 85 48 67 7 0 2 0.00 M M 2.6 9 240 M M 0 8 13 320
28 93 54 74 14 0 9 0.00 M M 2.4 10 310 M M 0 13 310
29 85 56 71 11 0 6 0.00 M M 3.7 9 260 M M 0 27 220
30 61 53 57 -3 8 0 0.43 M M 3.2 14 220 M M 6 13 20 320
31 66 53 60 0 5 0 T M M 3.5 9 320 M M 6 13 310
================================================================================
SM 2166 1571 178 42 3.95 M 168.1 M 165
================================================================================
AV 69.9 50.7 5.4 FASTST M M 5 MAX(MPH)
MISC ----> # 29 90 # 35 90
================================================================================
NOTES:
# LAST OF SEVERAL OCCURRENCES
COLUMN 17 PEAK WIND IN M.P.H.
PRELIMINARY LOCAL CLIMATOLOGICAL DATA (WS FORM: F-6) , PAGE 2
STATION: TROUTDALE OR
MONTH: MAY
YEAR: 2020
LATITUDE: 45 33 N
LONGITUDE: 122 25 W
[TEMPERATURE DATA] [PRECIPITATION DATA] SYMBOLS USED IN COLUMN 16
AVERAGE MONTHLY: 60.3 TOTAL FOR MONTH: 3.95 1 = FOG OR MIST
DPTR FM NORMAL: 2.9 DPTR FM NORMAL: 1.01 2 = FOG REDUCING VISIBILITY
HIGHEST: 93 ON 28 GRTST 24HR 1.13 ON 18-18 TO 1/4 MILE OR LESS
LOWEST: 37 ON 7 3 = THUNDER
SNOW, ICE PELLETS, HAIL 4 = ICE PELLETS
TOTAL MONTH: M 5 = HAIL
GRTST 24HR M ON M 6 = FREEZING RAIN OR DRIZZLE
GRTST DEPTH: M ON M 7 = DUSTSTORM OR SANDSTORM:
VSBY 1/2 MILE OR LESS
8 = SMOKE OR HAZE
[NO. OF DAYS WITH] [WEATHER - DAYS WITH] 9 = BLOWING SNOW
X = TORNADO
MAX 32 OR BELOW: 0 0.01 INCH OR MORE: 19
MAX 90 OR ABOVE: 1 0.10 INCH OR MORE: 10
MIN 32 OR BELOW: 0 0.50 INCH OR MORE: 2
MIN 0 OR BELOW: 0 1.00 INCH OR MORE: 1
[HDD (BASE 65) ]
TOTAL THIS MO. 178 CLEAR (SCALE 0-3) 9
DPTR FM NORMAL -75 PTCLDY (SCALE 4-7) 12
TOTAL FM JUL 1 3976 CLOUDY (SCALE 8-10) 10
DPTR FM NORMAL -546
[CDD (BASE 65) ]
TOTAL THIS MO. 42
DPTR FM NORMAL 26 [PRESSURE DATA]
TOTAL FM JAN 1 42 HIGHEST SLP 30.48 ON 6
DPTR FM NORMAL 25 LOWEST SLP 29.68 ON 17
[REMARKS]
#FINAL-05-20#