000
CXUS51 KPHI 061403
CF6TTN
PRELIMINARY LOCAL CLIMATOLOGICAL DATA (WS FORM: F-6)
STATION: TRENTON NJ
MONTH: JULY
YEAR: 2020
LATITUDE: 40 16 N
LONGITUDE: 74 49 W
TEMPERATURE IN F: :PCPN: SNOW: WIND :SUNSHINE: SKY :PK WND
================================================================================
1 2 3 4 5 6A 6B 7 8 9 10 11 12 13 14 15 16 17 18
12Z AVG MX 2MIN
DY MAX MIN AVG DEP HDD CDD WTR SNW DPTH SPD SPD DIR MIN PSBL S-S WX SPD DR
================================================================================
1 84 67 76 1 0 11 0.01 0.0 0 4.8 17 90 M M 3 3 21 80
2 94 64 79 4 0 14 0.00 0.0 0 5.6 16 350 M M 0 1 20 340
3 93 71 82 7 0 17 0.23 0.0 0 6.7 25 310 M M 2 13 40 300
4 89 70 80 4 0 15 T 0.0 0 5.0 10 170 M M 6 1 14 160
5 95 70 83 7 0 18 0.00 0.0 0 4.6 12 340 M M 3 1 19 340
6 93 67 80 4 0 15 T 0.0 0 4.9 29 220 M M 1 3 40 230
7 90 66 78 2 0 13 0.28 0.0 0 6.0 16 110 M M 5 123 20 150
8 90 73 82 6 0 17 0.01 0.0 0 5.1 13 10 M M 6 13 16 180
9 91 71 81 5 0 16 0.00 0.0 0 3.8 15 140 M M 5 12 19 130
10 77 72 75 -1 0 10 1.90 0.0 0 10.7 25 40 M M 9 1 33 30
11 88 70 79 3 0 14 0.00 0.0 0 7.7 16 220 M M 4 3 21 220
12 89 68 79 3 0 14 0.19 0.0 0 6.9 14 210 M M 2 13 20 230
13 87 68 78 2 0 13 0.05 0.0 0 6.1 13 310 M M 2 1 21 280
14 86 65 76 -1 0 11 0.00 0.0 0 5.8 14 340 M M 1 21 350
15 83 66 75 -2 0 10 0.00 0.0 0 7.4 16 120 M M 2 19 120
16 81 65 73 -4 0 8 0.00 0.0 0 8.7 16 160 M M 6 21 130
17 88 68 78 1 0 13 T 0.0 0 5.3 10 270 M M 6 8 15 170
18 92 70 81 4 0 16 0.00 0.0 0 4.4 9 160 M M 0 14 260
19 94 70 82 5 0 17 0.00 0.0 0 6.4 15 210 M M 0 1 26 180
20 94 77 86 9 0 21 0.00 0.0 0 5.8 17 260 M M 0 1 22 260
21 94 72 83 6 0 18 0.01 0.0 0 5.8 10 270 M M 1 3 17 280
22 94 72 83 6 0 18 0.16 0.0 0 5.0 29 270 M M 2 13 40 260
23 89 70 80 3 0 15 0.13 0.0 0 6.2 18 210 M M 4 13 26 240
24 80 71 76 -1 0 11 0.24 0.0 0 4.8 22 270 M M 6 13 30 260
25 88 68 78 1 0 13 0.00 0.0 0 3.5 10 210 M M 5 12 13 230
26 93 72 83 7 0 18 0.00 0.0 0 5.8 15 250 M M 0 1 21 260
27 94 72 83 7 0 18 0.00 0.0 0 6.8 15 230 M M 0 20 290
28 92 75 84 8 0 19 0.00 0.0 0 6.8 15 260 M M 2 20 260
29 92 72 82 6 0 17 0.00 0.0 0 3.7 12 250 M M 1 16 270
30 95 70 83 7 0 18 0.02 0.0 0 4.6 28 200 M M 1 3 36 210
31 84 68 76 0 0 11 0.06 0.0 0 3.9 10 360 M M 6 1 14 350
================================================================================
SM 2773 2160 0 459 3.29 0.0 178.6 M 91
================================================================================
AV 89.5 69.7 5.8 FASTST M M 3 MAX(MPH)
MISC ----> # 29 270 # 40 300
================================================================================
NOTES:
# LAST OF SEVERAL OCCURRENCES
COLUMN 17 PEAK WIND IN M.P.H.
PRELIMINARY LOCAL CLIMATOLOGICAL DATA (WS FORM: F-6) , PAGE 2
STATION: TRENTON NJ
MONTH: JULY
YEAR: 2020
LATITUDE: 40 16 N
LONGITUDE: 74 49 W
[TEMPERATURE DATA] [PRECIPITATION DATA] SYMBOLS USED IN COLUMN 16
AVERAGE MONTHLY: 79.6 TOTAL FOR MONTH: 3.29 1 = FOG OR MIST
DPTR FM NORMAL: 3.3 DPTR FM NORMAL: -1.13 2 = FOG REDUCING VISIBILITY
HIGHEST: 95 ON 5,30 GRTST 24HR 1.90 ON 10-10 TO 1/4 MILE OR LESS
LOWEST: 64 ON 2 3 = THUNDER
SNOW, ICE PELLETS, HAIL 4 = ICE PELLETS
TOTAL MONTH: 0.0 INCH 5 = HAIL
GRTST 24HR 0.0 6 = FREEZING RAIN OR DRIZZLE
GRTST DEPTH: 0 7 = DUSTSTORM OR SANDSTORM:
VSBY 1/2 MILE OR LESS
8 = SMOKE OR HAZE
[NO. OF DAYS WITH] [WEATHER - DAYS WITH] 9 = BLOWING SNOW
X = TORNADO
MAX 32 OR BELOW: 0 0.01 INCH OR MORE: 13
MAX 90 OR ABOVE: 17 0.10 INCH OR MORE: 7
MIN 32 OR BELOW: 0 0.50 INCH OR MORE: 1
MIN 0 OR BELOW: 0 1.00 INCH OR MORE: 1
[HDD (BASE 65) ]
TOTAL THIS MO. 0 CLEAR (SCALE 0-3) 18
DPTR FM NORMAL 0 PTCLDY (SCALE 4-7) 12
TOTAL FM JUL 1 0 CLOUDY (SCALE 8-10) 1
DPTR FM NORMAL 0
[CDD (BASE 65) ]
TOTAL THIS MO. 459
DPTR FM NORMAL 109 [PRESSURE DATA]
TOTAL FM JAN 1 732 HIGHEST SLP M ON M
DPTR FM NORMAL 115 LOWEST SLP 29.55 ON 10
[REMARKS]
#FINAL-07-20#