000
CXUS54 KTSA 010840
CF6TUL
PRELIMINARY LOCAL CLIMATOLOGICAL DATA (WS FORM: F-6)
STATION: TULSA OKLAHOMA
MONTH: JULY
YEAR: 2020
LATITUDE: 36 12 N
LONGITUDE: 95 54 W
TEMPERATURE IN F: :PCPN: SNOW: WIND :SUNSHINE: SKY :PK WND
================================================================================
1 2 3 4 5 6A 6B 7 8 9 10 11 12 13 14 15 16 17 18
12Z AVG MX 2MIN
DY MAX MIN AVG DEP HDD CDD WTR SNW DPTH SPD SPD DIR MIN PSBL S-S WX SPD DR
================================================================================
1 97 79 88 7 0 23 0.00 0.0 0 10.8 21 190 M M 3 30 190
2 93 75 84 2 0 19 0.03 0.0 0 7.9 25 180 M M 5 3 34 180
3 97 70 84 2 0 19 0.00 0.0 0 5.2 20 330 M M 4 25 330
4 93 72 83 1 0 18 1.21 0.0 0 5.6 24 50 M M 6 138 37 50
5 94 71 83 1 0 18 0.01 0.0 0 5.0 15 100 M M 3 138 22 100
6 94 74 84 2 0 19 0.00 0.0 0 6.1 13 140 M M 3 18 160
7 95 73 84 2 0 19 0.00 0.0 0 4.7 14 140 M M 3 19 150
8 94 75 85 3 0 20 0.00 0.0 0 7.6 16 190 M M 3 20 160
9 89 69 79 -3 0 14 0.48 0.0 0 9.8 24 10 M M 5 13 34 360
10 89 72 81 -2 0 16 0.06 0.0 0 6.3 31 180 M M 6 3 43 180
11 98 70 84 1 0 19 2.07 0.0 0 8.2 28 120 M M 4 13 46 110
12 93 71 82 -1 0 17 0.01 0.0 0 6.4 16 330 M M 5 20 360
13 87 69 78 -5 0 13 0.13 0.0 0 7.7 16 140 M M 6 13 23 240
14 96 78 87 4 0 22 T 0.0 0 10.9 21 190 M M 4 31 190
15 95 80 88 5 0 23 0.01 0.0 0 5.7 24 140 M M 6 31 130
16 92 75 84 1 0 19 T 0.0 0 7.0 25 310 M M 7 3 34 300
17 96 77 87 4 0 22 0.00 0.0 0 11.2 21 180 M M 3 27 160
18 94 79 87 4 0 22 0.00 0.0 0 13.3 22 190 M M 3 29 180
19 96 79 88 5 0 23 0.00 0.0 0 8.4 17 190 M M 6 22 130
20 96 79 88 5 0 23 0.00 0.0 0 9.3 16 180 M M 5 25 170
21 92 77 85 2 0 20 0.00 0.0 0 8.8 17 180 M M 6 25 160
22 94 74 84 1 0 19 0.00 0.0 0 6.5 12 190 M M 3 18 200
23 93 75 84 0 0 19 T 0.0 0 6.9 13 130 M M 5 16 120
24 96 75 86 2 0 21 0.00 0.0 0 7.6 15 140 M M 3 20 160
25 94 76 85 1 0 20 0.00 0.0 0 7.7 14 150 M M 4 26 120
26 94 75 85 1 0 20 0.00 0.0 0 8.1 15 190 M M 3 22 180
27 90 74 82 -2 0 17 0.37 0.0 0 7.2 16 170 M M 9 13 23 180
28 83 72 78 -6 0 13 0.88 0.0 0 4.9 17 180 M M 10 13 26 170
29 89 74 82 -2 0 17 T 0.0 0 9.1 16 190 M M 8 3 25 180
30 90 70 80 -4 0 15 0.97 0.0 0 8.6 26 300 M M 6 123 47 300
31 85 70 78 -6 0 13 0.37 0.0 0 12.3 25 330 M M 6 1 32 330
================================================================================
SM 2878 2299 0 582 6.60 0.0 244.8 M 153
================================================================================
AV 92.8 74.2 7.9 FASTST M M 5 MAX(MPH)
MISC ----> # 31 180 # 47 300
================================================================================
NOTES:
# LAST OF SEVERAL OCCURRENCES
COLUMN 17 PEAK WIND IN M.P.H.
PRELIMINARY LOCAL CLIMATOLOGICAL DATA (WS FORM: F-6) , PAGE 2
STATION: TULSA OKLAHOMA
MONTH: JULY
YEAR: 2020
LATITUDE: 36 12 N
LONGITUDE: 95 54 W
[TEMPERATURE DATA] [PRECIPITATION DATA] SYMBOLS USED IN COLUMN 16
AVERAGE MONTHLY: 83.5 TOTAL FOR MONTH: 6.60 1 = FOG OR MIST
DPTR FM NORMAL: 0.6 DPTR FM NORMAL: 3.24 2 = FOG REDUCING VISIBILITY
HIGHEST: 98 ON 11 GRTST 24HR 2.07 ON 11-11 TO 1/4 MILE OR LESS
LOWEST: 69 ON 13, 9 3 = THUNDER
SNOW, ICE PELLETS, HAIL 4 = ICE PELLETS
TOTAL MONTH: 0.0 INCH 5 = HAIL
GRTST 24HR 0.0 6 = FREEZING RAIN OR DRIZZLE
GRTST DEPTH: 0 7 = DUSTSTORM OR SANDSTORM:
VSBY 1/2 MILE OR LESS
8 = SMOKE OR HAZE
[NO. OF DAYS WITH] [WEATHER - DAYS WITH] 9 = BLOWING SNOW
X = TORNADO
MAX 32 OR BELOW: 0 0.01 INCH OR MORE: 13
MAX 90 OR ABOVE: 25 0.10 INCH OR MORE: 8
MIN 32 OR BELOW: 0 0.50 INCH OR MORE: 4
MIN 0 OR BELOW: 0 1.00 INCH OR MORE: 2
[HDD (BASE 65) ]
TOTAL THIS MO. 0 CLEAR (SCALE 0-3) 8
DPTR FM NORMAL 0 PTCLDY (SCALE 4-7) 21
TOTAL FM JUL 1 0 CLOUDY (SCALE 8-10) 2
DPTR FM NORMAL 0
[CDD (BASE 65) ]
TOTAL THIS MO. 582
DPTR FM NORMAL 27 [PRESSURE DATA]
TOTAL FM JAN 1 1280 HIGHEST SLP 30.12 ON 10
DPTR FM NORMAL 112 LOWEST SLP 29.70 ON 1
[REMARKS]
#FINAL-07-20#