000
CXUS55 KTWC 010855
CF6TUS
PRELIMINARY LOCAL CLIMATOLOGICAL DATA (WS FORM: F-6)
STATION: TUCSON AZ
MONTH: FEBRUARY
YEAR: 2023
LATITUDE: 32 7 N
LONGITUDE: 110 56 W
TEMPERATURE IN F: :PCPN: SNOW: WIND :SUNSHINE: SKY :PK WND
================================================================================
1 2 3 4 5 6A 6B 7 8 9 10 11 12 13 14 15 16 17 18
12Z AVG MX 2MIN
DY MAX MIN AVG DEP HDD CDD WTR SNW DPTH SPD SPD DIR MIN PSBL S-S WX SPD DR
================================================================================
1 62 35 49 -6 16 0 0.00 M M 5.8 15 290 M M 1 20 340
2 67 36 52 -3 13 0 0.00 M M 4.7 12 360 M M 0 17 340
3 74 39 57 2 8 0 0.00 M M 11.7 33 120 M M 0 8 46 120
4 79 43 61 6 4 0 0.00 M M 5.8 12 170 M M 0 21 200
5 80 43 62 7 3 0 0.00 M M 7.5 18 300 M M 0 26 300
6 63 40 52 -3 13 0 0.00 M M 7.6 22 300 M M 0 31 300
7 61 33 47 -8 18 0 0.00 M M 6.4 18 320 M M 0 25 320
8 66 34 50 -5 15 0 0.00 M M 5.6 12 300 M M 0 19 290
9 67 36 52 -3 13 0 0.00 M M 7.0 21 330 M M 0 31 340
10 68 39 54 -2 11 0 0.00 M M 18.7 31 130 M M 0 46 130
11 70 50 60 4 5 0 0.00 M M 13.7 30 120 M M 2 40 120
12 78 36 57 1 8 0 0.00 M M 8.7 31 200 M M 1 43 210
13 56 38 47 -9 18 0 0.14 M M 8.9 24 300 M M 6 1 32 280
14 62 39 51 -5 14 0 T M M 15.0 33 210 M M 3 47 210
15 50 34 42 -14 23 0 0.14 0.5 0 7.9 23 230 M M 3 1 30 220
16 57 28 43 -13 22 0 0.00 M M 4.6 16 120 M M 0 19 90
17 64 40 52 -4 13 0 0.00 M M 19.4 36 120 M M 0 49 130
18 75 50 63 7 2 0 0.00 M M 6.5 21 120 M M M 29 130
19 68 51 60 3 5 0 T M M 6.9 18 200 M M 6 27 220
20 71 54 63 6 2 0 0.00 M M 5.4 13 130 M M 5 19 180
21 63 53 58 1 7 0 0.07 M M 7.6 28 200 M M 8 3 37 200
22 56 44 50 -7 15 0 0.03 M M 16.9 35 280 M M 9 51 210
23 60 45 53 -4 12 0 T M M 9.2 25 230 M M 4 36 230
24 70 36 53 -5 12 0 0.00 M M 3.5 13 360 M M 0 15 320
25 76 47 62 4 3 0 0.00 M M 7.3 23 230 M M 0 31 240
26 61 38 50 -8 15 0 0.21 M M 9.6 23 260 M M 4 1 35 260
27 66 34 50 -8 15 0 0.00 M M 5.5 12 350 M M M 16 310
28 64 37 51 -7 14 0 0.00 M M 6.5 18 320 M M M 24 320
================================================================================
SM 1854 1132 319 0 0.59 0.5 243.9 M 52
================================================================================
AV 66.2 40.4 8.7 FASTST M M 2 MAX(MPH)
MISC ----> 36 120 51 210
================================================================================
NOTES:
# LAST OF SEVERAL OCCURRENCES
COLUMN 17 PEAK WIND IN M.P.H.
PRELIMINARY LOCAL CLIMATOLOGICAL DATA (WS FORM: F-6) , PAGE 2
STATION: TUCSON AZ
MONTH: FEBRUARY
YEAR: 2023
LATITUDE: 32 7 N
LONGITUDE: 110 56 W
[TEMPERATURE DATA] [PRECIPITATION DATA] SYMBOLS USED IN COLUMN 16
AVERAGE MONTHLY: 53.3 TOTAL FOR MONTH: 0.59 1 = FOG OR MIST
DPTR FM NORMAL: -2.9 DPTR FM NORMAL: -0.25 2 = FOG REDUCING VISIBILITY
HIGHEST: 80 ON 5 GRTST 24HR 0.21 ON 26-26 TO 1/4 MILE OR LESS
LOWEST: 28 ON 16 3 = THUNDER
SNOW, ICE PELLETS, HAIL 4 = ICE PELLETS
TOTAL MONTH: 0.5 INCH 5 = HAIL
GRTST 24HR 0.5 ON 15-15 6 = FREEZING RAIN OR DRIZZLE
GRTST DEPTH: 0 7 = DUSTSTORM OR SANDSTORM:
VSBY 1/2 MILE OR LESS
8 = SMOKE OR HAZE
[NO. OF DAYS WITH] [WEATHER - DAYS WITH] 9 = BLOWING SNOW
X = TORNADO
MAX 32 OR BELOW: 0 0.01 INCH OR MORE: 5
MAX 90 OR ABOVE: 0 0.10 INCH OR MORE: 3
MIN 32 OR BELOW: 1 0.50 INCH OR MORE: 0
MIN 0 OR BELOW: 0 1.00 INCH OR MORE: 0
[HDD (BASE 65) ]
TOTAL THIS MO. 319 CLEAR (SCALE 0-3) 16
DPTR FM NORMAL 68 PTCLDY (SCALE 4-7) 7
TOTAL FM JUL 1 1284 CLOUDY (SCALE 8-10) 5
DPTR FM NORMAL 138
[CDD (BASE 65) ]
TOTAL THIS MO. 0
DPTR FM NORMAL -5 [PRESSURE DATA]
TOTAL FM JAN 1 1 HIGHEST SLP M ON M
DPTR FM NORMAL 0 LOWEST SLP 29.54 ON 22
[REMARKS]
#FINAL-02-23#