000
CXUS55 KTWC 010855
CF6TUS
PRELIMINARY LOCAL CLIMATOLOGICAL DATA (WS FORM: F-6)
STATION: TUCSON AZ
MONTH: JULY
YEAR: 2022
LATITUDE: 32 7 N
LONGITUDE: 110 56 W
TEMPERATURE IN F: :PCPN: SNOW: WIND :SUNSHINE: SKY :PK WND
================================================================================
1 2 3 4 5 6A 6B 7 8 9 10 11 12 13 14 15 16 17 18
12Z AVG MX 2MIN
DY MAX MIN AVG DEP HDD CDD WTR SNW DPTH SPD SPD DIR MIN PSBL S-S WX SPD DR
================================================================================
1 97 75 86 -3 0 21 0.02 M M 9.2 28 20 M M M 3 41 360
2 101 75 88 -1 0 23 T M M 6.3 20 180 M M M 29 200
3 101 81 91 2 0 26 0.00 M M 6.2 18 90 M M M 25 90
4 97 79 88 -1 0 23 T M M 6.6 18 210 M M 1 3 25 210
5 101 79 90 1 0 25 0.00 M M 7.0 18 190 M M 1 25 270
6 102 74 88 -1 0 23 0.00 M M 4.7 16 270 M M 0 23 270
7 104 73 89 0 0 24 0.00 M M 6.7 17 280 M M 0 27 310
8 107 77 92 3 0 27 0.00 M M 6.9 22 190 M M 1 30 190
9 108 82 95 6 0 30 T M M 9.7 32 80 M M 0 3 50 80
10 108 81 95 6 0 30 0.00 M M 8.6 20 130 M M 0 29 170
11 110 81 96 7 0 31 0.00 M M 7.3 37 110 M M 1 8 46 140
12 106 88 97 8 0 32 0.00 M M 6.4 25 130 M M 1 3 30 230
13 108 80 94 6 0 29 T M M 7.3 23 180 M M 1 3 40 180
14 106 81 94 6 0 29 0.02 M M 6.0 37 180 M M 1 3 52 180
15 108 80 94 6 0 29 T M M 7.3 26 270 M M 0 3 40 250
16 108 78 93 5 0 28 T M M 8.3 32 170 M M 0 3 41 170
17 106 78 92 4 0 27 0.00 M M 5.9 22 260 M M 0 33 250
18 105 80 93 5 0 28 0.00 M M 6.5 17 300 M M 0 25 270
19 107 83 95 7 0 30 0.00 M M 9.7 24 220 M M 0 32 270
20 104 81 93 5 0 28 T M M 10.1 23 200 M M 0 3 33 200
21 106 80 93 5 0 28 T M M 10.2 26 150 M M 1 3 38 180
22 107 87 97 9 0 32 T M M 9.0 24 130 M M 0 3 32 170
23 104 80 92 4 0 27 0.18 M M 9.3 26 140 M M 1 3 33 180
24 94 74 84 -4 0 19 0.04 M M 8.1 26 190 M M 2 3 40 270
25 95 74 85 -3 0 20 0.07 M M 6.0 24 190 M M 1 3 33 190
26 93 74 84 -4 0 19 0.15 M M 7.3 21 160 M M 2 3 27 170
27 94 74 84 -4 0 19 0.00 M M 6.1 14 160 M M 4 3 19 150
28 87 75 81 -7 0 16 T M M 7.4 15 180 M M 2 3 21 180
29 96 71 84 -4 0 19 0.28 M M 5.4 35 140 M M 3 38 44 140
30 96 74 85 -3 0 20 0.04 M M 7.2 28 150 M M 1 38 38 190
31 98 70 84 -3 0 19 0.28 M M 7.9 30 230 M M 2 38 47 250
================================================================================
SM 3164 2419 0 781 1.08 M 230.6 M 26
================================================================================
AV102.1 78.0 7.4 FASTST M M 1 MAX(MPH)
MISC ----> # 37 110 52 180
================================================================================
NOTES:
# LAST OF SEVERAL OCCURRENCES
COLUMN 17 PEAK WIND IN M.P.H.
PRELIMINARY LOCAL CLIMATOLOGICAL DATA (WS FORM: F-6) , PAGE 2
STATION: TUCSON AZ
MONTH: JULY
YEAR: 2022
LATITUDE: 32 7 N
LONGITUDE: 110 56 W
[TEMPERATURE DATA] [PRECIPITATION DATA] SYMBOLS USED IN COLUMN 16
AVERAGE MONTHLY: 90.0 TOTAL FOR MONTH: 1.08 1 = FOG OR MIST
DPTR FM NORMAL: 1.8 DPTR FM NORMAL: -1.13 2 = FOG REDUCING VISIBILITY
HIGHEST: 110 ON 11 GRTST 24HR 0.29 ON 30-31 TO 1/4 MILE OR LESS
LOWEST: 70 ON 31 3 = THUNDER
SNOW, ICE PELLETS, HAIL 4 = ICE PELLETS
TOTAL MONTH: M 5 = HAIL
GRTST 24HR M ON M 6 = FREEZING RAIN OR DRIZZLE
GRTST DEPTH: M ON M 7 = DUSTSTORM OR SANDSTORM:
VSBY 1/2 MILE OR LESS
8 = SMOKE OR HAZE
[NO. OF DAYS WITH] [WEATHER - DAYS WITH] 9 = BLOWING SNOW
X = TORNADO
MAX 32 OR BELOW: 0 0.01 INCH OR MORE: 9
MAX 90 OR ABOVE: 30 0.10 INCH OR MORE: 4
MIN 32 OR BELOW: 0 0.50 INCH OR MORE: 0
MIN 0 OR BELOW: 0 1.00 INCH OR MORE: 0
[HDD (BASE 65) ]
TOTAL THIS MO. 0 CLEAR (SCALE 0-3) 26
DPTR FM NORMAL 0 PTCLDY (SCALE 4-7) 2
TOTAL FM JUL 1 0 CLOUDY (SCALE 8-10) 3
DPTR FM NORMAL 0
[CDD (BASE 65) ]
TOTAL THIS MO. 781
DPTR FM NORMAL 60 [PRESSURE DATA]
TOTAL FM JAN 1 2231 HIGHEST SLP M ON M
DPTR FM NORMAL 321 LOWEST SLP 29.66 ON 11
[REMARKS]
#FINAL-07-22#