000
CXUS53 KAPX 021434
CF6TVC
PRELIMINARY LOCAL CLIMATOLOGICAL DATA (WS FORM: F-6)
STATION: TRAVERSE CITY MI
MONTH: JANUARY
YEAR: 2024
LATITUDE: 44 44 N
LONGITUDE: 85 34 W
TEMPERATURE IN F: :PCPN: SNOW: WIND :SUNSHINE: SKY :PK WND
================================================================================
1 2 3 4 5 6A 6B 7 8 9 10 11 12 13 14 15 16 17 18
12Z AVG MX 2MIN
DY MAX MIN AVG DEP HDD CDD WTR SNW DPTH SPD SPD DIR MIN PSBL S-S WX SPD DR
================================================================================
1 31 28 30 5 35 0 T M M 8.4 16 230 M M 10 6 24 220
2 37 31 34 9 31 0 0.00 M M 12.0 21 260 M M 10 34 220
3 36 26 31 6 34 0 0.03 M M 9.6 21 340 M M 10 1 32 330
4 29 27 28 3 37 0 T M M 8.1 16 340 M M 10 25 360
5 32 28 30 6 35 0 T M M 6.4 17 260 M M 10 26 260
6 35 31 33 9 32 0 0.01 M M 2.3 8 170 M M 10 1 12 120
7 37 30 34 10 31 0 0.01 M M 3.0 15 310 M M 10 18 19 280
8 36 31 34 10 31 0 T M M 3.0 9 60 M M 10 16 15 60
9 37 32 35 11 30 0 0.19 M M 11.4 23 30 M M 10 1 38 20
10 33 30 32 8 33 0 0.04 M M 10.1 22 350 M M 10 1 34 350
11 33 27 30 6 35 0 0.05 M M 3.4 12 330 M M 10 18 22 10
12 34 23 29 6 36 0 0.15 M M 10.2 24 50 M M 10 19 37 40
13 27 21 24 1 41 0 0.05 M M 15.0 26 300 M M 10 189 40 310
14 21 13 17 -6 48 0 T M M 11.9 24 270 M M 10 19 28 270
15 16 12 14 -9 51 0 T M M 9.5 18 230 M M 9 89 26 270
16 14 8 11 -12 54 0 T M M 10.2 18 230 M M 10 89 31 260
17 16 9 13 -10 52 0 T M M 8.5 17 240 M M 10 8 26 230
18 20 16 18 -5 47 0 T M M 5.6 9 250 M M 10 8 13 240
19 19 9 14 -8 51 0 0.03 M M 7.9 17 10 M M 10 18 24 360
20 26 9 18 -4 47 0 0.01 M M 11.0 20 10 M M 10 189 29 340
21 25 15 20 -2 45 0 0.00 M M 9.6 17 220 M M 8 30 210
22 33 24 29 7 36 0 T M M 7.9 13 210 M M 10 25 200
23 36 30 33 11 32 0 0.04 M M 3.6 10 130 M M 10 18 13 90
24 38 33 36 14 29 0 0.00 M M 0.9 7 200 M M 10 1 9 190
25 41 34 38 16 27 0 T M M 2.2 8 100 M M 10 12 12 170
26 40 35 38 16 27 0 0.07 M M 2.2 8 30 M M 10 1 11 30
27 41 35 38 16 27 0 0.00 M M 2.5 7 10 M M 10 1 12 200
28 38 33 36 14 29 0 0.01 M M 7.2 14 340 M M 10 18 22 360
29 41 34 38 16 27 0 0.00 M M 7.5 14 170 M M 9 22 190
30 39 37 38 16 27 0 T M M 3.3 10 180 M M 10 1 16 190
31 42 36 39 17 26 0 T M M 9.2 22 190 M M 9 1 33 230
================================================================================
SM 983 787 1123 0 0.69 M 223.6 M 305
================================================================================
AV 31.7 25.4 7.2 FASTST M M 10 MAX(MPH)
MISC ----> 26 300 40 310
================================================================================
NOTES:
# LAST OF SEVERAL OCCURRENCES
COLUMN 17 PEAK WIND IN M.P.H.
PRELIMINARY LOCAL CLIMATOLOGICAL DATA (WS FORM: F-6) , PAGE 2
STATION: TRAVERSE CITY MI
MONTH: JANUARY
YEAR: 2024
LATITUDE: 44 44 N
LONGITUDE: 85 34 W
[TEMPERATURE DATA] [PRECIPITATION DATA] SYMBOLS USED IN COLUMN 16
AVERAGE MONTHLY: 28.5 TOTAL FOR MONTH: 0.69 1 = FOG OR MIST
DPTR FM NORMAL: 5.4 DPTR FM NORMAL: -0.98 2 = FOG REDUCING VISIBILITY
HIGHEST: 42 ON 31 GRTST 24HR 0.45 ON 12-13 TO 1/4 MILE OR LESS
LOWEST: 8 ON 16 3 = THUNDER
SNOW, ICE PELLETS, HAIL 4 = ICE PELLETS
TOTAL MONTH: M 5 = HAIL
GRTST 24HR M ON M 6 = FREEZING RAIN OR DRIZZLE
GRTST DEPTH: M ON M 7 = DUSTSTORM OR SANDSTORM:
VSBY 1/2 MILE OR LESS
8 = SMOKE OR HAZE
[NO. OF DAYS WITH] [WEATHER - DAYS WITH] 9 = BLOWING SNOW
X = TORNADO
MAX 32 OR BELOW: 12 0.01 INCH OR MORE: 13
MAX 90 OR ABOVE: 0 0.10 INCH OR MORE: 2
MIN 32 OR BELOW: 23 0.50 INCH OR MORE: 0
MIN 0 OR BELOW: 0 1.00 INCH OR MORE: 0
[HDD (BASE 65) ]
TOTAL THIS MO. 1123 CLEAR (SCALE 0-3) 0
DPTR FM NORMAL -174 PTCLDY (SCALE 4-7) 1
TOTAL FM JUL 1 3225 CLOUDY (SCALE 8-10) 30
DPTR FM NORMAL -648
[CDD (BASE 65) ]
TOTAL THIS MO. 0
DPTR FM NORMAL 0 [PRESSURE DATA]
TOTAL FM JAN 1 0 HIGHEST SLP 30.51 ON 21
DPTR FM NORMAL 0 LOWEST SLP 28.99 ON 9
[REMARKS]
#FINAL-01-24#