000
CXUS53 KAPX 010523
CLMTVC
CLIMATE REPORT
NATIONAL WEATHER SERVICE
123 AM EDT SAT APR 01 2023
...................................
...THE TRAVERSE CITY MI CLIMATE SUMMARY FOR THE MONTH OF MARCH 2023...
CLIMATE NORMAL PERIOD: 1991 TO 2020
CLIMATE RECORD PERIOD: 1896 TO 2023
WEATHER OBSERVED NORMAL DEPART LAST YEAR`S
VALUE DATE(S) VALUE FROM VALUE
NORMAL
..............................................................
TEMPERATURE (F)
HIGHEST 51 03/16 MM MM
LOWEST 16 03/15 MM MM
AVG. MAXIMUM 40.9 41.2 -0.3
AVG. MINIMUM 24.8 23.2 1.6
MEAN 32.9 32.2 0.7
DAYS MAX >= 90 0 0.0 0.0
DAYS MAX <= 32 2 7.0 -5.0
DAYS MIN <= 32 29 25.4 3.6
DAYS MIN <= 0 0 1.0 -1.0
PRECIPITATION (INCHES)
TOTALS 1.90 1.55 0.35
DAYS >= .01 10 10.3 -0.3
DAYS >= .10 4 4.2 -0.2
DAYS >= .50 1 0.7 0.3
DAYS >= 1.00 0 0.0 0.0
GREATEST
24 HR. TOTAL 0.90 03/31 TO 03/31
DEGREE DAYS
HEATING TOTAL 989 1018 -29
SINCE 7/1 5339 6045 -706
COOLING TOTAL 0 1 -1
SINCE 1/1 0 1 -1
..............................................................
WIND (MPH)
AVERAGE WIND SPEED 7.4
HIGHEST WIND SPEED/DIRECTION 29/280 DATE 03/17
HIGHEST GUST SPEED/DIRECTION 42/280 DATE 03/18
SKY COVER
AVERAGE SKY COVER 0.64
AVERAGE RH (PERCENT) 67
- INDICATES NEGATIVE NUMBERS.
R INDICATES RECORD WAS SET OR TIED.
MM INDICATES DATA IS MISSING.
T INDICATES TRACE AMOUNT.
$$