000
CXUS55 KREV 010913
CF6TVL
PRELIMINARY LOCAL CLIMATOLOGICAL DATA (WS FORM: F-6)
STATION: SOUTH LAKE TAHOE CA
MONTH: JANUARY
YEAR: 2021
LATITUDE: 38 53 N
LONGITUDE: 119 60 W
TEMPERATURE IN F: :PCPN: SNOW: WIND :SUNSHINE: SKY :PK WND
================================================================================
1 2 3 4 5 6A 6B 7 8 9 10 11 12 13 14 15 16 17 18
12Z AVG MX 2MIN
DY MAX MIN AVG DEP HDD CDD WTR SNW DPTH SPD SPD DIR MIN PSBL S-S WX SPD DR
================================================================================
1 42 9 26 -3 39 0 0.00 M M 5.1 20 180 M M 1 23 180
2 42 27 35 6 30 0 T M M 7.8 17 200 M M 8 24 200
3 46 30 38 9 27 0 T M M 5.2 14 190 M M 5 21 180
4 44 30 37 8 28 0 0.26 M M 14.6 30 190 M M 8 1 49 210
5 48 18 33 4 32 0 0.00 M M 3.0 9 190 M M 0 13 150
6 49 19 34 4 31 0 0.00 M M 4.9 20 190 M M 1 30 200
7 48 14 31 1 34 0 0.00 M M 2.8 10 30 M M 0 11 30
8 43 22 33 3 32 0 T M M 7.9 25 180 M M 2 34 180
9 42 16 29 -1 36 0 0.00 M M 2.1 9 30 M M 0 10 30
10 48 19 34 4 31 0 0.00 M M 2.7 9 30 M M 0 13 30
11 47 22 35 5 30 0 0.00 M M 2.1 8 30 M M 0 10 20
12 50 30 40 10 25 0 0.00 M M 7.1 20 180 M M 4 27 180
13 52 28 40 10 25 0 0.00 M M 6.2 17 190 M M 5 22 190
14 51 23 37 7 28 0 0.00 M M 2.5 9 20 M M 0 13 20
15 59 24 42 12 23 0 0.00 M M 3.4 13 30 M M 1 15 190
16 53 26 40 10 25 0 0.00 M M 2.3 8 20 M M 0 12 40
17 54 25 40 10 25 0 0.00 M M 1.8 9 30 M M 0 13 30
18 49 27 38 8 27 0 0.00 M M 6.4 31 20 M M 1 44 30
19 34 23 29 -1 36 0 0.00 M M 6.9 26 20 M M 5 40 10
20 47 15 31 1 34 0 0.00 M M 2.3 8 30 M M 0 11 30
21 51 17 34 4 31 0 0.00 M M 5.7 17 190 M M 1 23 180
22 38 27 33 3 32 0 T M M 10.8 28 190 M M 6 8 35 180
23 34 20 27 -3 38 0 0.08 M M 4.0 15 20 M M 9 18 20 40
24 35 11 23 -7 42 0 0.02 M M 6.6 20 190 M M 5 18 26 190
25 27 8 18 -12 47 0 0.06 M M 3.7 13 190 M M 9 128 19 180
26 30 -3 14 -16 51 0 T M M 10.2 28 190 M M 5 18 38 180
27 32 28 30 0 35 0 0.38 M M 12.3 26 180 M M 10 12 37 180
28 32 27 30 0 35 0 0.78 M M 6.0 20 200 M M 10 12 27 210
29 33 15 24 -6 41 0 0.07 M M 4.3 17 190 M M 8 18 23 180
30 40 13 27 -3 38 0 0.00 M M 3.0 17 180 M M 6 128 23 190
31 47 18 33 3 32 0 0.00 M M 3.4 17 190 M M 5 27 190
================================================================================
SM 1347 628 1020 0 1.65 M 167.1 M 115
================================================================================
AV 43.5 20.3 5.4 FASTST M M 4 MAX(MPH)
MISC ----> 31 20 49 210
================================================================================
NOTES:
# LAST OF SEVERAL OCCURRENCES
COLUMN 17 PEAK WIND IN M.P.H.
PRELIMINARY LOCAL CLIMATOLOGICAL DATA (WS FORM: F-6) , PAGE 2
STATION: SOUTH LAKE TAHOE CA
MONTH: JANUARY
YEAR: 2021
LATITUDE: 38 53 N
LONGITUDE: 119 60 W
[TEMPERATURE DATA] [PRECIPITATION DATA] SYMBOLS USED IN COLUMN 16
AVERAGE MONTHLY: 31.9 TOTAL FOR MONTH: 1.65 1 = FOG OR MIST
DPTR FM NORMAL: 2.4 DPTR FM NORMAL: -1.02 2 = FOG REDUCING VISIBILITY
HIGHEST: 59 ON 15 GRTST 24HR 0.78 ON 28-28 TO 1/4 MILE OR LESS
LOWEST: -3 ON 26 3 = THUNDER
SNOW, ICE PELLETS, HAIL 4 = ICE PELLETS
TOTAL MONTH: M 5 = HAIL
GRTST 24HR M ON M 6 = FREEZING RAIN OR DRIZZLE
GRTST DEPTH: M ON M 7 = DUSTSTORM OR SANDSTORM:
VSBY 1/2 MILE OR LESS
8 = SMOKE OR HAZE
[NO. OF DAYS WITH] [WEATHER - DAYS WITH] 9 = BLOWING SNOW
X = TORNADO
MAX 32 OR BELOW: 4 0.01 INCH OR MORE: 7
MAX 90 OR ABOVE: 0 0.10 INCH OR MORE: 3
MIN 32 OR BELOW: 31 0.50 INCH OR MORE: 1
MIN 0 OR BELOW: 1 1.00 INCH OR MORE: 0
[HDD (BASE 65) ]
TOTAL THIS MO. 1020 CLEAR (SCALE 0-3) 15
DPTR FM NORMAL -79 PTCLDY (SCALE 4-7) 12
TOTAL FM JUL 1 3790 CLOUDY (SCALE 8-10) 4
DPTR FM NORMAL -485
[CDD (BASE 65) ]
TOTAL THIS MO. 0
DPTR FM NORMAL 0 [PRESSURE DATA]
TOTAL FM JAN 1 0 HIGHEST SLP M ON M
DPTR FM NORMAL 0 LOWEST SLP 29.50 ON 25
[REMARKS]
THE AVERAGE TEMPERATURE FOR JANUARY 2021 AT THE SOUTH LAKE TAHOE
AIRPORT WAS 31.9 DEGREES WHICH IS 2.4 DEGREES ABOVE NORMAL. THE
HIGHEST TEMPERATURE FOR JANUARY WAS 59 DEGREES WHICH OCCURRED ON THE
15TH. THE LOWEST TEMPERATURE FOR THE MONTH WAS 3 DEGREES BELOW ZERO
WHICH OCCURRED ON THE 26TH.
FOR JANUARY 2021, 1.65 INCHES OF PRECIPITATION WAS RECORDED AT THE
SOUTH LAKE TAHOE AIRPORT. THIS IS 1.02 INCHES BELOW NORMAL.
THE AVERAGE WIND SPEED FOR JANUARY 2021 WAS 5.4 MPH. THE PEAK WIND
GUST FOR THE MONTH WAS 49 MPH FROM THE SOUTH ON THE 4TH.
#FINAL-01-21#