000
CXUS54 KJAN 020354
CF6TVR
PRELIMINARY LOCAL CLIMATOLOGICAL DATA (WS FORM: F-6)
STATION: VICKSBURG
MONTH: JUNE
YEAR: 2022
LATITUDE: 32 20 N
LONGITUDE: 91 2 W
TEMPERATURE IN F: :PCPN: SNOW: WIND :SUNSHINE: SKY :PK WND
================================================================================
1 2 3 4 5 6A 6B 7 8 9 10 11 12 13 14 15 16 17 18
12Z AVG MX 2MIN
DY MAX MIN AVG DEP HDD CDD WTR SNW DPTH SPD SPD DIR MIN PSBL S-S WX SPD DR
================================================================================
1 93 70 82 4 0 17 0.00 0.0 0 2.3 9 160 M M 1 1 16 140
2 89 70 80 2 0 15 0.21 0.0 0 4.7 16 10 M M 3 13 26 280
3 86 70 78 0 0 13 0.13 0.0 0 6.9 16 360 M M 4 1 23 10
4 88 65 77 -2 0 12 0.00 0.0 0 3.6 12 10 M M 1 15 350
5 90 64 77 -2 0 12 0.00 0.0 0 1.8 10 40 M M 0 12 17 330
6 91 70 81 2 0 16 0.00 0.0 0 7.0 20 170 M M 1 27 180
7 92 73 83 4 0 18 0.00 0.0 0 3.3 17 180 M M 2 23 170
8 92 71 82 3 0 17 T 0.0 0 3.5 18 10 M M 1 3 28 360
9 89 69 79 -1 0 14 0.00 0.0 0 3.4 15 10 M M 2 20 10
10 78 66 72 -8 0 7 1.04 0.0 0 2.7 20 340 M M 3 13 36 330
11 88 65 77 -3 0 12 0.04 0.0 0 2.0 9 180 M M 5 12 13 180
12 92 74 83 3 0 18 0.00 0.0 0 4.5 14 180 M M 2 1 23 170
13 93 76 85 5 0 20 0.00 0.0 0 5.3 15 170 M M 2 20 180
14 93 77 85 5 0 20 0.00 0.0 0 3.8 13 180 M M 1 18 180
15 94 74 84 4 0 19 0.00 0.0 0 1.8 10 150 M M 0 14 160
16 97 74 86 5 0 21 0.00 0.0 0 2.8 17 100 M M 0 24 90
17 96 73 85 4 0 20 0.00 0.0 0 1.4 8 10 M M 0 12 50
18 97 74 86 5 0 21 0.00 0.0 0 2.7 9 20 M M 0 1 14 20
19 92 68 80 -1 0 15 0.00 0.0 0 5.8 13 30 M M 0 20 360
20 96 67 82 1 0 17 0.00 0.0 0 3.4 10 180 M M 0 14 340
21 97 73 85 4 0 20 0.00 0.0 0 2.6 9 120 M M 0 13 140
22 97 74 86 5 0 21 0.00 0.0 0 1.7 10 360 M M 0 1 16 360
23 97 73 85 3 0 20 0.00 0.0 0 2.1 12 360 M M 0 1 14 10
24 98 73 86 4 0 21 0.00 0.0 0 2.1 10 40 M M 0 1 14 20
25 98 71 85 3 0 20 0.00 0.0 0 2.1 10 20 M M 0 18 20
26 99 74 87 5 0 22 T 0.0 0 5.3 24 350 M M 1 13 44 340
27 86 73 80 -2 0 15 0.00 0.0 0 8.4 16 10 M M 3 23 10
28 91 69 80 -2 0 15 0.00 0.0 0 6.9 13 10 M M 1 18 360
29 95 72 84 2 0 19 0.21 0.0 0 4.4 23 140 M M 1 13 30 120
30 91 72 82 0 0 17 0.01 0.0 0 5.1 17 180 M M 3 13 26 170
================================================================================
SM 2775 2134 0 514 1.64 0.0 113.4 M 37
================================================================================
AV 92.5 71.1 3.8 FASTST M M 1 MAX(MPH)
MISC ----> 24 350 44 340
================================================================================
NOTES:
# LAST OF SEVERAL OCCURRENCES
COLUMN 17 PEAK WIND IN M.P.H.
PRELIMINARY LOCAL CLIMATOLOGICAL DATA (WS FORM: F-6) , PAGE 2
STATION: VICKSBURG
MONTH: JUNE
YEAR: 2022
LATITUDE: 32 20 N
LONGITUDE: 91 2 W
[TEMPERATURE DATA] [PRECIPITATION DATA] SYMBOLS USED IN COLUMN 16
AVERAGE MONTHLY: 81.8 TOTAL FOR MONTH: 1.64 1 = FOG OR MIST
DPTR FM NORMAL: 1.4 DPTR FM NORMAL: -2.10 2 = FOG REDUCING VISIBILITY
HIGHEST: 99 ON 26 GRTST 24HR 1.04 ON 10-10 TO 1/4 MILE OR LESS
LOWEST: 64 ON 5 3 = THUNDER
SNOW, ICE PELLETS, HAIL 4 = ICE PELLETS
TOTAL MONTH: 0.0 INCH 5 = HAIL
GRTST 24HR 0.0 6 = FREEZING RAIN OR DRIZZLE
GRTST DEPTH: 0 7 = DUSTSTORM OR SANDSTORM:
VSBY 1/2 MILE OR LESS
8 = SMOKE OR HAZE
[NO. OF DAYS WITH] [WEATHER - DAYS WITH] 9 = BLOWING SNOW
X = TORNADO
MAX 32 OR BELOW: 0 0.01 INCH OR MORE: 6
MAX 90 OR ABOVE: 23 0.10 INCH OR MORE: 4
MIN 32 OR BELOW: 0 0.50 INCH OR MORE: 1
MIN 0 OR BELOW: 0 1.00 INCH OR MORE: 1
[HDD (BASE 65) ]
TOTAL THIS MO. 0 CLEAR (SCALE 0-3) 28
DPTR FM NORMAL 0 PTCLDY (SCALE 4-7) 2
TOTAL FM JUL 1 1762 CLOUDY (SCALE 8-10) 0
DPTR FM NORMAL -340
[CDD (BASE 65) ]
TOTAL THIS MO. 514
DPTR FM NORMAL 52 [PRESSURE DATA]
TOTAL FM JAN 1 1129 HIGHEST SLP 30.21 ON 21
DPTR FM NORMAL 215 LOWEST SLP 29.76 ON 5
[REMARKS]
#FINAL-06-22#