000
CXUS54 KSHV 011400
CF6TYR
PRELIMINARY LOCAL CLIMATOLOGICAL DATA (WS FORM: F-6)
STATION: TYLER
MONTH: FEBRUARY
YEAR: 2022
LATITUDE: 32 22 N
LONGITUDE: 95 24 W
TEMPERATURE IN F: :PCPN: SNOW: WIND :SUNSHINE: SKY :PK WND
================================================================================
1 2 3 4 5 6A 6B 7 8 9 10 11 12 13 14 15 16 17 18
12Z AVG MX 2MIN
DY MAX MIN AVG DEP HDD CDD WTR SNW DPTH SPD SPD DIR MIN PSBL S-S WX SPD DR
================================================================================
1 67 49 58 9 7 0 0.03 0.0 0 3.7 12 150 M M 9 1 14 140
2 61 34 48 -1 17 0 1.04 0.0 0 9.2 21 360 M M 10 12 26 360
3 37 24 31 -18 34 0 0.79 T 0 13.8 22 10 M M 10 156 31 10
4 31 23 27 -23 38 0 T T T 9.8 17 320 M M 8 1 21 320
5 48 20 34 -16 31 0 0.00 0.0 0 3.3 10 200 M M 0 13 200
6 55 23 39 -11 26 0 0.00 0.0 0 4.2 12 210 M M 0 16 190
7 59 28 44 -6 21 0 0.00 0.0 0 7.4 23 330 M M 0 28 330
8 64 28 46 -4 19 0 0.00 0.0 0 7.0 16 190 M M 0 19 200
9 71 35 53 3 12 0 0.00 0.0 0 3.8 13 340 M M 0 15 330
10 72 34 53 3 12 0 0.00 0.0 0 3.3 10 200 M M 0 14 200
11 75 41 58 7 7 0 0.00 0.0 0 9.9 20 200 M M 0 25 200
12 58 31 45 -6 20 0 0.23 0.0 0 9.8 23 20 M M 5 1 32 20
13 61 24 43 -8 22 0 0.00 0.0 0 5.5 14 240 M M 0 19 250
14 70 33 52 1 13 0 0.00 0.0 0 9.4 16 200 M M 0 22 230
15 73 40 57 5 8 0 0.00 0.0 0 14.3 25 160 M M 3 33 160
16 74 60 67 15 0 2 T 0.0 0 16.5 30 180 M M 10 39 170
17 70 34 52 0 13 0 0.46 0.0 0 15.4 26 310 M M 10 1 34 190
18 54 30 42 -10 23 0 0.00 0.0 0 6.2 18 360 M M 2 22 350
19 66 30 48 -4 17 0 0.00 0.0 0 3.8 12 130 M M 0 18 15 130
20 68 40 54 1 11 0 0.00 0.0 0 10.8 18 180 M M 2 21 190
21 81 59 70 17 0 5 T 0.0 0 14.6 28 170 M M 6 1 36 160
22 78 41 60 7 5 0 T 0.0 0 15.4 28 210 M M 7 35 220
23 41 29 35 -18 30 0 0.17 T 0 10.2 16 360 M M 10 168 22 360
24 34 30 32 -22 33 0 T 0.0 0 9.2 18 350 M M 10 16 24 330
25 40 27 34 -20 31 0 T 0.0 0 9.1 18 10 M M 10 24 10
26 40 33 37 -17 28 0 0.36 0.0 0 6.8 12 50 M M 10 1 15 60
27 56 37 47 -7 18 0 T 0.0 0 7.4 18 330 M M 4 23 320
28 67 27 47 -8 18 0 0.00 0.0 0 1.6 9 200 M M 0 12 210
================================================================================
SM 1671 944 514 7 3.08 T 241.4 M 126
================================================================================
AV 59.7 33.7 8.6 FASTST M M 5 MAX(MPH)
MISC ----> 30 180 39 170
================================================================================
NOTES:
# LAST OF SEVERAL OCCURRENCES
COLUMN 17 PEAK WIND IN M.P.H.
PRELIMINARY LOCAL CLIMATOLOGICAL DATA (WS FORM: F-6) , PAGE 2
STATION: TYLER
MONTH: FEBRUARY
YEAR: 2022
LATITUDE: 32 22 N
LONGITUDE: 95 24 W
[TEMPERATURE DATA] [PRECIPITATION DATA] SYMBOLS USED IN COLUMN 16
AVERAGE MONTHLY: 46.7 TOTAL FOR MONTH: 3.08 1 = FOG OR MIST
DPTR FM NORMAL: -4.9 DPTR FM NORMAL: -0.60 2 = FOG REDUCING VISIBILITY
HIGHEST: 81 ON 21 GRTST 24HR 1.83 ON 2- 3 TO 1/4 MILE OR LESS
LOWEST: 20 ON 5 3 = THUNDER
SNOW, ICE PELLETS, HAIL 4 = ICE PELLETS
TOTAL MONTH: T 5 = HAIL
GRTST 24HR T ON 3- 3 6 = FREEZING RAIN OR DRIZZLE
GRTST DEPTH: T 7 = DUSTSTORM OR SANDSTORM:
VSBY 1/2 MILE OR LESS
8 = SMOKE OR HAZE
[NO. OF DAYS WITH] [WEATHER - DAYS WITH] 9 = BLOWING SNOW
X = TORNADO
MAX 32 OR BELOW: 1 0.01 INCH OR MORE: 7
MAX 90 OR ABOVE: 0 0.10 INCH OR MORE: 6
MIN 32 OR BELOW: 14 0.50 INCH OR MORE: 2
MIN 0 OR BELOW: 0 1.00 INCH OR MORE: 1
[HDD (BASE 65) ]
TOTAL THIS MO. 514 CLEAR (SCALE 0-3) 14
DPTR FM NORMAL 128 PTCLDY (SCALE 4-7) 4
TOTAL FM JUL 1 1476 CLOUDY (SCALE 8-10) 10
DPTR FM NORMAL -282
[CDD (BASE 65) ]
TOTAL THIS MO. 7
DPTR FM NORMAL -4 [PRESSURE DATA]
TOTAL FM JAN 1 7 HIGHEST SLP 30.64 ON 4
DPTR FM NORMAL -2 LOWEST SLP 29.71 ON 17
[REMARKS]
#FINAL-02-22#