000
CXUS54 KMRX 011301
CF6TYS
PRELIMINARY LOCAL CLIMATOLOGICAL DATA (WS FORM: F-6)
STATION: KNOXVILLE MCGHEE TYSON AIRPORT
MONTH: AUGUST
YEAR: 2020
LATITUDE: 35 49 N
LONGITUDE: 83 59 W
TEMPERATURE IN F: :PCPN: SNOW: WIND :SUNSHINE: SKY :PK WND
================================================================================
1 2 3 4 5 6A 6B 7 8 9 10 11 12 13 14 15 16 17 18
12Z AVG MX 2MIN
DY MAX MIN AVG DEP HDD CDD WTR SNW DPTH SPD SPD DIR MIN PSBL S-S WX SPD DR
================================================================================
1 91 71 81 3 0 16 T 0.0 0 10.3 26 230 M M 6 37 230
2 84 71 78 0 0 13 0.00 0.0 0 7.8 15 270 M M 7 19 240
3 82 68 75 -3 0 10 0.10 0.0 0 4.0 12 150 M M 7 13 14 150
4 86 68 77 -1 0 12 0.00 0.0 0 6.6 14 240 M M 7 19 250
5 88 67 78 0 0 13 1.17 0.0 0 4.9 18 350 M M 7 138 23 360
6 85 69 77 -1 0 12 0.22 0.0 0 4.6 17 290 M M 7 138 29 280
7 89 69 79 1 0 14 0.00 0.0 0 2.5 8 360 M M 6 18 14 340
8 91 68 80 2 0 15 0.00 0.0 0 2.7 12 270 M M 1 15 290
9 92 67 80 2 0 15 0.00 0.0 0 2.3 9 310 M M 2 14 290
10 83 69 76 -2 0 11 0.73 0.0 0 3.0 23 350 M M 8 13 35 340
11 90 72 81 3 0 16 0.22 0.0 0 6.2 13 300 M M 6 18 270
12 91 70 81 3 0 16 0.00 0.0 0 3.5 9 40 M M 5 13 170
13 91 71 81 3 0 16 0.00 0.0 0 4.0 22 150 M M 6 138 28 150
14 86 72 79 1 0 14 T 0.0 0 4.6 16 240 M M 7 22 230
15 82 70 76 -2 0 11 2.32 0.0 0 2.3 20 30 M M 8 138 24 30
16 89 69 79 1 0 14 1.54 0.0 0 1.9 21 320 M M 7 123 25 310
17 86 68 77 -1 0 12 0.00 0.0 0 2.8 12 10 M M 4 1 15 320
18 88 63 76 -2 0 11 0.00 0.0 0 3.5 18 10 M M 2 26 20
19 82 67 75 -3 0 10 0.00 0.0 0 6.7 12 70 M M 8 16 50
20 86 67 77 -1 0 12 0.01 0.0 0 4.2 16 140 M M 8 3 22 140
21 82 67 75 -3 0 10 0.21 0.0 0 3.9 15 130 M M 9 13 23 20
22 85 67 76 -2 0 11 T 0.0 0 2.8 17 210 M M 8 123 22 210
23 85 69 77 -1 0 12 0.22 0.0 0 3.2 12 270 M M 8 1 15 260
24 87 69 78 1 0 13 0.00 0.0 0 3.2 10 280 M M 7 12 14 230
25 87 72 80 3 0 15 0.04 0.0 0 4.3 20 210 M M 8 13 27 210
26 88 68 78 1 0 13 0.00 0.0 0 2.3 9 310 M M 7 128 12 340
27 88 72 80 3 0 15 0.00 0.0 0 3.2 15 240 M M 9 18 240
28 90 75 83 6 0 18 T 0.0 0 9.3 24 210 M M 9 31 210
29 86 72 79 3 0 14 0.38 0.0 0 12.6 29 200 M M 8 1 40 190
30 87 70 79 3 0 14 0.97 0.0 0 3.9 26 160 M M 7 13 39 160
31 85 70 78 2 0 13 0.20 0.0 0 5.8 13 210 M M 9 13 17 210
================================================================================
SM 2692 2147 0 411 8.33 0.0 142.9 M 208
================================================================================
AV 86.8 69.3 4.6 FASTST M M 7 MAX(MPH)
MISC ----> 29 200 40 190
================================================================================
NOTES:
# LAST OF SEVERAL OCCURRENCES
COLUMN 17 PEAK WIND IN M.P.H.
PRELIMINARY LOCAL CLIMATOLOGICAL DATA (WS FORM: F-6) , PAGE 2
STATION: KNOXVILLE MCGHEE TYSON AIRPORT
MONTH: AUGUST
YEAR: 2020
LATITUDE: 35 49 N
LONGITUDE: 83 59 W
[TEMPERATURE DATA] [PRECIPITATION DATA] SYMBOLS USED IN COLUMN 16
AVERAGE MONTHLY: 78.0 TOTAL FOR MONTH: 8.33 1 = FOG OR MIST
DPTR FM NORMAL: 0.2 DPTR FM NORMAL: 5.06 2 = FOG REDUCING VISIBILITY
HIGHEST: 92 ON 9 GRTST 24HR 2.32 ON 14-15 TO 1/4 MILE OR LESS
LOWEST: 63 ON 18 3 = THUNDER
SNOW, ICE PELLETS, HAIL 4 = ICE PELLETS
TOTAL MONTH: 0.0 INCH 5 = HAIL
GRTST 24HR 0.0 6 = FREEZING RAIN OR DRIZZLE
GRTST DEPTH: 0 7 = DUSTSTORM OR SANDSTORM:
VSBY 1/2 MILE OR LESS
8 = SMOKE OR HAZE
[NO. OF DAYS WITH] [WEATHER - DAYS WITH] 9 = BLOWING SNOW
X = TORNADO
MAX 32 OR BELOW: 0 0.01 INCH OR MORE: 14
MAX 90 OR ABOVE: 7 0.10 INCH OR MORE: 12
MIN 32 OR BELOW: 0 0.50 INCH OR MORE: 5
MIN 0 OR BELOW: 0 1.00 INCH OR MORE: 3
[HDD (BASE 65) ]
TOTAL THIS MO. 0 CLEAR (SCALE 0-3) 3
DPTR FM NORMAL 0 PTCLDY (SCALE 4-7) 22
TOTAL FM JUL 1 0 CLOUDY (SCALE 8-10) 6
DPTR FM NORMAL 0
[CDD (BASE 65) ]
TOTAL THIS MO. 411
DPTR FM NORMAL 14 [PRESSURE DATA]
TOTAL FM JAN 1 1386 HIGHEST SLP 30.16 ON 24
DPTR FM NORMAL 105 LOWEST SLP 29.71 ON 29
[REMARKS]
#FINAL-08-20#