000
CXUS55 KSEW 011030
CF6UIL
PRELIMINARY LOCAL CLIMATOLOGICAL DATA (WS FORM: F-6)
STATION: QUILLAYUTE WA AIRPORT
MONTH: NOVEMBER
YEAR: 2021
LATITUDE: 47 57 N
LONGITUDE: 124 33 W
TEMPERATURE IN F: :PCPN: SNOW: WIND :SUNSHINE: SKY :PK WND
================================================================================
1 2 3 4 5 6A 6B 7 8 9 10 11 12 13 14 15 16 17 18
12Z AVG MX 2MIN
DY MAX MIN AVG DEP HDD CDD WTR SNW DPTH SPD SPD DIR MIN PSBL S-S WX SPD DR
================================================================================
1 52 39 46 -1 19 0 0.58 M M 4.4 14 170 M M 7 1 24 140
2 54 45 50 3 15 0 1.08 M M 10.3 24 150 M M 8 1 46 150
3 58 52 55 8 10 0 1.26 M M 8.8 21 150 M M 10 1 38 150
4 58 47 53 6 12 0 0.99 M M 11.0 24 240 M M 10 1 42 150
5 52 41 47 1 18 0 1.54 M M 7.1 23 260 M M 8 13 35 260
6 48 39 44 -2 21 0 0.54 M M 5.3 21 210 M M 8 1 39 210
7 48 39 44 -2 21 0 0.61 M M 6.4 21 230 M M 9 13 33 240
8 53 41 47 1 18 0 0.42 M M 7.2 24 150 M M 6 1 49 150
9 50 43 47 1 18 0 0.51 M M 13.7 33 270 M M 9 138 57 250
10 51 39 45 -1 20 0 0.18 M M 5.0 14 40 M M 7 1 18 360
11 55 46 51 6 14 0 1.87 M M 6.5 14 190 M M 10 13 28 180
12 55 40 48 3 17 0 0.38 M M 3.9 10 250 M M 10 12 19 130
13 55 40 48 3 17 0 0.91 M M 5.8 17 210 M M 9 12 34 140
14 55 54 55 10 10 0 4.01 M M 12.7 21 210 M M 10 1 35 210
15 55 37 46 1 19 0 4.05 M M 13.8 30 280 M M 8 18 48 210
16 50 34 42 -2 23 0 0.16 M M 4.0 15 260 M M 4 1 23 300
17 46 29 38 -6 27 0 0.00 M M 4.7 14 60 M M 0 19 70
18 43 39 41 -3 24 0 0.86 M M 8.2 18 50 M M 10 1 27 40
19 49 34 42 -2 23 0 0.01 M M 3.6 14 360 M M 5 1 19 350
20 49 37 43 -1 22 0 0.04 M M 1.8 6 90 M M 7 12 9 120
21 50 32 41 -3 24 0 0.00 M M 3.2 8 80 M M 0 1 12 80
22 50 30 40 -4 25 0 0.59 M M 5.7 14 150 M M 9 1 25 160
23 50 36 43 0 22 0 0.23 M M 4.3 14 290 M M 6 1 23 290
24 47 34 41 -2 24 0 0.41 M M 6.3 14 140 M M 8 1 22 140
25 51 42 47 4 18 0 3.16 M M 9.5 21 140 M M 10 1 40 140
26 52 42 47 4 18 0 0.27 M M 3.4 12 310 M M 7 1 18 290
27 54 44 49 6 16 0 M M M 9.7 17 190 M M 10 1 35 180
28 54 51 53 10 12 0 M M M 5.3 18 190 M M 10 1 31 200
29 53 50 52 10 13 0 0.05 M M 4.9 13 210 M M 10 1 20 230
30 53 47 50 8 15 0 2.85 M M 9.1 15 190 M M 10 1 26 140
================================================================================
SM 1550 1223 555 0 27.56 M 205.6 M 235
================================================================================
AV 51.7 40.8 6.9 FASTST M M 8 MAX(MPH)
MISC ----> 33 270 57 250
================================================================================
NOTES:
# LAST OF SEVERAL OCCURRENCES
COLUMN 17 PEAK WIND IN M.P.H.
PRELIMINARY LOCAL CLIMATOLOGICAL DATA (WS FORM: F-6) , PAGE 2
STATION: QUILLAYUTE WA AIRPORT
MONTH: NOVEMBER
YEAR: 2021
LATITUDE: 47 57 N
LONGITUDE: 124 33 W
[TEMPERATURE DATA] [PRECIPITATION DATA] SYMBOLS USED IN COLUMN 16
AVERAGE MONTHLY: 46.2 TOTAL FOR MONTH: 27.56 1 = FOG OR MIST
DPTR FM NORMAL: 1.5 DPTR FM NORMAL: 12.30 2 = FOG REDUCING VISIBILITY
HIGHEST: 58 ON 4, 3 GRTST 24HR 4.05 ON 15-15 TO 1/4 MILE OR LESS
LOWEST: 29 ON 17 3 = THUNDER
SNOW, ICE PELLETS, HAIL 4 = ICE PELLETS
TOTAL MONTH: M 5 = HAIL
GRTST 24HR M ON M 6 = FREEZING RAIN OR DRIZZLE
GRTST DEPTH: M ON M 7 = DUSTSTORM OR SANDSTORM:
VSBY 1/2 MILE OR LESS
8 = SMOKE OR HAZE
[NO. OF DAYS WITH] [WEATHER - DAYS WITH] 9 = BLOWING SNOW
X = TORNADO
MAX 32 OR BELOW: 0 0.01 INCH OR MORE: 26
MAX 90 OR ABOVE: 0 0.10 INCH OR MORE: 23
MIN 32 OR BELOW: 3 0.50 INCH OR MORE: 16
MIN 0 OR BELOW: 0 1.00 INCH OR MORE: 8
[HDD (BASE 65) ]
TOTAL THIS MO. 555 CLEAR (SCALE 0-3) 2
DPTR FM NORMAL -55 PTCLDY (SCALE 4-7) 12
TOTAL FM JUL 1 1544 CLOUDY (SCALE 8-10) 16
DPTR FM NORMAL -101
[CDD (BASE 65) ]
TOTAL THIS MO. 0
DPTR FM NORMAL 0 [PRESSURE DATA]
TOTAL FM JAN 1 62 HIGHEST SLP 30.53 ON 20
DPTR FM NORMAL 40 LOWEST SLP 29.24 ON 9
[REMARKS]
#FINAL-11-21#