000
CXUS56 KSEW 011035
CLMUIL
CLIMATE REPORT
NATIONAL WEATHER SERVICE SEATTLE
335 AM PDT MON MAY 01 2023
...................................
...THE QUILLAYUTE WA AIRPORT CLIMATE SUMMARY FOR THE MONTH OF APRIL 2023...
CLIMATE NORMAL PERIOD 1991 TO 2020
CLIMATE RECORD PERIOD 1966 TO 2023
WEATHER OBSERVED NORMAL DEPART LAST YEAR`S
VALUE DATE(S) VALUE FROM VALUE DATE(S)
NORMAL
................................................................
TEMPERATURE (F)
RECORD
HIGH 84 04/30/2014
LOW 23 04/01/1999
HIGHEST 84R 04/28 MM MM 68 04/07
LOWEST 27 04/03 MM MM 26 04/13
AVG. MAXIMUM 53.8 54.8 -1.0 52.5
AVG. MINIMUM 38.9 38.9 -0.0 35.3
MEAN 46.3 46.9 -0.6 43.9
DAYS MAX >= 90 0 0.0 0.0 0
DAYS MAX <= 32 0 0.0 0.0 0
DAYS MIN <= 32 3 4.0 -1.0 7
DAYS MIN <= 0 0 0.0 0.0 0
PRECIPITATION (INCHES)
RECORD
MAXIMUM 14.43 2017
MINIMUM 1.78 2004
TOTALS 12.00 8.11 3.89 10.52
DAILY AVG. 0.40 0.27 0.13 0.35
DAYS >= .01 23 19.2 3.8 25
DAYS >= .10 19 13.4 5.6 21
DAYS >= .50 9 5.9 3.1 5
DAYS >= 1.00 3 2.1 0.9 2
GREATEST
24 HR. TOTAL 2.55 04/08 TO 04/09
DEGREE DAYS
HEATING TOTAL 553 545 8 625
SINCE 7/1 4668 4949 -281 MM
COOLING TOTAL 0 0 0 0
SINCE 1/1 0 0 0 MM
................................................................
WIND (MPH)
AVERAGE WIND SPEED 6.4
HIGHEST WIND SPEED/DIRECTION 24/170 DATE 04/09
24/140 04/20
HIGHEST GUST SPEED/DIRECTION 47/160 DATE 04/09
SKY COVER
POSSIBLE SUNSHINE (PERCENT) MM
AVERAGE SKY COVER 0.76
NUMBER OF DAYS FAIR 1
NUMBER OF DAYS PC 11
NUMBER OF DAYS CLOUDY 18
AVERAGE RH (PERCENT) 81
WEATHER CONDITIONS. NUMBER OF DAYS WITH
THUNDERSTORM 1 MIXED PRECIP 0
HEAVY RAIN 8 RAIN 14
LIGHT RAIN 24 FREEZING RAIN 0
LT FREEZING RAIN 0 HAIL 0
HEAVY SNOW 0 SNOW 0
LIGHT SNOW 1 SLEET 0
FOG 26 FOG W/VIS <= 1/4 MILE 5
HAZE 4
- INDICATES NEGATIVE NUMBERS.
R INDICATES RECORD WAS SET OR TIED.
MM INDICATES DATA IS MISSING.
T INDICATES TRACE AMOUNT.
$$