000
CXUS54 KHGX 021208
CF6UTS
PRELIMINARY LOCAL CLIMATOLOGICAL DATA (WS FORM: F-6)
STATION: HUNTSVILLE
MONTH: APRIL
YEAR: 2023
LATITUDE: 30 45 N
LONGITUDE: 95 35 W
TEMPERATURE IN F: :PCPN: SNOW: WIND :SUNSHINE: SKY :PK WND
================================================================================
1 2 3 4 5 6A 6B 7 8 9 10 11 12 13 14 15 16 17 18
12Z AVG MX 2MIN
DY MAX MIN AVG DEP HDD CDD WTR SNW DPTH SPD SPD DIR MIN PSBL S-S WX SPD DR
================================================================================
1 84 58 71 6 0 6 0.00 0.0 0 2.4 10 350 M M 1 1 18 10
2 82 61 72 6 0 7 0.00 0.0 0 6.0 16 180 M M 4 26 180
3 89 73 81 15 0 16 0.00 0.0 0 10.0 16 190 M M 5 8 24 210
4 89 74 82 16 0 17 0.00 0.0 0 11.2 24 190 M M 8 8 40 190
5 78 57 68 2 0 3 0.24 0.0 0 8.2 18 180 M M 8 13 31 170
6 57 54 56 -10 9 0 3.20 0.0 0 5.9 13 80 M M 10 13 27 80
7 55 52 54 -12 11 0 1.05 0.0 0 4.5 12 290 M M 10 1 20 350
8 70 54 62 -5 3 0 0.00 0.0 0 3.0 9 340 M M 10 1 14 10
9 71 63 67 0 0 2 0.00 0.0 0 1.2 7 360 M M 10 12 60
10 68 58 63 -4 2 0 0.00 0.0 0 1.1 7 60 M M 9 12 40
11 78 54 66 -1 0 1 0.00 0.0 0 2.0 10 50 M M 3 1 19 50
12 78 53 66 -1 0 1 0.10 0.0 0 1.2 12 50 M M 2 3 19 70
13 79 52 66 -2 0 1 0.00 0.0 0 1.3 9 240 M M 0 12 240
14 80 62 71 3 0 6 0.00 0.0 0 6.3 16 190 M M 4 8 23 190
15 89 67 78 10 0 13 0.01 0.0 0 7.9 17 320 M M 4 3 27 320
16 74 51 63 -5 2 0 0.00 0.0 0 5.5 15 340 M M 0 25 350
17 80 47 64 -4 1 0 0.00 0.0 0 3.2 10 170 M M 0 17 190
18 78 61 70 2 0 5 T 0.0 0 4.3 10 160 M M 5 38 24 140
19 86 67 77 8 0 12 0.00 0.0 0 8.4 20 190 M M 4 8 29 200
20 81 67 74 5 0 9 T 0.0 0 5.6 17 230 M M 9 138 29 240
21 75 61 68 -1 0 3 0.89 0.0 0 3.7 14 180 M M 6 1 23 180
22 80 57 69 0 0 4 0.00 0.0 0 4.0 9 160 M M 2 18 19 110
23 69 56 63 -7 2 0 T 0.0 0 5.8 12 70 M M 8 23 50
24 71 53 62 -8 3 0 0.00 0.0 0 3.3 10 60 M M 9 18 60
25 74 59 67 -3 0 2 0.01 0.0 0 3.9 8 90 M M 7 8 14 120
26 82 62 72 2 0 7 1.79 0.0 0 4.5 24 320 M M 8 138 40 310
27 76 57 67 -4 0 2 0.61 0.0 0 4.9 15 300 M M 6 13 23 300
28 84 54 69 -2 0 4 0.66 0.0 0 4.6 22 330 M M 2 13 37 310
29 70 54 62 -9 3 0 0.01 0.0 0 8.8 20 330 M M 7 1 33 320
30 86 51 69 -2 0 4 0.00 0.0 0 6.7 13 220 M M 0 21 240
================================================================================
SM 2313 1749 36 125 8.57 0.0 149.4 M 161
================================================================================
AV 77.1 58.3 5.0 FASTST M M 5 MAX(MPH)
MISC ----> # 24 190 # 40 190
================================================================================
NOTES:
# LAST OF SEVERAL OCCURRENCES
COLUMN 17 PEAK WIND IN M.P.H.
PRELIMINARY LOCAL CLIMATOLOGICAL DATA (WS FORM: F-6) , PAGE 2
STATION: HUNTSVILLE
MONTH: APRIL
YEAR: 2023
LATITUDE: 30 45 N
LONGITUDE: 95 35 W
[TEMPERATURE DATA] [PRECIPITATION DATA] SYMBOLS USED IN COLUMN 16
AVERAGE MONTHLY: 67.7 TOTAL FOR MONTH: 8.57 1 = FOG OR MIST
DPTR FM NORMAL: -0.5 DPTR FM NORMAL: 5.34 2 = FOG REDUCING VISIBILITY
HIGHEST: 89 ON 15, 4 GRTST 24HR 3.21 ON 5- 6 TO 1/4 MILE OR LESS
LOWEST: 47 ON 17 3 = THUNDER
SNOW, ICE PELLETS, HAIL 4 = ICE PELLETS
TOTAL MONTH: 0.0 INCH 5 = HAIL
GRTST 24HR 0.0 6 = FREEZING RAIN OR DRIZZLE
GRTST DEPTH: 0 7 = DUSTSTORM OR SANDSTORM:
VSBY 1/2 MILE OR LESS
8 = SMOKE OR HAZE
[NO. OF DAYS WITH] [WEATHER - DAYS WITH] 9 = BLOWING SNOW
X = TORNADO
MAX 32 OR BELOW: 0 0.01 INCH OR MORE: 11
MAX 90 OR ABOVE: 0 0.10 INCH OR MORE: 8
MIN 32 OR BELOW: 0 0.50 INCH OR MORE: 6
MIN 0 OR BELOW: 0 1.00 INCH OR MORE: 3
[HDD (BASE 65) ]
TOTAL THIS MO. 36 CLEAR (SCALE 0-3) 9
DPTR FM NORMAL -16 PTCLDY (SCALE 4-7) 13
TOTAL FM JUL 1 1274 CLOUDY (SCALE 8-10) 8
DPTR FM NORMAL -359
[CDD (BASE 65) ]
TOTAL THIS MO. 125
DPTR FM NORMAL -21 [PRESSURE DATA]
TOTAL FM JAN 1 376 HIGHEST SLP 30.27 ON 16
DPTR FM NORMAL 132 LOWEST SLP 29.60 ON 4
[REMARKS]
#FINAL-04-23#