843
CXUS53 KSGF 010800
CF6VIH
PRELIMINARY LOCAL CLIMATOLOGICAL DATA (WS FORM: F-6)
STATION: VICHY-ROLLA MO
MONTH: MARCH
YEAR: 2020
LATITUDE: 38 7 N
LONGITUDE: 91 46 W
TEMPERATURE IN F: :PCPN: SNOW: WIND :SUNSHINE: SKY :PK WND
================================================================================
1 2 3 4 5 6A 6B 7 8 9 10 11 12 13 14 15 16 17 18
12Z AVG MX 2MIN
DY MAX MIN AVG DEP HDD CDD WTR SNW DPTH SPD SPD DIR MIN PSBL S-S WX SPD DR
================================================================================
1 68 44 56 16 9 0 0.00 M M 13.7 26 220 M M 5 38 220
2 56 44 50 10 15 0 0.43 M M 5.3 14 360 M M 10 13 18 350
3 60 36 48 7 17 0 0.00 M M 9.3 20 310 M M 1 27 280
4 56 38 47 6 18 0 0.00 M M 7.1 16 340 M M 0 22 310
5 59 37 48 6 17 0 0.00 M M 15.5 29 290 M M 0 41 290
6 53 32 43 1 22 0 0.00 M M 8.9 23 310 M M 0 31 310
7 63 30 47 5 18 0 0.00 M M 12.5 20 180 M M 0 26 190
8 71 42 57 14 8 0 0.00 M M 16.7 25 190 M M 0 35 180
9 58 45 52 9 13 0 0.65 M M 15.3 26 180 M M 9 1 38 180
10 45 36 41 -2 24 0 0.00 M M 9.0 20 290 M M 7 1 28 310
11 66 39 53 9 12 0 0.02 M M 6.2 25 200 M M 1 37 180
12 70 45 58 14 7 0 0.02 M M 11.1 26 330 M M 6 13 40 320
13 48 37 43 -1 22 0 0.02 M M 8.0 16 10 M M 3 22 10
14 41 36 39 -6 26 0 0.72 M M 11.5 22 90 M M 9 1 29 90
15 38 33 36 -9 29 0 T M M 9.1 15 50 M M 10 21 40
16 43 35 39 -6 26 0 0.18 M M 4.3 13 130 M M 10 12 17 130
17 53 41 47 1 18 0 0.00 M M 6.2 12 90 M M 8 12 17 130
18 64 45 55 9 10 0 0.20 M M 9.1 20 140 M M 8 1 27 140
19 65 59 62 16 3 0 1.23 M M 11.8 22 190 M M 7 13 33 200
20 63 32 48 1 17 0 0.01 M M 12.4 23 330 M M 8 1 31 350
21 49 27 38 -9 27 0 0.00 M M 6.0 18 90 M M 3 8 24 100
22 42 33 38 -9 27 0 0.44 M M 7.8 21 110 M M 10 1 28 100
23 50 42 46 -2 19 0 0.00 M M 5.1 13 90 M M 7 1 18 90
24 45 39 42 -6 23 0 0.90 M M 8.9 17 110 M M 9 1 22 90
25 63 41 52 4 13 0 0.00 M M 10.8 20 170 M M 6 1 25 170
26 83 50 67 18 0 2 0.00 M M 12.4 20 200 M M 0 27 160
27 80 54 67 18 0 2 0.04 M M 11.8 20 100 M M 5 13 27 160
28 74 55 65 16 0 0 0.15 M M 13.9 35 190 M M 4 13 45 190
29 67 46 57 7 8 0 0.00 M M 17.8 31 260 M M 2 49 250
30 68 40 54 4 11 0 0.00 M M 2.9 8 70 M M 1 12 360
31 65 44 55 5 10 0 0.00 M M 6.9 20 330 M M 3 25 330
================================================================================
SM 1826 1257 469 4 5.01 M 307.3 M 152
================================================================================
AV 58.9 40.6 9.9 FASTST M M 5 MAX(MPH)
MISC ----> # 35 190 # 49 250
================================================================================
NOTES:
# LAST OF SEVERAL OCCURRENCES
COLUMN 17 PEAK WIND IN M.P.H.
PRELIMINARY LOCAL CLIMATOLOGICAL DATA (WS FORM: F-6) , PAGE 2
STATION: VICHY-ROLLA MO
MONTH: MARCH
YEAR: 2020
LATITUDE: 38 7 N
LONGITUDE: 91 46 W
[TEMPERATURE DATA] [PRECIPITATION DATA] SYMBOLS USED IN COLUMN 16
AVERAGE MONTHLY: 49.7 TOTAL FOR MONTH: 5.01 1 = FOG OR MIST
DPTR FM NORMAL: 4.4 DPTR FM NORMAL: 1.56 2 = FOG REDUCING VISIBILITY
HIGHEST: 83 ON 26 GRTST 24HR 1.23 ON 19-19 TO 1/4 MILE OR LESS
LOWEST: 27 ON 21 3 = THUNDER
SNOW, ICE PELLETS, HAIL 4 = ICE PELLETS
TOTAL MONTH: M 5 = HAIL
GRTST 24HR M ON M 6 = FREEZING RAIN OR DRIZZLE
GRTST DEPTH: M ON M 7 = DUSTSTORM OR SANDSTORM:
VSBY 1/2 MILE OR LESS
8 = SMOKE OR HAZE
[NO. OF DAYS WITH] [WEATHER - DAYS WITH] 9 = BLOWING SNOW
X = TORNADO
MAX 32 OR BELOW: 0 0.01 INCH OR MORE: 14
MAX 90 OR ABOVE: 0 0.10 INCH OR MORE: 9
MIN 32 OR BELOW: 4 0.50 INCH OR MORE: 4
MIN 0 OR BELOW: 0 1.00 INCH OR MORE: 1
[HDD (BASE 65) ]
TOTAL THIS MO. 469 CLEAR (SCALE 0-3) 12
DPTR FM NORMAL -145 PTCLDY (SCALE 4-7) 11
TOTAL FM JUL 1 3994 CLOUDY (SCALE 8-10) 8
DPTR FM NORMAL -410
[CDD (BASE 65) ]
TOTAL THIS MO. 4
DPTR FM NORMAL 0 [PRESSURE DATA]
TOTAL FM JAN 1 4 HIGHEST SLP M ON M
DPTR FM NORMAL 0 LOWEST SLP 29.55 ON 28
[REMARKS]
#FINAL-03-20#