000
CXUS56 KLOX 011255
CF6VNY
PRELIMINARY LOCAL CLIMATOLOGICAL DATA (WS FORM: F-6)
STATION: VAN NUYS AIRPORT CA
MONTH: DECEMBER
YEAR: 2022
LATITUDE: 34 13 N
LONGITUDE: 118 29 W
TEMPERATURE IN F: :PCPN: SNOW: WIND :SUNSHINE: SKY :PK WND
================================================================================
1 2 3 4 5 6A 6B 7 8 9 10 11 12 13 14 15 16 17 18
12Z AVG MX 2MIN
DY MAX MIN AVG DEP HDD CDD WTR SNW DPTH SPD SPD DIR MIN PSBL S-S WX SPD DR
================================================================================
1 58 52 55 -3 10 0 0.06 M M 6.1 12 170 M M 9 18 16 150
2 58 52 55 -2 10 0 0.34 M M 4.4 10 120 M M 10 18 14 130
3 72 51 62 5 3 0 0.00 M M 1.9 12 160 M M 1 1 13 160
4 62 54 58 1 7 0 0.02 M M 2.2 8 120 M M 9 18 11 110
5 64 50 57 0 8 0 0.00 M M 2.0 10 150 M M 6 12 13 190
6 61 48 55 -1 10 0 0.00 M M 3.0 9 180 M M 6 12 130
7 62 43 53 -3 12 0 0.00 M M 1.8 12 170 M M 2 16 160
8 64 39 52 -4 13 0 0.00 M M 2.1 13 150 M M 0 15 160
9 66 40 53 -3 12 0 0.00 M M 1.9 13 160 M M 0 15 160
10 62 42 52 -4 13 0 0.05 M M 5.7 18 140 M M 7 18 24 130
11 59 45 52 -4 13 0 0.88 M M 8.6 25 150 M M 6 1 36 150
12 56 44 50 -6 15 0 0.13 M M 3.2 13 340 M M 5 1 17 340
13 61 40 51 -5 14 0 0.00 M M 2.5 14 170 M M 0 15 170
14 63 37 50 -6 15 0 0.00 M M 1.4 9 170 M M 0 11 160
15 62 41 52 -4 13 0 0.00 M M 2.1 8 40 M M 0 12 60
16 66 47 57 1 8 0 0.00 M M 9.5 17 350 M M 0 23 360
17 65 42 54 -2 11 0 0.00 M M 7.5 17 340 M M 0 25 340
18 66 37 52 -4 13 0 0.00 M M 1.9 13 160 M M 0 8 15 140
19 67 36 52 -4 13 0 0.00 M M 1.0 8 300 M M 0 11 290
20 73 40 57 1 8 0 0.00 M M 3.1 22 350 M M 0 26 350
21 76 45 61 5 4 0 0.00 M M 7.7 20 350 M M 0 24 340
22 71 47 59 3 6 0 0.00 M M 1.2 7 350 M M 0 9 130
23 73 45 59 3 6 0 0.00 M M 2.0 8 170 M M 0 11 120
24 80 48 64 8 1 0 0.00 M M 10.2 23 340 M M 0 28 360
25 85 52 69 13 0 4 0.00 M M 4.8 15 340 M M 0 18 350
26 81 52 67 11 0 2 0.00 M M 0.9 6 290 M M 0 11 300
27 64 53 59 3 6 0 0.44 M M 2.6 10 150 M M 6 1 12 140
28 64 48 56 0 9 0 0.01 M M 2.5 12 360 M M 6 12 15 360
29 58 53 56 0 9 0 0.00 M M 2.6 10 170 M M 10 18 15 170
30 60 54 57 1 8 0 0.01 M M 3.0 8 170 M M 10 18 11 170
31 61 56 59 2 6 0 0.94 M M 11.3 29 170 M M 10 1 35 170
================================================================================
SM 2040 1433 276 6 2.88 M 120.7 M 103
================================================================================
AV 65.8 46.2 3.9 FASTST M M 3 MAX(MPH)
MISC ----> 29 170 36 150
================================================================================
NOTES:
# LAST OF SEVERAL OCCURRENCES
COLUMN 17 PEAK WIND IN M.P.H.
PRELIMINARY LOCAL CLIMATOLOGICAL DATA (WS FORM: F-6) , PAGE 2
STATION: VAN NUYS AIRPORT CA
MONTH: DECEMBER
YEAR: 2022
LATITUDE: 34 13 N
LONGITUDE: 118 29 W
[TEMPERATURE DATA] [PRECIPITATION DATA] SYMBOLS USED IN COLUMN 16
AVERAGE MONTHLY: 56.0 TOTAL FOR MONTH: 2.88 1 = FOG OR MIST
DPTR FM NORMAL: -0.1 DPTR FM NORMAL: 0.93 2 = FOG REDUCING VISIBILITY
HIGHEST: 85 ON 25 GRTST 24HR 0.94 ON 31-31 TO 1/4 MILE OR LESS
LOWEST: 36 ON 19 3 = THUNDER
SNOW, ICE PELLETS, HAIL 4 = ICE PELLETS
TOTAL MONTH: M 5 = HAIL
GRTST 24HR M ON M 6 = FREEZING RAIN OR DRIZZLE
GRTST DEPTH: M ON M 7 = DUSTSTORM OR SANDSTORM:
VSBY 1/2 MILE OR LESS
8 = SMOKE OR HAZE
[NO. OF DAYS WITH] [WEATHER - DAYS WITH] 9 = BLOWING SNOW
X = TORNADO
MAX 32 OR BELOW: 0 0.01 INCH OR MORE: 10
MAX 90 OR ABOVE: 0 0.10 INCH OR MORE: 5
MIN 32 OR BELOW: 0 0.50 INCH OR MORE: 2
MIN 0 OR BELOW: 0 1.00 INCH OR MORE: 0
[HDD (BASE 65) ]
TOTAL THIS MO. 276 CLEAR (SCALE 0-3) 18
DPTR FM NORMAL -4 PTCLDY (SCALE 4-7) 7
TOTAL FM JUL 1 416 CLOUDY (SCALE 8-10) 6
DPTR FM NORMAL -21
[CDD (BASE 65) ]
TOTAL THIS MO. 6
DPTR FM NORMAL 1 [PRESSURE DATA]
TOTAL FM JAN 1 2616 HIGHEST SLP M ON M
DPTR FM NORMAL 779 LOWEST SLP 29.66 ON 31
[REMARKS]
#FINAL-12-22#