000
CXUS56 KPQR 011155
CF6VUO
PRELIMINARY LOCAL CLIMATOLOGICAL DATA (WS FORM: F-6)
STATION: VANCOUVER WA
MONTH: JULY
YEAR: 2022
LATITUDE: 45 37 N
LONGITUDE: 122 39 W
TEMPERATURE IN F: :PCPN: SNOW: WIND :SUNSHINE: SKY :PK WND
================================================================================
1 2 3 4 5 6A 6B 7 8 9 10 11 12 13 14 15 16 17 18
12Z AVG MX 2MIN
DY MAX MIN AVG DEP HDD CDD WTR SNW DPTH SPD SPD DIR MIN PSBL S-S WX SPD DR
================================================================================
1 78 58 68 2 0 3 0.00 M M 6.0 13 320 M M 3 18 340
2 71 58 65 -2 0 0 0.00 M M 7.5 12 310 M M 8 17 290
3 72 59 66 -1 0 1 0.00 M M 5.6 12 330 M M 7 8 16 310
4 77 55 66 -1 0 1 0.00 M M 4.2 12 270 M M 2 16 280
5 76 58 67 0 0 2 0.02 M M 2.2 9 300 M M 7 8 12 260
6 74 63 69 1 0 4 0.21 M M 4.7 12 330 M M 8 1 15 320
7 79 59 69 1 0 4 0.01 M M 3.6 14 310 M M 4 1 20 330
8 81 60 71 3 0 6 0.00 M M 4.8 12 310 M M 4 16 310
9 80 59 70 2 0 5 0.00 M M 5.4 12 350 M M 2 17 290
10 80 56 68 0 0 3 0.00 M M 4.3 15 300 M M 1 21 280
11 95 62 79 11 0 14 0.00 M M 6.5 13 320 M M 0 20 310
12 91 61 76 7 0 11 0.00 M M 7.4 15 310 M M 0 22 320
13 80 58 69 0 0 4 0.00 M M 6.6 13 300 M M 0 18 300
14 84 57 71 2 0 6 0.00 M M 6.1 10 50 M M 0 21 140
15 84 51 68 -1 0 3 0.00 M M 5.7 12 160 M M 0 16 310
16 76 63 70 1 0 5 0.00 M M 6.6 13 310 M M 8 17 330
17 73 60 67 -3 0 2 0.00 M M 7.6 15 290 M M 7 20 280
18 79 53 66 -4 0 1 0.00 M M 6.8 15 300 M M 3 21 310
19 90 60 75 5 0 10 0.00 M M 5.9 12 300 M M 0 17 10
20 91 60 76 6 0 11 0.00 M M 5.2 10 310 M M 0 16 290
21 85 59 72 2 0 7 0.00 M M 6.0 13 320 M M 1 18 310
22 78 61 70 0 0 5 0.00 M M 5.5 13 330 M M 6 26 210
23 78 59 69 -1 0 4 0.00 M M 6.7 13 310 M M 6 17 310
24 91 58 75 5 0 10 0.00 M M 6.6 15 310 M M 0 21 310
25 98 61 80 10 0 15 0.00 M M 5.4 12 320 M M 0 20 180
26 101 62 82 12 0 17 0.00 M M 5.4 12 160 M M 0 17 60
27 95 65 80 10 0 15 0.00 M M 4.9 10 310 M M 0 17 30
28 96 66 81 11 0 16 0.00 M M 5.2 12 310 M M 0 17 300
29 98 67 83 13 0 18 0.00 M M 5.8 13 310 M M 0 18 290
30 101 67 84 14 0 19 0.00 M M 6.4 16 310 M M 0 23 320
31 97 65 81 11 0 16 0.00 M M 4.9 12 70 M M 0 17 140
================================================================================
SM 2629 1860 0 238 0.24 M 175.5 M 77
================================================================================
AV 84.8 60.0 5.7 FASTST M M 2 MAX(MPH)
MISC ----> 16 310 26 210
================================================================================
NOTES:
# LAST OF SEVERAL OCCURRENCES
COLUMN 17 PEAK WIND IN M.P.H.
PRELIMINARY LOCAL CLIMATOLOGICAL DATA (WS FORM: F-6) , PAGE 2
STATION: VANCOUVER WA
MONTH: JULY
YEAR: 2022
LATITUDE: 45 37 N
LONGITUDE: 122 39 W
[TEMPERATURE DATA] [PRECIPITATION DATA] SYMBOLS USED IN COLUMN 16
AVERAGE MONTHLY: 72.4 TOTAL FOR MONTH: 0.24 1 = FOG OR MIST
DPTR FM NORMAL: 3.4 DPTR FM NORMAL: -0.18 2 = FOG REDUCING VISIBILITY
HIGHEST: 101 ON 30,26 GRTST 24HR 0.23 ON 5- 6 TO 1/4 MILE OR LESS
LOWEST: 51 ON 15 3 = THUNDER
SNOW, ICE PELLETS, HAIL 4 = ICE PELLETS
TOTAL MONTH: M 5 = HAIL
GRTST 24HR M ON M 6 = FREEZING RAIN OR DRIZZLE
GRTST DEPTH: M ON M 7 = DUSTSTORM OR SANDSTORM:
VSBY 1/2 MILE OR LESS
8 = SMOKE OR HAZE
[NO. OF DAYS WITH] [WEATHER - DAYS WITH] 9 = BLOWING SNOW
X = TORNADO
MAX 32 OR BELOW: 0 0.01 INCH OR MORE: 3
MAX 90 OR ABOVE: 12 0.10 INCH OR MORE: 1
MIN 32 OR BELOW: 0 0.50 INCH OR MORE: 0
MIN 0 OR BELOW: 0 1.00 INCH OR MORE: 0
[HDD (BASE 65) ]
TOTAL THIS MO. 0 CLEAR (SCALE 0-3) 19
DPTR FM NORMAL -16 PTCLDY (SCALE 4-7) 9
TOTAL FM JUL 1 0 CLOUDY (SCALE 8-10) 3
DPTR FM NORMAL -11
[CDD (BASE 65) ]
TOTAL THIS MO. 238
DPTR FM NORMAL 99 [PRESSURE DATA]
TOTAL FM JAN 1 293 HIGHEST SLP 30.35 ON 10
DPTR FM NORMAL 96 LOWEST SLP 29.76 ON 25
[REMARKS]
#FINAL-07-22#