000
CXUS56 KLOX 011155
CF6WJF
PRELIMINARY LOCAL CLIMATOLOGICAL DATA (WS FORM: F-6)
STATION: LANCASTER FOX FIELD CA
MONTH: AUGUST
YEAR: 2023
LATITUDE: 34 43 N
LONGITUDE: 118 13 W
TEMPERATURE IN F: :PCPN: SNOW: WIND :SUNSHINE: SKY :PK WND
================================================================================
1 2 3 4 5 6A 6B 7 8 9 10 11 12 13 14 15 16 17 18
12Z AVG MX 2MIN
DY MAX MIN AVG DEP HDD CDD WTR SNW DPTH SPD SPD DIR MIN PSBL S-S WX SPD DR
================================================================================
1 98 74 86 3 0 21 0.00 M M 12.6 25 230 M M 0 34 240
2 95 66 81 -2 0 16 0.00 M M 15.5 25 210 M M 0 32 210
3 95 63 79 -4 0 14 0.00 M M 14.3 26 270 M M 0 33 270
4 101 64 83 0 0 18 0.00 M M 10.4 30 280 M M 0 38 290
5 104 66 85 2 0 20 0.00 M M 13.1 28 280 M M 0 33 270
6 103 65 84 2 0 19 0.00 M M 9.6 24 250 M M 0 28 240
7 97 64 81 -1 0 16 0.00 M M 15.0 28 230 M M 0 35 230
8 94 69 82 0 0 17 0.00 M M 18.0 30 240 M M 0 37 240
9 91 71 81 -1 0 16 T M M 17.0 29 220 M M 0 36 220
10 87 69 78 -4 0 13 T M M 18.3 25 240 M M 5 30 240
11 90 67 79 -3 0 14 0.00 M M 13.8 23 240 M M 0 28 240
12 94 62 78 -4 0 13 0.00 M M 10.9 24 240 M M 0 29 250
13 100 62 81 -1 0 16 T M M 4.6 20 240 M M 0 3 26 210
14 102 62 82 0 0 17 0.00 M M 6.7 21 250 M M 0 27 250
15 103 66 85 3 0 20 0.00 M M 6.8 20 250 M M 0 3 26 50
16 104 71 88 6 0 23 T M M 7.2 25 260 M M 1 3 29 260
17 102 61 82 1 0 17 0.00 M M 8.1 26 240 M M 0 37 250
18 100 62 81 0 0 16 0.00 M M 9.3 24 250 M M 0 32 240
19 90 59 75 -6 0 10 0.01 M M 7.7 22 250 M M 2 3 24 250
20 72 63 68 -13 0 3 3.59 M M 15.6 25 20 M M 9 1 30 20
21 80 62 71 -10 0 6 0.06 M M 8.8 18 260 M M 4 21 260
22 87 62 75 -6 0 10 0.00 M M 4.7 13 290 M M 0 15 290
23 94 62 78 -2 0 13 0.00 M M 5.4 17 240 M M 0 21 250
24 93 67 80 0 0 15 0.00 M M 9.8 22 250 M M 0 27 240
25 97 60 79 -1 0 14 0.00 M M 6.7 16 270 M M 0 20 250
26 95 58 77 -3 0 12 0.00 M M 7.8 18 250 M M 0 24 240
27 100 59 80 0 0 15 0.00 M M 5.6 16 290 M M 0 19 270
28 103 61 82 2 0 17 0.00 M M 4.6 15 250 M M 0 19 240
29 103 64 84 5 0 19 0.00 M M 9.1 21 280 M M 0 25 270
30 101 61 81 2 0 16 0.00 M M 7.3 23 250 M M 0 28 260
31 97 70 84 5 0 19 0.00 M M 13.6 25 240 M M 0 32 210
================================================================================
SM 2972 1992 0 475 3.66 M 317.9 M 21
================================================================================
AV 95.9 64.3 10.3 FASTST M M 1 MAX(MPH)
MISC ----> # 30 280 38 290
================================================================================
NOTES:
# LAST OF SEVERAL OCCURRENCES
COLUMN 17 PEAK WIND IN M.P.H.
PRELIMINARY LOCAL CLIMATOLOGICAL DATA (WS FORM: F-6) , PAGE 2
STATION: LANCASTER FOX FIELD CA
MONTH: AUGUST
YEAR: 2023
LATITUDE: 34 43 N
LONGITUDE: 118 13 W
[TEMPERATURE DATA] [PRECIPITATION DATA] SYMBOLS USED IN COLUMN 16
AVERAGE MONTHLY: 80.1 TOTAL FOR MONTH: 3.66 1 = FOG OR MIST
DPTR FM NORMAL: -1.2 DPTR FM NORMAL: 3.65 2 = FOG REDUCING VISIBILITY
HIGHEST: 104 ON 16, 5 GRTST 24HR 3.59 ON 20-20 TO 1/4 MILE OR LESS
LOWEST: 58 ON 26 3 = THUNDER
SNOW, ICE PELLETS, HAIL 4 = ICE PELLETS
TOTAL MONTH: M 5 = HAIL
GRTST 24HR M ON M 6 = FREEZING RAIN OR DRIZZLE
GRTST DEPTH: M ON M 7 = DUSTSTORM OR SANDSTORM:
VSBY 1/2 MILE OR LESS
8 = SMOKE OR HAZE
[NO. OF DAYS WITH] [WEATHER - DAYS WITH] 9 = BLOWING SNOW
X = TORNADO
MAX 32 OR BELOW: 0 0.01 INCH OR MORE: 3
MAX 90 OR ABOVE: 27 0.10 INCH OR MORE: 1
MIN 32 OR BELOW: 0 0.50 INCH OR MORE: 1
MIN 0 OR BELOW: 0 1.00 INCH OR MORE: 1
[HDD (BASE 65) ]
TOTAL THIS MO. 0 CLEAR (SCALE 0-3) 28
DPTR FM NORMAL 0 PTCLDY (SCALE 4-7) 2
TOTAL FM JUL 1 0 CLOUDY (SCALE 8-10) 1
DPTR FM NORMAL 0
[CDD (BASE 65) ]
TOTAL THIS MO. 475
DPTR FM NORMAL -29 [PRESSURE DATA]
TOTAL FM JAN 1 1563 HIGHEST SLP 30.04 ON 21
DPTR FM NORMAL -3 LOWEST SLP 29.56 ON 20
[REMARKS]
#FINAL-08-23#