000
CXUS46 KLOX 011630
CLMWJF
CLIMATE REPORT
NATIONAL WEATHER SERVICE LOS ANGELES/OXNARD
930 AM PDT SAT APR 01 2023
...................................
...THE LANCASTER FOX FIELD CA CLIMATE SUMMARY FOR THE MONTH OF MARCH 2023...
CLIMATE NORMAL PERIOD: 1991 TO 2020
CLIMATE RECORD PERIOD: 1945 TO 2023
WEATHER OBSERVED NORMAL DEPART LAST YEAR`S
VALUE DATE(S) VALUE FROM VALUE
NORMAL
..............................................................
TEMPERATURE (F)
HIGHEST 70 03/13
LOWEST 26 03/27
AVG. MAXIMUM 58.8 67.2 -8.4
AVG. MINIMUM 38.5 39.8 -1.3
MEAN 48.7 53.5 -4.8
DAYS MAX >= 90 0
DAYS MAX <= 32 0
DAYS MIN <= 32 6
DAYS MIN <= 0 0
PRECIPITATION (INCHES)
TOTALS 0.69 0.96 -0.27
DAILY AVG. 0.04
DAYS >= .01 3
DAYS >= .10 1
DAYS >= .50 1
DAYS >= 1.00 0
GREATEST
24 HR. TOTAL 0.67 03/21 TO 03/21
STORM TOTAL 0.67
DEGREE DAYS
HEATING TOTAL 498 359 139 322
SINCE 7/1 2896 2665 231 MM
COOLING TOTAL 0 2 -2 2
SINCE 1/1 0 2 -2 MM
..............................................................
WIND (MPH)
AVERAGE WIND SPEED 12.8
HIGHEST WIND SPEED/DIRECTION 39/280 DATE 03/24
HIGHEST GUST SPEED/DIRECTION 47/270 DATE 03/24
SKY COVER
POSSIBLE SUNSHINE (PERCENT) MM
AVERAGE SKY COVER 0.24
NUMBER OF DAYS FAIR 22
NUMBER OF DAYS PC 8
NUMBER OF DAYS CLOUDY 1
AVERAGE RH (PERCENT) 60
WEATHER CONDITIONS. NUMBER OF DAYS WITH
THUNDERSTORM 0 MIXED PRECIP 0
HEAVY RAIN 0 RAIN 1
LIGHT RAIN 11 FREEZING RAIN 0
LT FREEZING RAIN 0 HAIL 0
HEAVY SNOW 0 SNOW 1
LIGHT SNOW 1 SLEET 0
FOG 4 FOG W/VIS <= 1/4 MILE 0
HAZE 2
- INDICATES NEGATIVE NUMBERS.
R INDICATES RECORD WAS SET OR TIED.
MM INDICATES DATA IS MISSING.
T INDICATES TRACE AMOUNT.
$$