000
CXUS56 KLKN 011210
CF6WMC
PRELIMINARY LOCAL CLIMATOLOGICAL DATA (WS FORM: F-6)
STATION: WINNEMUCCA AIRPORT NV
MONTH: MAY
YEAR: 2023
LATITUDE: 40 54 N
LONGITUDE: 117 48 W
TEMPERATURE IN F: :PCPN: SNOW: WIND :SUNSHINE: SKY :PK WND
================================================================================
1 2 3 4 5 6A 6B 7 8 9 10 11 12 13 14 15 16 17 18
12Z AVG MX 2MIN
DY MAX MIN AVG DEP HDD CDD WTR SNW DPTH SPD SPD DIR MIN PSBL S-S WX SPD DR
================================================================================
1 78 35 57 5 8 0 0.00 0.0 0 8.6 39 260 M M 1 8 56 260
2 72 39 56 4 9 0 0.00 0.0 0 9.1 26 150 M M 2 8 37 140
3 69 32 51 -1 14 0 0.00 0.0 0 6.3 17 170 M M 1 25 150
4 67 42 55 2 10 0 0.15 0.0 0 9.4 31 140 M M 6 18 43 150
5 52 38 45 -8 20 0 0.74 0.0 0 10.7 24 250 M M 9 1 35 240
6 54 35 45 -8 20 0 0.03 0.0 0 7.5 37 240 M M 8 3 52 240
7 59 32 46 -8 19 0 0.00 0.0 0 5.9 17 260 M M 3 25 230
8 63 35 49 -5 16 0 0.01 0.0 0 10.8 31 280 M M 6 3 43 280
9 62 28 45 -9 20 0 0.00 0.0 0 4.5 13 10 M M 0 16 10
10 68 39 54 -1 11 0 0.00 0.0 0 5.9 14 300 M M 1 21 290
11 71 34 53 -2 12 0 0.00 0.0 0 5.2 13 10 M M 2 17 40
12 76 38 57 2 8 0 0.00 0.0 0 9.1 21 30 M M 0 27 50
13 79 45 62 6 3 0 0.00 0.0 0 11.2 26 30 M M 1 38 30
14 76 51 64 8 1 0 T 0.0 0 10.5 33 150 M M 5 3 46 140
15 81 44 63 7 2 0 0.00 0.0 0 6.8 20 260 M M 1 27 250
16 84 42 63 6 2 0 0.00 0.0 0 7.2 21 260 M M 0 27 270
17 85 42 64 7 1 0 0.00 0.0 0 5.7 17 40 M M 2 22 260
18 87 44 66 9 0 1 0.00 0.0 0 6.7 17 60 M M 1 26 60
19 88 49 69 12 0 4 0.00 0.0 0 7.4 16 60 M M 0 21 60
20 90 45 68 10 0 3 0.00 0.0 0 7.0 23 350 M M 0 32 350
21 89 49 69 11 0 4 0.02 0.0 0 7.7 30 190 M M 2 38 42 170
22 84 46 65 7 0 0 0.00 0.0 0 6.7 22 350 M M 1 32 360
23 80 43 62 4 3 0 T 0.0 0 7.5 24 300 M M 3 35 280
24 76 39 58 -1 7 0 0.12 0.0 0 5.0 22 90 M M 4 3 33 90
25 77 43 60 1 5 0 0.08 0.0 0 6.8 35 160 M M 3 138 49 170
26 70 46 58 -1 7 0 0.01 0.0 0 6.2 18 290 M M 4 3 26 310
27 74 39 57 -3 8 0 0.03 0.0 0 7.9 24 260 M M 3 33 240
28 77 37 57 -3 8 0 0.00 0.0 0 5.6 22 160 M M 0 28 160
29 80 46 63 3 2 0 T 0.0 0 6.4 22 40 M M 2 3 30 30
30 81 49 65 5 0 0 0.00 0.0 0 5.5 25 130 M M 2 33 120
31 81 41 61 0 4 0 T 0.0 0 9.6 22 180 M M 2 3 30 290
================================================================================
SM 2330 1267 220 12 1.19 0.0 230.4 M 75
================================================================================
AV 75.2 40.9 7.4 FASTST M M 2 MAX(MPH)
MISC ----> 39 260 56 260
================================================================================
NOTES:
# LAST OF SEVERAL OCCURRENCES
COLUMN 17 PEAK WIND IN M.P.H.
PRELIMINARY LOCAL CLIMATOLOGICAL DATA (WS FORM: F-6) , PAGE 2
STATION: WINNEMUCCA AIRPORT NV
MONTH: MAY
YEAR: 2023
LATITUDE: 40 54 N
LONGITUDE: 117 48 W
[TEMPERATURE DATA] [PRECIPITATION DATA] SYMBOLS USED IN COLUMN 16
AVERAGE MONTHLY: 58.0 TOTAL FOR MONTH: 1.19 1 = FOG OR MIST
DPTR FM NORMAL: 1.6 DPTR FM NORMAL: 0.06 2 = FOG REDUCING VISIBILITY
HIGHEST: 90 ON 20 GRTST 24HR 0.89 ON 4- 5 TO 1/4 MILE OR LESS
LOWEST: 28 ON 9 3 = THUNDER
SNOW, ICE PELLETS, HAIL 4 = ICE PELLETS
TOTAL MONTH: 0.0 INCH 5 = HAIL
GRTST 24HR 0.0 6 = FREEZING RAIN OR DRIZZLE
GRTST DEPTH: 0 7 = DUSTSTORM OR SANDSTORM:
VSBY 1/2 MILE OR LESS
8 = SMOKE OR HAZE
[NO. OF DAYS WITH] [WEATHER - DAYS WITH] 9 = BLOWING SNOW
X = TORNADO
MAX 32 OR BELOW: 0 0.01 INCH OR MORE: 9
MAX 90 OR ABOVE: 1 0.10 INCH OR MORE: 3
MIN 32 OR BELOW: 3 0.50 INCH OR MORE: 1
MIN 0 OR BELOW: 0 1.00 INCH OR MORE: 0
[HDD (BASE 65) ]
TOTAL THIS MO. 220 CLEAR (SCALE 0-3) 23
DPTR FM NORMAL -63 PTCLDY (SCALE 4-7) 6
TOTAL FM JUL 1 6122 CLOUDY (SCALE 8-10) 2
DPTR FM NORMAL 321
[CDD (BASE 65) ]
TOTAL THIS MO. 12
DPTR FM NORMAL -4 [PRESSURE DATA]
TOTAL FM JAN 1 12 HIGHEST SLP 30.16 ON 12
DPTR FM NORMAL -4 LOWEST SLP 29.37 ON 1
[REMARKS]
#FINAL-05-23#