000
CXUS56 KMTR 010900
CF6WVI
PRELIMINARY LOCAL CLIMATOLOGICAL DATA (WS FORM: F-6)
STATION: WATSONVILLE AIRPORT
MONTH: MARCH
YEAR: 2023
LATITUDE: 36 55 N
LONGITUDE: 121 47 W
TEMPERATURE IN F: :PCPN: SNOW: WIND :SUNSHINE: SKY :PK WND
================================================================================
1 2 3 4 5 6A 6B 7 8 9 10 11 12 13 14 15 16 17 18
12Z AVG MX 2MIN
DY MAX MIN AVG DEP HDD CDD WTR SNW DPTH SPD SPD DIR MIN PSBL S-S WX SPD DR
================================================================================
1 56 34 45 -8 20 0 0.01 M M 4.9 13 320 M M 1 24 310
2 56 32 44 -9 21 0 0.00 M M 4.7 12 230 M M 0 1 16 280
3 56 37 47 -6 18 0 0.00 M M 4.3 10 260 M M 4 16 260
4 52 40 46 -7 19 0 0.05 M M 5.7 23 220 M M 6 1 34 230
5 54 38 46 -7 19 0 0.36 M M 6.3 20 220 M M 5 1 26 250
6 54 36 45 -8 20 0 0.17 M M 4.5 14 250 M M 6 1 20 270
7 54 36 45 -8 20 0 0.03 M M 4.6 17 260 M M 3 1 24 260
8 56 36 46 -7 19 0 0.17 M M 4.7 12 240 M M 4 1 17 230
9 53 37 45 -8 20 0 1.30 M M 3.3 14 150 M M 8 1 19 160
10 58 50 54 1 11 0 2.00 M M 7.1 21 230 M M 10 1 35 230
11 61 52 57 4 8 0 0.13 M M M M M M M M M M
12 57 53 55 2 10 0 0.04 M M M M M M M M M M
13 65 53 59 6 6 0 0.01 M M M M M M M M M M
14 63 48 56 3 9 0 0.94 M M 8.4 31 220 M M M 46 200
15 58 43 51 -2 14 0 0.00 M M M M M M M M M M
16 61 39 50 -4 15 0 0.00 M M 3.9 13 240 M M 5 18 230
17 67 45 56 2 9 0 0.00 M M 3.7 15 270 M M 4 1 18 280
18 68 44 56 2 9 0 0.04 M M 4.6 14 180 M M 1 1 20 310
19 56 50 53 -1 12 0 0.52 M M 7.0 22 220 M M 10 1 32 230
20 59 48 54 0 11 0 0.01 M M 4.2 13 260 M M 8 1 17 250
21 57 46 52 -2 13 0 0.97 M M 13.9 39 200 M M 9 1 58 200
22 58 46 52 -2 13 0 1.10 M M 6.0 16 160 M M 9 1 21 150
23 58 42 50 -4 15 0 0.00 M M 7.5 22 260 M M 7 33 260
24 62 36 49 -5 16 0 0.00 M M 4.5 14 360 M M 0 24 350
25 62 35 49 -5 16 0 0.00 M M 4.6 15 240 M M 0 21 210
26 56 33 45 -9 20 0 0.00 M M 4.3 15 260 M M 0 20 230
27 63 31 47 -7 18 0 0.00 M M 4.5 15 250 M M 0 21 230
28 50 40 45 -9 20 0 0.83 M M 2.8 14 300 M M 9 1 22 300
29 55 42 49 -5 16 0 0.29 M M 7.7 26 210 M M 7 13 36 200
30 57 39 48 -6 17 0 T M M 4.8 15 270 M M 5 21 260
31 60 38 49 -5 16 0 0.00 M M 5.0 14 270 M M 0 19 290
================================================================================
SM 1802 1279 470 0 8.97 M 147.5 M 121
================================================================================
AV 58.1 41.3 5.5 FASTST M M 5 MAX(MPH)
MISC ----> 39 200 58 200
================================================================================
NOTES:
# LAST OF SEVERAL OCCURRENCES
COLUMN 17 PEAK WIND IN M.P.H.
PRELIMINARY LOCAL CLIMATOLOGICAL DATA (WS FORM: F-6) , PAGE 2
STATION: WATSONVILLE AIRPORT
MONTH: MARCH
YEAR: 2023
LATITUDE: 36 55 N
LONGITUDE: 121 47 W
[TEMPERATURE DATA] [PRECIPITATION DATA] SYMBOLS USED IN COLUMN 16
AVERAGE MONTHLY: 49.7 TOTAL FOR MONTH: 8.97 1 = FOG OR MIST
DPTR FM NORMAL: -3.8 DPTR FM NORMAL: 4.63 2 = FOG REDUCING VISIBILITY
HIGHEST: 68 ON 18 GRTST 24HR 3.16 ON 9-10 TO 1/4 MILE OR LESS
LOWEST: 31 ON 27 3 = THUNDER
SNOW, ICE PELLETS, HAIL 4 = ICE PELLETS
TOTAL MONTH: M 5 = HAIL
GRTST 24HR M ON M 6 = FREEZING RAIN OR DRIZZLE
GRTST DEPTH: M ON M 7 = DUSTSTORM OR SANDSTORM:
VSBY 1/2 MILE OR LESS
8 = SMOKE OR HAZE
[NO. OF DAYS WITH] [WEATHER - DAYS WITH] 9 = BLOWING SNOW
X = TORNADO
MAX 32 OR BELOW: 0 0.01 INCH OR MORE: 19
MAX 90 OR ABOVE: 0 0.10 INCH OR MORE: 12
MIN 32 OR BELOW: 2 0.50 INCH OR MORE: 7
MIN 0 OR BELOW: 0 1.00 INCH OR MORE: 3
[HDD (BASE 65) ]
TOTAL THIS MO. 470 CLEAR (SCALE 0-3) 9
DPTR FM NORMAL 113 PTCLDY (SCALE 4-7) 12
TOTAL FM JUL 1 2786 CLOUDY (SCALE 8-10) 10
DPTR FM NORMAL 450
[CDD (BASE 65) ]
TOTAL THIS MO. 0
DPTR FM NORMAL -1 [PRESSURE DATA]
TOTAL FM JAN 1 0 HIGHEST SLP M ON M
DPTR FM NORMAL -1 LOWEST SLP 29.29 ON 21
[REMARKS]
#FINAL-03-23#