000
CXUS54 KFWD 010830
CF6XBP
PRELIMINARY LOCAL CLIMATOLOGICAL DATA (WS FORM: F-6)
STATION: BRIDGEPORT
MONTH: NOVEMBER
YEAR: 2022
LATITUDE: 33 10 N
LONGITUDE: 96 30 W
TEMPERATURE IN F: :PCPN: SNOW: WIND :SUNSHINE: SKY :PK WND
================================================================================
1 2 3 4 5 6A 6B 7 8 9 10 11 12 13 14 15 16 17 18
12Z AVG MX 2MIN
DY MAX MIN AVG DEP HDD CDD WTR SNW DPTH SPD SPD DIR MIN PSBL S-S WX SPD DR
================================================================================
1 77 46 62 3 3 0 0.00 M M 3.9 9 150 M M 1 16 150
2 74 49 62 3 3 0 0.00 M M 5.8 13 170 M M 3 1 20 150
3 80 64 72 14 0 7 0.00 M M 10.5 16 160 M M 6 24 180
4 85 46 66 8 0 1 0.00 M M 11.1 21 170 M M 5 35 300
5 70 39 55 -3 10 0 0.00 M M 6.9 13 150 M M 0 21 200
6 84 51 68 11 0 3 0.00 M M 7.6 17 200 M M 0 25 200
7 80 50 65 8 0 0 0.00 M M 2.6 7 110 M M 5 12 M M
8 78 67 73 17 0 8 0.00 M M 5.7 10 150 M M 6 1 M M
9 81 64 73 17 0 8 0.00 M M 8.9 16 190 M M 3 1 24 170
10 73 63 68 12 0 3 0.00 M M 6.3 12 170 M M 4 1 17 160
11 66 38 52 -3 13 0 0.03 M M 12.0 17 330 M M 9 13 32 350
12 53 29 41 -14 24 0 0.00 M M 5.3 10 350 M M 0 9 360
13 53 24 39 -15 26 0 0.00 M M 3.5 10 140 M M 0 16 120
14 43 35 39 -15 26 0 0.24 M M 6.6 13 320 M M 8 1 18 320
15 50 32 41 -13 24 0 0.00 M M 7.1 13 330 M M 4 20 300
16 56 29 43 -10 22 0 0.00 M M 2.0 9 30 M M 0 M M
17 61 26 44 -9 21 0 0.00 M M 3.2 9 170 M M 0 M M
18 45 31 38 -14 27 0 T M M 6.6 13 10 M M 6 4 17 40
19 47 28 38 -14 27 0 T T 0 3.3 8 350 M M 5 4 M M
20 51 22 37 -14 28 0 0.00 M M 2.7 7 220 M M 1 M M
21 56 36 46 -5 19 0 0.08 M M 2.5 9 200 M M 6 M M
22 57 36 47 -3 18 0 0.00 M M 2.6 8 200 M M 6 M M
23 56 45 51 1 14 0 0.03 M M 3.8 12 140 M M 10 1 18 140
24 56 51 54 4 11 0 0.26 M M 5.5 12 20 M M 10 1 18 10
25 54 47 51 2 14 0 0.04 M M 6.0 10 360 M M 9 18 10
26 51 44 48 -1 17 0 1.54 M M 6.0 12 250 M M 9 20 270
27 61 39 50 2 15 0 0.00 M M 5.1 8 300 M M 1 M M
28 71 32 52 4 13 0 0.00 M M 7.2 15 180 M M 0 23 200
29 80 38 59 11 6 0 0.00 M M 12.9 23 350 M M 0 41 10
30 50 29 40 -7 25 0 0.00 M M 6.5 16 360 M M 0 25 360
================================================================================
SM 1899 1230 406 30 2.22 T 179.8 M 117
================================================================================
AV 63.3 41.0 6.0 FASTST M M 4 MAX(MPH)
MISC ----> 23 350 41 10
================================================================================
NOTES:
# LAST OF SEVERAL OCCURRENCES
COLUMN 17 PEAK WIND IN M.P.H.
PRELIMINARY LOCAL CLIMATOLOGICAL DATA (WS FORM: F-6) , PAGE 2
STATION: BRIDGEPORT
MONTH: NOVEMBER
YEAR: 2022
LATITUDE: 33 10 N
LONGITUDE: 96 30 W
[TEMPERATURE DATA] [PRECIPITATION DATA] SYMBOLS USED IN COLUMN 16
AVERAGE MONTHLY: 52.2 TOTAL FOR MONTH: 2.22 1 = FOG OR MIST
DPTR FM NORMAL: -1.0 DPTR FM NORMAL: 0.02 2 = FOG REDUCING VISIBILITY
HIGHEST: 85 ON 4 GRTST 24HR 1.54 ON 26-26 TO 1/4 MILE OR LESS
LOWEST: 22 ON 20 3 = THUNDER
SNOW, ICE PELLETS, HAIL 4 = ICE PELLETS
TOTAL MONTH: T 5 = HAIL
GRTST 24HR T ON 19-19 6 = FREEZING RAIN OR DRIZZLE
GRTST DEPTH: 0 7 = DUSTSTORM OR SANDSTORM:
VSBY 1/2 MILE OR LESS
8 = SMOKE OR HAZE
[NO. OF DAYS WITH] [WEATHER - DAYS WITH] 9 = BLOWING SNOW
X = TORNADO
MAX 32 OR BELOW: 0 0.01 INCH OR MORE: 7
MAX 90 OR ABOVE: 0 0.10 INCH OR MORE: 3
MIN 32 OR BELOW: 10 0.50 INCH OR MORE: 1
MIN 0 OR BELOW: 0 1.00 INCH OR MORE: 1
[HDD (BASE 65) ]
TOTAL THIS MO. 406 CLEAR (SCALE 0-3) 13
DPTR FM NORMAL 38 PTCLDY (SCALE 4-7) 12
TOTAL FM JUL 1 494 CLOUDY (SCALE 8-10) 5
DPTR FM NORMAL -8
[CDD (BASE 65) ]
TOTAL THIS MO. 30
DPTR FM NORMAL 16 [PRESSURE DATA]
TOTAL FM JAN 1 2775 HIGHEST SLP M ON M
DPTR FM NORMAL 608 LOWEST SLP M ON M
[REMARKS]
#FINAL-11-22#