000
CXUS54 KFWD 010830
CF6XBP
PRELIMINARY LOCAL CLIMATOLOGICAL DATA (WS FORM: F-6)
STATION: BRIDGEPORT
MONTH: FEBRUARY
YEAR: 2022
LATITUDE: 33 10 N
LONGITUDE: 96 30 W
TEMPERATURE IN F: :PCPN: SNOW: WIND :SUNSHINE: SKY :PK WND
================================================================================
1 2 3 4 5 6A 6B 7 8 9 10 11 12 13 14 15 16 17 18
12Z AVG MX 2MIN
DY MAX MIN AVG DEP HDD CDD WTR SNW DPTH SPD SPD DIR MIN PSBL S-S WX SPD DR
================================================================================
1 69 53 61 17 4 0 0.00 M M 7.3 15 160 M M 5 22 210
2 56 24 40 -4 25 0 0.54 M M 8.8 15 10 M M 8 22 360
3 24 18 21 -23 44 0 0.04 M M 8.9 13 330 M M 10 17 340
4 33 19 26 -18 39 0 0.00 M M 8.0 12 340 M M 4 20 310
5 48 13 31 -13 34 0 0.00 M M 4.4 10 190 M M 0 16 190
6 55 19 37 -7 28 0 0.00 M M 1.3 6 250 M M 0 M M
7 56 32 44 0 21 0 0.00 M M 4.5 8 360 M M 0 M M
8 67 36 52 8 13 0 0.00 M M 8.5 17 210 M M 0 23 210
9 69 31 50 6 15 0 0.00 M M 2.5 6 310 M M 0 M M
10 71 32 52 7 13 0 0.00 M M 1.3 7 100 M M 0 M M
11 76 32 54 9 11 0 0.00 M M 5.9 15 220 M M 0 24 30
12 54 24 39 -6 26 0 0.00 M M 10.9 17 350 M M 5 32 20
13 64 21 43 -2 22 0 0.00 M M 3.4 12 250 M M 0 17 250
14 73 27 50 5 15 0 0.00 M M 6.4 15 190 M M 0 24 190
15 72 47 60 14 5 0 0.00 M M 13.8 22 190 M M 0 29 190
16 74 60 67 21 0 2 0.00 M M 15.0 24 190 M M 5 35 190
17 66 28 47 1 18 0 0.14 M M 14.5 23 340 M M 9 35 340
18 53 18 36 -10 29 0 0.00 M M 2.0 8 360 M M 0 M M
19 66 23 45 -1 20 0 0.00 M M 3.4 10 170 M M 0 16 170
20 70 42 56 9 9 0 0.00 M M 11.3 18 190 M M 0 24 190
21 80 50 65 18 0 0 1.26 M M 8.7 15 240 M M 3 13 29 270
22 63 29 46 -1 19 0 0.22 M M 11.9 21 340 M M 3 3 40 210
23 28 20 24 -23 41 0 0.02 M M 10.7 16 20 M M 9 25 20
24 29 20 25 -23 40 0 0.00 M M 7.9 14 340 M M 10 1 25 330
25 37 20 29 -19 36 0 0.00 M M 7.0 12 40 M M 4 16 10
26 38 32 35 -13 30 0 M M M 4.2 9 340 M M 10 M M
27 56 28 42 -6 23 0 0.00 M M 4.5 10 350 M M 0 23 330
28 66 22 44 -4 21 0 0.00 M M 1.9 7 170 M M 0 M M
================================================================================
SM 1613 820 601 2 2.22 M 198.9 M 85
================================================================================
AV 57.6 29.3 7.1 FASTST M M 3 MAX(MPH)
MISC ----> 24 190 40 210
================================================================================
NOTES:
# LAST OF SEVERAL OCCURRENCES
COLUMN 17 PEAK WIND IN M.P.H.
PRELIMINARY LOCAL CLIMATOLOGICAL DATA (WS FORM: F-6) , PAGE 2
STATION: BRIDGEPORT
MONTH: FEBRUARY
YEAR: 2022
LATITUDE: 33 10 N
LONGITUDE: 96 30 W
[TEMPERATURE DATA] [PRECIPITATION DATA] SYMBOLS USED IN COLUMN 16
AVERAGE MONTHLY: 43.4 TOTAL FOR MONTH: 2.22 1 = FOG OR MIST
DPTR FM NORMAL: -2.2 DPTR FM NORMAL: -0.16 2 = FOG REDUCING VISIBILITY
HIGHEST: 80 ON 21 GRTST 24HR 1.26 ON 21-21 TO 1/4 MILE OR LESS
LOWEST: 13 ON 5 3 = THUNDER
SNOW, ICE PELLETS, HAIL 4 = ICE PELLETS
TOTAL MONTH: M 5 = HAIL
GRTST 24HR M ON M 6 = FREEZING RAIN OR DRIZZLE
GRTST DEPTH: M ON M 7 = DUSTSTORM OR SANDSTORM:
VSBY 1/2 MILE OR LESS
8 = SMOKE OR HAZE
[NO. OF DAYS WITH] [WEATHER - DAYS WITH] 9 = BLOWING SNOW
X = TORNADO
MAX 32 OR BELOW: 3 0.01 INCH OR MORE: 6
MAX 90 OR ABOVE: 0 0.10 INCH OR MORE: 4
MIN 32 OR BELOW: 22 0.50 INCH OR MORE: 2
MIN 0 OR BELOW: 0 1.00 INCH OR MORE: 1
[HDD (BASE 65) ]
TOTAL THIS MO. 601 CLEAR (SCALE 0-3) 16
DPTR FM NORMAL 58 PTCLDY (SCALE 4-7) 7
TOTAL FM JUL 1 1952 CLOUDY (SCALE 8-10) 5
DPTR FM NORMAL -470
[CDD (BASE 65) ]
TOTAL THIS MO. 2
DPTR FM NORMAL 1 [PRESSURE DATA]
TOTAL FM JAN 1 2 HIGHEST SLP M ON M
DPTR FM NORMAL 2 LOWEST SLP M ON M
[REMARKS]
#FINAL-02-22#