000
CXUS54 KFWD 010830
CF6XBP
PRELIMINARY LOCAL CLIMATOLOGICAL DATA (WS FORM: F-6)
STATION: BRIDGEPORT
MONTH: NOVEMBER
YEAR: 2021
LATITUDE: 33 10 N
LONGITUDE: 96 30 W
TEMPERATURE IN F: :PCPN: SNOW: WIND :SUNSHINE: SKY :PK WND
================================================================================
1 2 3 4 5 6A 6B 7 8 9 10 11 12 13 14 15 16 17 18
12Z AVG MX 2MIN
DY MAX MIN AVG DEP HDD CDD WTR SNW DPTH SPD SPD DIR MIN PSBL S-S WX SPD DR
================================================================================
1 76 47 62 3 3 0 0.00 M M 2.8 9 330 M M 5 17 0
2 56 49 53 -6 12 0 0.22 M M 6.0 9 40 M M 10 M M
3 49 46 48 -10 17 0 0.38 M M 5.8 9 30 M M 10 3 18 50
4 54 36 45 -13 20 0 0.01 M M 0.4 4 130 M M 7 1 M M
5 62 34 48 -10 17 0 0.00 M M 2.5 8 150 M M 2 M M
6 69 36 53 -4 12 0 0.00 M M 2.9 8 160 M M 0 1 M M
7 76 38 57 0 8 0 0.00 M M 4.3 10 180 M M 0 1 M M
8 74 43 59 3 6 0 0.00 M M 5.1 12 170 M M 0 1 16 210
9 76 56 66 10 0 1 0.00 M M 6.0 12 190 M M 1 17 190
10 74 59 67 11 0 2 0.67 M M 9.4 16 170 M M 6 38 250
11 65 41 53 -2 12 0 M M M 5.0 12 10 M M 0 17 360
12 65 38 52 -3 13 0 0.00 M M 3.9 13 350 M M 0 25 230
13 66 32 49 -5 16 0 0.00 M M 3.3 8 150 M M 0 M M
14 70 38 54 0 11 0 0.00 M M 3.0 10 70 M M 0 16 70
15 80 38 59 5 6 0 0.00 M M 2.6 9 190 M M 0 20 190
16 82 62 72 19 0 7 0.00 M M 12.4 17 190 M M 0 25 190
17 78 50 64 11 1 0 0.00 M M 12.8 18 190 M M 0 24 190
18 60 32 46 -6 19 0 0.00 M M 6.5 12 40 M M 0 21 40
19 63 29 46 -6 19 0 0.00 M M 4.7 13 160 M M 0 17 150
20 77 42 60 9 5 0 0.00 M M 8.6 15 190 M M 0 22 190
21 64 49 57 6 8 0 0.00 M M 8.5 15 360 M M 2 22 340
22 65 32 49 -1 16 0 0.00 M M 1.9 7 340 M M 0 M M
23 72 33 53 3 12 0 0.00 M M 5.6 13 170 M M 0 21 170
24 75 55 65 15 0 0 0.00 M M 9.8 20 210 M M 2 29 210
25 66 32 49 0 16 0 0.00 M M 11.1 20 360 M M 0 26 350
26 61 25 43 -6 22 0 0.00 M M 2.7 7 190 M M 0 M M
27 53 35 44 -4 21 0 1.28 M M 1.4 7 210 M M 6 M M
28 64 38 51 3 14 0 0.00 M M 3.5 8 340 M M 1 22 350
29 73 34 54 6 11 0 0.00 M M 3.7 10 240 M M 0 17 230
30 78 38 58 11 7 0 0.00 M M 4.8 12 220 M M 0 20 190
================================================================================
SM 2043 1217 324 10 2.56 M 161.1 M 52
================================================================================
AV 68.1 40.6 5.4 FASTST M M 2 MAX(MPH)
MISC ----> # 20 210 38 250
================================================================================
NOTES:
# LAST OF SEVERAL OCCURRENCES
COLUMN 17 PEAK WIND IN M.P.H.
PRELIMINARY LOCAL CLIMATOLOGICAL DATA (WS FORM: F-6) , PAGE 2
STATION: BRIDGEPORT
MONTH: NOVEMBER
YEAR: 2021
LATITUDE: 33 10 N
LONGITUDE: 96 30 W
[TEMPERATURE DATA] [PRECIPITATION DATA] SYMBOLS USED IN COLUMN 16
AVERAGE MONTHLY: 54.3 TOTAL FOR MONTH: 2.56 1 = FOG OR MIST
DPTR FM NORMAL: 1.1 DPTR FM NORMAL: 0.36 2 = FOG REDUCING VISIBILITY
HIGHEST: 82 ON 16 GRTST 24HR 1.28 ON 27-27 TO 1/4 MILE OR LESS
LOWEST: 25 ON 26 3 = THUNDER
SNOW, ICE PELLETS, HAIL 4 = ICE PELLETS
TOTAL MONTH: M 5 = HAIL
GRTST 24HR M ON M 6 = FREEZING RAIN OR DRIZZLE
GRTST DEPTH: M ON M 7 = DUSTSTORM OR SANDSTORM:
VSBY 1/2 MILE OR LESS
8 = SMOKE OR HAZE
[NO. OF DAYS WITH] [WEATHER - DAYS WITH] 9 = BLOWING SNOW
X = TORNADO
MAX 32 OR BELOW: 0 0.01 INCH OR MORE: 5
MAX 90 OR ABOVE: 0 0.10 INCH OR MORE: 4
MIN 32 OR BELOW: 6 0.50 INCH OR MORE: 2
MIN 0 OR BELOW: 0 1.00 INCH OR MORE: 1
[HDD (BASE 65) ]
TOTAL THIS MO. 324 CLEAR (SCALE 0-3) 24
DPTR FM NORMAL -44 PTCLDY (SCALE 4-7) 4
TOTAL FM JUL 1 373 CLOUDY (SCALE 8-10) 2
DPTR FM NORMAL -129
[CDD (BASE 65) ]
TOTAL THIS MO. 10
DPTR FM NORMAL -4 [PRESSURE DATA]
TOTAL FM JAN 1 2202 HIGHEST SLP M ON M
DPTR FM NORMAL 35 LOWEST SLP M ON M
[REMARKS]
#FINAL-11-21#