000
CXAK56 PAJK 011239
CF6YAK
PRELIMINARY LOCAL CLIMATOLOGICAL DATA (WS FORM: F-6)
STATION: YAKUTAT
MONTH: APRIL
YEAR: 2020
LATITUDE: 59 31 N
LONGITUDE: 139 40 W
TEMPERATURE IN F: :PCPN: SNOW: WIND :SUNSHINE: SKY :PK WND
================================================================================
1 2 3 4 5 6A 6B 7 8 9 10 11 12 13 14 15 16 17 18
12Z AVG MX 2MIN
DY MAX MIN AVG DEP HDD CDD WTR SNW DPTH SPD SPD DIR MIN PSBL S-S WX SPD DR
================================================================================
1 38 22 30 -4 35 0 0.00 M M 2.9 12 350 M M 5 15 350
2 39 16 28 -7 37 0 T M M 2.2 8 180 M M 2 8 10 220
3 38 27 33 -2 32 0 0.24 M M 5.1 12 70 M M 7 1 14 80
4 43 22 33 -2 32 0 0.00 M M 1.6 12 220 M M 4 1 15 220
5 39 23 31 -4 34 0 0.07 M M 3.2 13 230 M M 7 18 17 230
6 38 25 32 -4 33 0 0.06 M M 8.2 28 240 M M 6 18 38 240
7 35 25 30 -6 35 0 0.21 M M 8.5 20 70 M M 8 128 24 60
8 39 31 35 -1 30 0 0.42 M M 13.0 35 120 M M 10 128 50 130
9 42 27 35 -1 30 0 0.25 M M 3.3 10 220 M M 4 1 14 240
10 43 23 33 -3 32 0 0.00 M M 2.5 13 220 M M 0 1 14 220
11 46 21 34 -3 31 0 0.00 M M 2.0 9 230 M M 0 10 230
12 47 26 37 0 28 0 T M M 3.4 13 100 M M 8 8 17 110
13 43 37 40 3 25 0 0.95 M M 7.5 14 60 M M 10 1 18 80
14 49 38 44 6 21 0 0.01 M M 5.3 10 110 M M 10 1 13 70
15 44 39 42 4 23 0 0.23 M M 4.5 8 110 M M 10 12 12 110
16 44 37 41 3 24 0 0.34 M M 3.8 8 120 M M 10 12 11 110
17 47 34 41 3 24 0 0.00 M M 3.1 12 220 M M 10 12 13 220
18 43 37 40 2 25 0 0.00 M M 2.1 8 80 M M 10 12 10 70
19 44 36 40 1 25 0 0.00 M M 2.6 7 170 M M 10 12 8 160
20 42 38 40 1 25 0 0.26 M M 7.8 14 120 M M 10 1 19 130
21 44 38 41 2 24 0 0.50 M M 5.4 9 80 M M 10 1 11 70
22 45 39 42 3 23 0 0.35 M M 5.5 9 220 M M 10 1 13 120
23 46 39 43 3 22 0 0.11 M M 3.6 10 210 M M 10 12 13 230
24 44 39 42 2 23 0 0.18 M M 5.1 10 60 M M 10 1 12 80
25 56 33 45 5 20 0 0.01 M M 5.1 12 320 M M 2 1 14 340
26 51 31 41 1 24 0 T M M 3.9 17 80 M M 8 22 90
27 55 36 46 6 19 0 0.00 M M 4.0 13 220 M M 6 8 16 220
28 52 32 42 1 23 0 0.16 M M 6.4 16 90 M M 6 1 24 90
29 45 30 38 -3 27 0 0.35 M M 5.3 17 120 M M 8 1 27 110
30 43 38 41 0 24 0 0.83 M M 10.4 22 100 M M 10 1 33 90
================================================================================
SM 1324 939 810 0 5.53 M 147.3 M 221
================================================================================
AV 44.1 31.3 4.9 FASTST M M 7 MAX(MPH)
MISC ----> # 35 120 # 50 130
================================================================================
NOTES:
# LAST OF SEVERAL OCCURRENCES
COLUMN 17 PEAK WIND IN M.P.H.
PRELIMINARY LOCAL CLIMATOLOGICAL DATA (WS FORM: F-6) , PAGE 2
STATION: YAKUTAT
MONTH: APRIL
YEAR: 2020
LATITUDE: 59 31 N
LONGITUDE: 139 40 W
[TEMPERATURE DATA] [PRECIPITATION DATA] SYMBOLS USED IN COLUMN 16
AVERAGE MONTHLY: 37.7 TOTAL FOR MONTH: 5.53 1 = FOG OR MIST
DPTR FM NORMAL: -0.1 DPTR FM NORMAL: -3.66 2 = FOG REDUCING VISIBILITY
HIGHEST: 56 ON 25 GRTST 24HR 0.95 ON 13-13 TO 1/4 MILE OR LESS
LOWEST: 16 ON 2 3 = THUNDER
SNOW, ICE PELLETS, HAIL 4 = ICE PELLETS
TOTAL MONTH: M 5 = HAIL
GRTST 24HR M ON M 6 = FREEZING RAIN OR DRIZZLE
GRTST DEPTH: M ON M 7 = DUSTSTORM OR SANDSTORM:
VSBY 1/2 MILE OR LESS
8 = SMOKE OR HAZE
[NO. OF DAYS WITH] [WEATHER - DAYS WITH] 9 = BLOWING SNOW
X = TORNADO
MAX 32 OR BELOW: 0 0.01 INCH OR MORE: 19
MAX 90 OR ABOVE: 0 0.10 INCH OR MORE: 15
MIN 32 OR BELOW: 15 0.50 INCH OR MORE: 3
MIN 0 OR BELOW: 0 1.00 INCH OR MORE: 0
[HDD (BASE 65) ]
TOTAL THIS MO. 810 CLEAR (SCALE 0-3) 4
DPTR FM NORMAL -6 PTCLDY (SCALE 4-7) 12
TOTAL FM JUL 1 7026 CLOUDY (SCALE 8-10) 14
DPTR FM NORMAL -929
[CDD (BASE 65) ]
TOTAL THIS MO. 0
DPTR FM NORMAL 0 [PRESSURE DATA]
TOTAL FM JAN 1 0 HIGHEST SLP 30.56 ON 10
DPTR FM NORMAL 0 LOWEST SLP 29.19 ON 26
[REMARKS]
#FINAL-04-20#