000
CXUS55 KBOU 281244
CF620V
PRELIMINARY LOCAL CLIMATOLOGICAL DATA (WS FORM: F-6)

                                          STATION:   Kremmling
                                          MONTH:     FEBRUARY
                                          YEAR:      2015
                                          LATITUDE:   40  3 N
                                          LONGITUDE: 106 22 W

  TEMPERATURE IN F:       :PCPN:    SNOW:  WIND      :SUNSHINE: SKY     :PK WND
================================================================================
1   2   3   4   5  6A  6B    7    8   9   10  11  12  13   14  15   16   17  18
                                     12Z  AVG MX 2MIN
DY MAX MIN AVG DEP HDD CDD  WTR  SNW DPTH SPD SPD DIR MIN PSBL S-S WX    SPD DR
================================================================================

 1  34  10  22   M  43   0    M    M    M  6.5 18 270   M    M   3 8      24 270
 2  41  18  30   M  35   0    M    M    M  3.2  9 210   M    M   9         M  M
 3  45  32  39   M  26   0    M    M    M 11.4 15 230   M    M   8        23 230
 4  39  34  37   M  28   0    M    M    M  5.9 22 260   M    M  10        29 260
 5  50  32  41   M  24   0    M    M    M  6.3 16 250   M    M   0        17 260
 6  54  18  36   M  29   0    M    M    M  3.5 15 240   M    M   0        22 240
 7  54  23  39   M  26   0    M    M    M  5.0 13 250   M    M   1        17 250
 8  50  19  35   M  30   0    M    M    M  2.0  6 330   M    M   2         M  M
 9  52  14  33   M  32   0    M    M    M  4.0 23 250   M    M   1        32 250
10  43  27  35   M  30   0    M    M    M  2.9 10 360   M    M   7         M  M
11  43  18  31   M  34   0    M    M    M  0.0  M   M   M    M   0         M  M
12  41  14  28   M  37   0    M    M    M  0.6  5 260   M    M   3         M  M
13  45  16  31   M  34   0    M    M    M  0.4  4 270   M    M   0         M  M
14  45  14  30   M  35   0    M    M    M  0.3  4 280   M    M   0         M  M
15  41  21  31   M  34   0    M    M    M  4.5 14 320   M    M   6        21 290
16  30  10  20   M  45   0    M    M    M  4.7 10 320   M    M   8 8      20 340
17  32  10  21   M  44   0    M    M    M  4.9 14 290   M    M   6        23 290
18  46  16  31   M  34   0    M    M    M  3.7  8 340   M    M   3         M  M
19  50  12  31   M  34   0    M    M    M  2.3  9  90   M    M   1         M  M
20  36  21  29   M  36   0    M    M    M  1.6  9 340   M    M   7        22 340
21  32  19  26   M  39   0    M    M    M  1.8 10 340   M    M  10         M  M
22  19  12  16   M  49   0    M    M    M  2.8  8 340   M    M  10 8       M  M
23  30   3  17   M  48   0    M    M    M  0.9  5 140   M    M   5         M  M
24  32  -4  14   M  51   0    M    M    M  0.1  4 130   M    M   1         M  M
25  36  16  26   M  39   0    M    M    M  4.6 13 330   M    M   9        16 330
26  27   0  14   M  51   0    M    M    M  2.5  9 340   M    M   9         M  M
27  30   3  17   M  48   0    M    M    M  2.2  7 360   M    M   7         M  M
================================================================================
SM 1077  428       995   0    M     M     88.6          M      126
================================================================================
AV 39.9 15.9                               3.3 FASTST   M    M   5    MAX(MPH)
                                 MISC ---->  # 23 250                 32    M
================================================================================
NOTES:
# LAST OF SEVERAL OCCURRENCES

COLUMN 17 PEAK WIND IN M.P.H.

PRELIMINARY LOCAL CLIMATOLOGICAL DATA (WS FORM: F-6) , PAGE 2

                                          STATION:  Kremmling
                                          MONTH:    FEBRUARY
                                          YEAR:     2015
                                          LATITUDE:   40  3 N
                                          LONGITUDE: 106 22 W

[TEMPERATURE DATA]      [PRECIPITATION DATA]       SYMBOLS USED IN COLUMN 16

AVERAGE MONTHLY: 27.9   TOTAL FOR MONTH:      M    1 = FOG OR MIST
DPTR FM NORMAL:     M   DPTR FM NORMAL:       M    2 = FOG REDUCING VISIBILITY
HIGHEST:    54 ON  7, 6 GRTST 24HR    M  ON   M        TO 1/4 MILE OR LESS
LOWEST:     -4 ON 24                               3 = THUNDER
                        SNOW, ICE PELLETS, HAIL    4 = ICE PELLETS
                        TOTAL MONTH:    M          5 = HAIL
                        GRTST 24HR    M  ON   M    6 = FREEZING RAIN OR DRIZZLE
                        GRTST DEPTH:  M  ON   M    7 = DUSTSTORM OR SANDSTORM:
                                                       VSBY 1/2 MILE OR LESS
                                                   8 = SMOKE OR HAZE
[NO. OF DAYS WITH]      [WEATHER - DAYS WITH]      9 = BLOWING SNOW
                                                   X = TORNADO
MAX 32 OR BELOW:   8    0.01 INCH OR MORE:   0
MAX 90 OR ABOVE:   0    0.10 INCH OR MORE:   0
MIN 32 OR BELOW:  26    0.50 INCH OR MORE:   0
MIN  0 OR BELOW:   2    1.00 INCH OR MORE:   0

[HDD (BASE 65) ]
TOTAL THIS MO.   995    CLEAR  (SCALE 0-3)  13
DPTR FM NORMAL     M    PTCLDY (SCALE 4-7)   8
TOTAL FM JUL 1  5794    CLOUDY (SCALE 8-10)  6
DPTR FM NORMAL     M

[CDD (BASE 65) ]
TOTAL THIS MO.     0
DPTR FM NORMAL     M    [PRESSURE DATA]
TOTAL FM JAN 1     0    HIGHEST SLP M ON M
DPTR FM NORMAL     M    LOWEST  SLP M ON M

[REMARKS]
