000
CXUS55 KBOU 211223
CF633V

PRELIMINARY LOCAL CLIMATOLOGICAL DATA (WS FORM: F-6)

                                          STATION:   WALDEN
                                          MONTH:     FEBRUARY
                                          YEAR:      2018
                                          LATITUDE:   40 45 N
                                          LONGITUDE: 106 16 W

  TEMPERATURE IN F:       :PCPN:    SNOW:  WIND      :SUNSHINE: SKY     :PK WND
================================================================================
1   2   3   4   5  6A  6B    7    8   9   10  11  12  13   14  15   16   17  18
                                     12Z  AVG MX 2MIN
DY MAX MIN AVG DEP HDD CDD  WTR  SNW DPTH SPD SPD DIR MIN PSBL S-S WX    SPD DR
================================================================================

 1  36  23  30   M  35   0    M    M    M 10.7 21 290   M    M   9        29 290
 2  39  30  35   M  30   0    M    M    M 16.1 27 240   M    M   6        35 230
 3  39  30  35   M  30   0    M    M    M 14.2 24 280   M    M   7        31 250
 4  41  32  37   M  28   0    M    M    M 18.2 28 260   M    M   9        38 260
 5  37  25  31   M  34   0    M    M    M 15.0 33 310   M    M   6        40 310
 6  34  18  26   M  39   0    M    M    M  6.8 12 240   M    M   6        16 300
 7  37  19  28   M  37   0    M    M    M 11.7 21 240   M    M   5        30 240
 8  41  27  34   M  31   0    M    M    M 16.2 23 250   M    M   4        32 250
 9  45  27  36   M  29   0    M    M    M 14.8 27 250   M    M   9        35 250
10  32  -4  14   M  51   0    M    M    M  7.2 16 330   M    M   8        21 330
11  30  -6  12   M  53   0    M    M    M 10.5 20 220   M    M   0        27 210
12  32  12  22   M  43   0    M    M    M  4.7  9 260   M    M   7         M  M
13  36  19  28   M  37   0    M    M    M 12.6 27 240   M    M   5        31 240
14  37  27  32   M  33   0 0.00  0.0    0 17.2 30 240   M    M   8        37 240
15  32   7  20   M  45   0 0.00  0.0    0  7.9 21 240   M    M   9        28 240
16  30  -4  13   M  52   0 0.00  0.0    0 10.0 20 270   M    M   4        25 270
17  37  19  28   M  37   0 0.00  0.0    0 17.5 27 240   M    M   5        35 180
18  43  23  33   M  32   0 0.00  0.0    0 18.3 30 230   M    M   1        38 230
19  37  -6  16   M  49   0 0.00  0.0    0 18.5 29 190   M    M   8        43 190
20  14 -13   1   M  64   0 0.00  0.0    0  8.1 18 260   M    M   1        25 260
================================================================================
SM  709  305       789   0  0.00     0.0 256.2          M      117
================================================================================
AV 35.5 15.3                              12.8 FASTST   M    M   6    MAX(MPH)
                                 MISC ---->  # 33 310               # 43  190
================================================================================
NOTES:
# LAST OF SEVERAL OCCURRENCES

COLUMN 17 PEAK WIND IN M.P.H.

PRELIMINARY LOCAL CLIMATOLOGICAL DATA (WS FORM: F-6) , PAGE 2

                                          STATION:  WALDEN
                                          MONTH:    FEBRUARY
                                          YEAR:     2018
                                          LATITUDE:   40 45 N
                                          LONGITUDE: 106 16 W

[TEMPERATURE DATA]      [PRECIPITATION DATA]       SYMBOLS USED IN COLUMN 16

AVERAGE MONTHLY: 25.4   TOTAL FOR MONTH:   0.00    1 = FOG OR MIST
DPTR FM NORMAL:     M   DPTR FM NORMAL:       M    2 = FOG REDUCING VISIBILITY
HIGHEST:    45 ON  9    GRTST 24HR  0.00 ON 20-20      TO 1/4 MILE OR LESS
LOWEST:    -13 ON 20                               3 = THUNDER
                        SNOW, ICE PELLETS, HAIL    4 = ICE PELLETS
                        TOTAL MONTH:   0.0 INCH    5 = HAIL
                        GRTST 24HR     0.0         6 = FREEZING RAIN OR DRIZZLE
                        GRTST DEPTH:   0           7 = DUSTSTORM OR SANDSTORM:
                                                       VSBY 1/2 MILE OR LESS
                                                   8 = SMOKE OR HAZE
[NO. OF DAYS WITH]      [WEATHER - DAYS WITH]      9 = BLOWING SNOW
                                                   X = TORNADO
MAX 32 OR BELOW:   6    0.01 INCH OR MORE:   0
MAX 90 OR ABOVE:   0    0.10 INCH OR MORE:   0
MIN 32 OR BELOW:  20    0.50 INCH OR MORE:   0
MIN  0 OR BELOW:   5    1.00 INCH OR MORE:   0

[HDD (BASE 65) ]
TOTAL THIS MO.   789    CLEAR  (SCALE 0-3)   3
DPTR FM NORMAL     M    PTCLDY (SCALE 4-7)  13
TOTAL FM JUL 1  5912    CLOUDY (SCALE 8-10)  4
DPTR FM NORMAL     M

[CDD (BASE 65) ]
TOTAL THIS MO.     0
DPTR FM NORMAL     M    [PRESSURE DATA]
TOTAL FM JAN 1     0    HIGHEST SLP M ON M
DPTR FM NORMAL     M    LOWEST  SLP M ON M

[REMARKS]
