000
CXUS55 KBOU 280808
CF633V
PRELIMINARY LOCAL CLIMATOLOGICAL DATA (WS FORM: F-6)

                                          STATION:   Walden
                                          MONTH:     APRIL
                                          YEAR:      2017
                                          LATITUDE:   40 45 N
                                          LONGITUDE: 106 16 W

  TEMPERATURE IN F:       :PCPN:    SNOW:  WIND      :SUNSHINE: SKY     :PK WND
================================================================================
1   2   3   4   5  6A  6B    7    8   9   10  11  12  13   14  15   16   17  18
                                     12Z  AVG MX 2MIN
DY MAX MIN AVG DEP HDD CDD  WTR  SNW DPTH SPD SPD DIR MIN PSBL S-S WX    SPD DR
================================================================================

 1  32  18  25   M  40   0    M    M    M  3.5 14  40   M    M   0         M  M
 2  32  30  31   M  34   0    M    M    M  1.7  4 310   M    M   0         M  M
 3  41  19  30   M  35   0    M    M    M  6.9 17 250   M    M   0        25 260
 4  32  18  25   M  40   0    M    M    M  6.3 16 350   M    M   0         M  M
 5  41   7  24   M  41   0    M    M    M  8.6 17 250   M    M   0        24 240
 6  57  23  40   M  25   0    M    M    M  6.7 12 220   M    M   0        17 220
 7  61  30  46   M  19   0    M    M    M 15.8 30 240   M    M   0        41 240
 8  59  34  47   M  18   0    M    M    M 18.4 40 240   M    M   0        51 240
 9  36  19  28   M  37   0    M    M    M 15.7 30 270   M    M   0        41 270
10  45  16  31   M  34   0    M    M    M  8.2 13 250   M    M   0        23 260
11  55  18  37   M  28   0    M    M    M  7.6 18 220   M    M   0        27 220
12  61  23  42   M  23   0    M    M    M  6.1 13 260   M    M   0        24 260
13  68  25  47   M  18   0    M    M    M 10.9 21 230   M    M   0        30 190
14  61  32  47   M  18   0    M    M    M 11.9 20 250   M    M   0        30 240
15  52  21  37   M  28   0    M    M    M  8.6 18 240   M    M   0        29 240
16  57  21  39   M  26   0    M    M    M  7.1 15 230   M    M   0        24 230
17  61  21  41   M  24   0    M    M    M 12.3 27 220   M    M   0        41 230
18  63  25  44   M  21   0    M    M    M  9.5 22 240   M    M   0        29 230
19  52  30  41   M  24   0    M    M    M  9.9 18 340   M    M   0        31 260
20  54  18  36   M  29   0    M    M    M  5.7 13 100   M    M   0        23 160
21  37  25  31   M  34   0    M    M    M  5.1 10  80   M    M   0        16 320
22  50  18  34   M  31   0    M    M    M  4.0  7 130   M    M   0         M  M
23  63  30  47   M  18   0    M    M    M 11.4 22 250   M    M   0        30 240
24  52  30  41   M  24   0    M    M    M  9.5 21 230   M    M   0        32 230
25  41  25  33   M  32   0    M    M    M  9.9 22 340   M    M   0        32 340
26  41  21  31   M  34   0    M    M    M  9.3 17 260   M    M   0        25 250
27  41  25  33   M  32   0    M    M    M  9.7 17 260   M    M   0        24 270
================================================================================
SM 1345  622       767   0    M     M    240.3          M        0
================================================================================
AV 49.8 23.0                               8.9 FASTST   M    M   0    MAX(MPH)
                                 MISC ---->  # 40 240               # 51  240
================================================================================
NOTES:
# LAST OF SEVERAL OCCURRENCES

COLUMN 17 PEAK WIND IN M.P.H.

PRELIMINARY LOCAL CLIMATOLOGICAL DATA (WS FORM: F-6) , PAGE 2

                                          STATION:  Walden
                                          MONTH:    APRIL
                                          YEAR:     2017
                                          LATITUDE:   40 45 N
                                          LONGITUDE: 106 16 W

[TEMPERATURE DATA]      [PRECIPITATION DATA]       SYMBOLS USED IN COLUMN 16

AVERAGE MONTHLY: 36.4   TOTAL FOR MONTH:      M    1 = FOG OR MIST
DPTR FM NORMAL:     M   DPTR FM NORMAL:       M    2 = FOG REDUCING VISIBILITY
HIGHEST:    68 ON 13    GRTST 24HR    M  ON   M        TO 1/4 MILE OR LESS
LOWEST:      7 ON  5                               3 = THUNDER
                        SNOW, ICE PELLETS, HAIL    4 = ICE PELLETS
                        TOTAL MONTH:    M          5 = HAIL
                        GRTST 24HR    M  ON   M    6 = FREEZING RAIN OR DRIZZLE
                        GRTST DEPTH:  M  ON   M    7 = DUSTSTORM OR SANDSTORM:
                                                       VSBY 1/2 MILE OR LESS
                                                   8 = SMOKE OR HAZE
[NO. OF DAYS WITH]      [WEATHER - DAYS WITH]      9 = BLOWING SNOW
                                                   X = TORNADO
MAX 32 OR BELOW:   3    0.01 INCH OR MORE:   0
MAX 90 OR ABOVE:   0    0.10 INCH OR MORE:   0
MIN 32 OR BELOW:  26    0.50 INCH OR MORE:   0
MIN  0 OR BELOW:   0    1.00 INCH OR MORE:   0

[HDD (BASE 65) ]
TOTAL THIS MO.   767    CLEAR  (SCALE 0-3)  27
DPTR FM NORMAL     M    PTCLDY (SCALE 4-7)   0
TOTAL FM JUL 1  6879    CLOUDY (SCALE 8-10)  0
DPTR FM NORMAL     M

[CDD (BASE 65) ]
TOTAL THIS MO.     0
DPTR FM NORMAL     M    [PRESSURE DATA]
TOTAL FM JAN 1     0    HIGHEST SLP M ON M
DPTR FM NORMAL     M    LOWEST  SLP M ON M

[REMARKS]
