000
CXUS54 KMAF 261100
CF66R6
PRELIMINARY LOCAL CLIMATOLOGICAL DATA (WS FORM: F-6)

                                          STATION:   Terrell County Airport
                                          MONTH:     DECEMBER
                                          YEAR:      2014
                                          LATITUDE:   30  2 N
                                          LONGITUDE: 102 13 W

  TEMPERATURE IN F:       :PCPN:    SNOW:  WIND      :SUNSHINE: SKY     :PK WND
================================================================================
1   2   3   4   5  6A  6B    7    8   9   10  11  12  13   14  15   16   17  18
                                     12Z  AVG MX 2MIN
DY MAX MIN AVG DEP HDD CDD  WTR  SNW DPTH SPD SPD DIR MIN PSBL S-S WX    SPD DR
================================================================================

 1  55  41  48  -4  17   0 0.00  0.0    0 12.9 33 350   M    M   0        44 350
 2  60  39  50  -1  15   0 0.00  0.0    0  4.6 10 130   M    M   0        14 150
 3  65  41  53   2  12   0 0.00  0.0    0  3.8 10 120   M    M   0        14 110
 4  65  51  58   7   7   0 0.02  0.0    0  5.8 16 100   M    M   0        20 110
 5  78  50  64  13   1   0 0.00  0.0    0  4.3 10 360   M    M   0        12 360
 6  71  51  61  11   4   0 0.00  0.0    0  7.6 13  10   M    M   0        19  60
 7  58  52  55   5  10   0 0.00  0.0    0  6.0 12  90   M    M   0        15 100
 8  62  53  58   8   7   0 0.00  0.0    0  3.3  8 350   M    M   0        16 190
 9  63  55  59   9   6   0 0.00  0.0    0  5.7 14  90   M    M   0        17 100
10  60  55  58   8   7   0 0.04  0.0    0  5.6 12  90   M    M   0        14 100
11  64  56  60  10   5   0 0.00  0.0    0  3.6  9  90   M    M   0        10 110
12  68  56  62  12   3   0 0.00  0.0    0  4.4 12 140   M    M   0        14 130
13  72  54  63  14   2   0 0.00  0.0    0  7.5 20 100   M    M   0        24  90
14  75  48  62  13   3   0 0.00  0.0    0  7.0 21 220   M    M   0        26 230
15  75  41  58   9   7   0 0.00  0.0    0  4.2 12 250   M    M   0        14 270
16  62  47  55   6  10   0 0.00  0.0    0  7.5 23 100   M    M   0        28 110
17  56  44  50   1  15   0 0.00  0.0    0  6.6 14 120   M    M   0        17 120
18  64  43  54   5  11   0 0.00  0.0    0  3.9  8 350   M    M   0        10 350
19  68  44  56   7   9   0 0.00  0.0    0  6.5 12  80   M    M   0        14  90
20  58  44  51   2  14   0 0.00  0.0    0  5.3 14 120   M    M   0        17 110
21  73  45  59  10   6   0 0.00  0.0    0  7.8 24 220   M    M   0        31 230
22  80  40  60  12   5   0 0.00  0.0    0  9.0 26 230   M    M   0        34 230
23  62  37  50   2  15   0 0.00  0.0    0 12.8 26 350   M    M   0        36 350
24  57  34  46  -2  19   0 0.00  0.0    0  9.0 20 230   M    M   0        26 230
25  59  29  44  -4  21   0 0.00  0.0    0  4.2 14 130   M    M   0        18 120
================================================================================
SM 1630 1150       231   0  0.06     0.0 158.9          M        0
================================================================================
AV 65.2 46.0                               6.4 FASTST   M    M   0    MAX(MPH)
                                 MISC ---->  # 33 350               # 44  350
================================================================================
NOTES:
# LAST OF SEVERAL OCCURRENCES

COLUMN 17 PEAK WIND IN M.P.H.

PRELIMINARY LOCAL CLIMATOLOGICAL DATA (WS FORM: F-6) , PAGE 2

                                          STATION:  Terrell County Airport
                                          MONTH:    DECEMBER
                                          YEAR:     2014
                                          LATITUDE:   30  2 N
                                          LONGITUDE: 102 13 W

[TEMPERATURE DATA]      [PRECIPITATION DATA]       SYMBOLS USED IN COLUMN 16

AVERAGE MONTHLY: 55.6   TOTAL FOR MONTH:   0.06    1 = FOG OR MIST
DPTR FM NORMAL:   6.0   DPTR FM NORMAL:   -0.36    2 = FOG REDUCING VISIBILITY
HIGHEST:    80 ON 22    GRTST 24HR  0.04 ON 10-10      TO 1/4 MILE OR LESS
LOWEST:     29 ON 25                               3 = THUNDER
                        SNOW, ICE PELLETS, HAIL    4 = ICE PELLETS
                        TOTAL MONTH:   0.0 INCH    5 = HAIL
                        GRTST 24HR     0.0         6 = FREEZING RAIN OR DRIZZLE
                        GRTST DEPTH:   0           7 = DUSTSTORM OR SANDSTORM:
                                                       VSBY 1/2 MILE OR LESS
                                                   8 = SMOKE OR HAZE
[NO. OF DAYS WITH]      [WEATHER - DAYS WITH]      9 = BLOWING SNOW
                                                   X = TORNADO
MAX 32 OR BELOW:   0    0.01 INCH OR MORE:   2
MAX 90 OR ABOVE:   0    0.10 INCH OR MORE:   0
MIN 32 OR BELOW:   1    0.50 INCH OR MORE:   0
MIN  0 OR BELOW:   0    1.00 INCH OR MORE:   0

[HDD (BASE 65) ]
TOTAL THIS MO.   231    CLEAR  (SCALE 0-3)  25
DPTR FM NORMAL  -155    PTCLDY (SCALE 4-7)   0
TOTAL FM JUL 1   552    CLOUDY (SCALE 8-10)  0
DPTR FM NORMAL  -127

[CDD (BASE 65) ]
TOTAL THIS MO.     0
DPTR FM NORMAL     0    [PRESSURE DATA]
TOTAL FM JAN 1  3696    HIGHEST SLP M ON M
DPTR FM NORMAL   973    LOWEST  SLP 29.53 ON 22

[REMARKS]
