000
CXUS56 KMFR 011000
CF6AAT
PRELIMINARY LOCAL CLIMATOLOGICAL DATA (WS FORM: F-6)

                                          STATION:   ALTURAS CA
                                          MONTH:     JUNE
                                          YEAR:      2015
                                          LATITUDE:   41 29 N
                                          LONGITUDE: 120 34 W

  TEMPERATURE IN F:       :PCPN:    SNOW:  WIND      :SUNSHINE: SKY     :PK WND
================================================================================
1   2   3   4   5  6A  6B    7    8   9   10  11  12  13   14  15   16   17  18
                                     12Z  AVG MX 2MIN
DY MAX MIN AVG DEP HDD CDD  WTR  SNW DPTH SPD SPD DIR MIN PSBL S-S WX    SPD DR
================================================================================

 1  73  38  56   0   9   0 0.04    M    M  8.1 23 240   M    M   5 1      30 250
 2  71  50  61   5   4   0 0.06    M    M  6.6 18 270   M    M   5 1      24 270
 3  72  46  59   3   6   0 0.03    M    M  5.6 17 180   M    M   5 3      23 170
 4  66  49  58   2   7   0    T    M    M  5.1 15 180   M    M   6        22 120
 5  80  50  65   9   0   0 0.00    M    M  9.0 20  10   M    M   5 8      29  30
 6  85  41  63   6   2   0 0.00    M    M  5.8 18  10   M    M   1        24  20
 7  88  42  65   8   0   0 0.00    M    M  2.6 12 270   M    M   1        15 320
 8  92  48  70  13   0   5 0.00    M    M  3.7 13 160   M    M   1        16 160
 9  91  56  74  16   0   9 0.39    M    M  3.0 25 150   M    M   2 13     35 100
10  82  55  69  11   0   4 0.07    M    M  5.8 18 320   M    M   2 1      23 310
11  87  43  65   7   0   0 0.00    M    M  6.6 17  20   M    M   0        24  30
12  89  50  70  12   0   5 0.00    M    M  4.4 14 280   M    M   0        18  30
13  87  44  66   7   0   1 0.00    M    M  5.0 17 350   M    M   0        24 300
14  90  41  66   7   0   1 0.00    M    M  5.9 22 280   M    M   0        26 270
15  88  46  67   8   0   2 0.00    M    M  5.9 22 260   M    M   0        27 250
16  87  44  66   7   0   1 0.00    M    M  5.5 17 280   M    M   0        22 300
17  89  44  67   7   0   2 0.00    M    M  5.1 20 270   M    M   0        24 260
18  89  44  67   7   0   2 0.00    M    M  8.2 25 270   M    M   0        32 270
19  85  45  65   5   0   0 0.00    M    M  5.3 20 290   M    M   0        29 270
20  88  43  66   6   0   1 0.00    M    M  4.9 23 270   M    M   0        28 270
21  83  49  66   5   0   1 0.00    M    M  9.1 26 270   M    M   0        34 270
22  85  40  63   2   2   0 0.00    M    M  5.6 18 270   M    M   0        24 270
23  88  43  66   5   0   1 0.00    M    M  3.1 14 320   M    M   0        17 320
24  93  45  69   7   0   4 0.00    M    M  5.1 18 330   M    M   0        25 320
25  99  47  73  11   0   8 0.00    M    M  3.8 14  20   M    M   0        17  30
26 101  53  77  15   0  12 0.00    M    M  3.5 18 260   M    M   0 3      24 280
27  99  57  78  15   0  13 0.00    M    M  5.3 20 260   M    M   0        24 260
28  89  60  75  12   0  10 0.00    M    M  4.1 20 190   M    M   0        25 220
29  96  57  77  14   0  12 0.00    M    M  5.7 20 270   M    M   1        24 250
30  99  48  74  11   0   9 0.00    M    M  4.2 18 280   M    M   0        24 280
================================================================================
SM 2611 1418        30 103  0.59    M    161.6          M       34
================================================================================
AV 87.0 47.3                               5.4 FASTST   M    M   1    MAX(MPH)
                                 MISC ---->  # 26 270               # 35  100
================================================================================
NOTES:
# LAST OF SEVERAL OCCURRENCES

COLUMN 17 PEAK WIND IN M.P.H.

PRELIMINARY LOCAL CLIMATOLOGICAL DATA (WS FORM: F-6) , PAGE 2

                                          STATION:  ALTURAS CA
                                          MONTH:    JUNE
                                          YEAR:     2015
                                          LATITUDE:   41 29 N
                                          LONGITUDE: 120 34 W

[TEMPERATURE DATA]      [PRECIPITATION DATA]       SYMBOLS USED IN COLUMN 16

AVERAGE MONTHLY: 67.2   TOTAL FOR MONTH:   0.59    1 = FOG OR MIST
DPTR FM NORMAL:   7.8   DPTR FM NORMAL:   -0.31    2 = FOG REDUCING VISIBILITY
HIGHEST:   101 ON 26    GRTST 24HR  0.46 ON  9-10      TO 1/4 MILE OR LESS
LOWEST:     38 ON  1                               3 = THUNDER
                        SNOW, ICE PELLETS, HAIL    4 = ICE PELLETS
                        TOTAL MONTH:    M          5 = HAIL
                        GRTST 24HR    M  ON   M    6 = FREEZING RAIN OR DRIZZLE
                        GRTST DEPTH:  M  ON   M    7 = DUSTSTORM OR SANDSTORM:
                                                       VSBY 1/2 MILE OR LESS
                                                   8 = SMOKE OR HAZE
[NO. OF DAYS WITH]      [WEATHER - DAYS WITH]      9 = BLOWING SNOW
                                                   X = TORNADO
MAX 32 OR BELOW:   0    0.01 INCH OR MORE:   5
MAX 90 OR ABOVE:   9    0.10 INCH OR MORE:   1
MIN 32 OR BELOW:   0    0.50 INCH OR MORE:   0
MIN  0 OR BELOW:   0    1.00 INCH OR MORE:   0

[HDD (BASE 65) ]
TOTAL THIS MO.    30    CLEAR  (SCALE 0-3)  25
DPTR FM NORMAL  -150    PTCLDY (SCALE 4-7)   5
TOTAL FM JUL 1  5235    CLOUDY (SCALE 8-10)  0
DPTR FM NORMAL -1702

[CDD (BASE 65) ]
TOTAL THIS MO.   103
DPTR FM NORMAL    92    [PRESSURE DATA]
TOTAL FM JAN 1   103    HIGHEST SLP M ON M
DPTR FM NORMAL    92    LOWEST  SLP 29.72 ON 14

[REMARKS]
#FINAL-06-15#
