000
CXUS54 KSJT 261210
CF6ABI
PRELIMINARY LOCAL CLIMATOLOGICAL DATA (WS FORM: F-6)

                                          STATION:   ABILENE
                                          MONTH:     SEPTEMBER
                                          YEAR:      2016
                                          LATITUDE:   32 25 N
                                          LONGITUDE:  99 41 W

  TEMPERATURE IN F:       :PCPN:    SNOW:  WIND      :SUNSHINE: SKY     :PK WND
================================================================================
1   2   3   4   5  6A  6B    7    8   9   10  11  12  13   14  15   16   17  18
                                     12Z  AVG MX 2MIN
DY MAX MIN AVG DEP HDD CDD  WTR  SNW DPTH SPD SPD DIR MIN PSBL S-S WX    SPD DR
================================================================================

 1  84  70  77  -3   0  12 1.20  0.0    0  7.5 25  20   M    M   6 13     36  30
 2  85  70  78  -2   0  13    T  0.0    0  5.1 13  50   M    M   6 1      16  60
 3  88  69  79  -1   0  14 0.00  0.0    0  8.5 17 140   M    M   1 1      21 150
 4  89  71  80   1   0  15    T  0.0    0 12.2 20 140   M    M   3 1      27 120
 5  89  69  79   0   0  14 0.00  0.0    0 12.9 24 190   M    M   1        29 180
 6  91  74  83   4   0  18 0.00  0.0    0 14.8 26 190   M    M   3        34 190
 7  91  74  83   5   0  18 0.00  0.0    0 12.7 23 200   M    M   3        31 210
 8  94  74  84   6   0  19 0.00  0.0    0 12.4 20 200   M    M   0        26 210
 9  94  73  84   6   0  19 0.00  0.0    0 12.8 21 180   M    M   0        27 200
10  80  65  73  -4   0   8 0.29  0.0    0  8.9 23  50   M    M   7 1      32  60
11  86  59  73  -4   0   8 0.00  0.0    0  5.7 15 160   M    M   0        21 180
12  90  67  79   2   0  14 0.00  0.0    0 11.6 20 170   M    M   0 8      27 310
13  88  71  80   4   0  15 0.00  0.0    0  9.2 16 200   M    M   1        23 150
14  88  68  78   2   0  13 0.41  0.0    0  4.6 22 120   M    M   3 13     25 290
15  85  69  77   1   0  12 0.23  0.0    0  6.8 16  70   M    M   2 13     21  70
16  88  64  76   1   0  11 0.81  0.0    0  9.1 36 300   M    M   1 13     44 290
17  88  65  77   2   0  12    T  0.0    0  4.6 20 160   M    M   0        26 160
18  91  67  79   4   0  14 0.00  0.0    0  6.8 15 180   M    M   0        23 160
19  94  74  84  10   0  19 0.00  0.0    0  8.0 16 210   M    M   1        24 220
20  93  73  83   9   0  18 0.00  0.0    0  7.9 14 220   M    M   0        19 190
21  91  68  80   6   0  15 0.00  0.0    0  7.2 14 160   M    M   1        18 170
22  89  67  78   5   0  13 0.00  0.0    0  9.2 16 210   M    M   0        21 210
23  89  68  79   6   0  14 0.00  0.0    0 11.4 21 130   M    M   3        27 140
24  90  66  78   5   0  13 1.35  0.0    0 12.1 26 290   M    M   4 13     32 280
25  71  60  66  -6   0   1 1.29  0.0    0  9.5 23 360   M    M  10 13     28 360
================================================================================
SM 2206 1715         0 342  5.58     0.0 231.5          M       56
================================================================================
AV 88.2 68.6                               9.3 FASTST   M    M   2    MAX(MPH)
                                 MISC ---->  # 36 300               # 44  290
================================================================================
NOTES:
# LAST OF SEVERAL OCCURRENCES

COLUMN 17 PEAK WIND IN M.P.H.

PRELIMINARY LOCAL CLIMATOLOGICAL DATA (WS FORM: F-6) , PAGE 2

                                          STATION:  ABILENE
                                          MONTH:    SEPTEMBER
                                          YEAR:     2016
                                          LATITUDE:   32 25 N
                                          LONGITUDE:  99 41 W

[TEMPERATURE DATA]      [PRECIPITATION DATA]       SYMBOLS USED IN COLUMN 16

AVERAGE MONTHLY: 78.4   TOTAL FOR MONTH:   5.58    1 = FOG OR MIST
DPTR FM NORMAL:   2.1   DPTR FM NORMAL:    3.70    2 = FOG REDUCING VISIBILITY
HIGHEST:    94 ON 19, 9 GRTST 24HR  2.63 ON 24-25      TO 1/4 MILE OR LESS
LOWEST:     59 ON 11                               3 = THUNDER
                        SNOW, ICE PELLETS, HAIL    4 = ICE PELLETS
                        TOTAL MONTH:   0.0 INCH    5 = HAIL
                        GRTST 24HR     0.0         6 = FREEZING RAIN OR DRIZZLE
                        GRTST DEPTH:   0           7 = DUSTSTORM OR SANDSTORM:
                                                       VSBY 1/2 MILE OR LESS
                                                   8 = SMOKE OR HAZE
[NO. OF DAYS WITH]      [WEATHER - DAYS WITH]      9 = BLOWING SNOW
                                                   X = TORNADO
MAX 32 OR BELOW:   0    0.01 INCH OR MORE:   7
MAX 90 OR ABOVE:  10    0.10 INCH OR MORE:   7
MIN 32 OR BELOW:   0    0.50 INCH OR MORE:   4
MIN  0 OR BELOW:   0    1.00 INCH OR MORE:   3

[HDD (BASE 65) ]
TOTAL THIS MO.     0    CLEAR  (SCALE 0-3)  19
DPTR FM NORMAL    -6    PTCLDY (SCALE 4-7)   5
TOTAL FM JUL 1     0    CLOUDY (SCALE 8-10)  1
DPTR FM NORMAL    -6

[CDD (BASE 65) ]
TOTAL THIS MO.   342
DPTR FM NORMAL    52    [PRESSURE DATA]
TOTAL FM JAN 1  2341    HIGHEST SLP M ON M
DPTR FM NORMAL   106    LOWEST  SLP 29.77 ON  9

[REMARKS]
