000
CXUS55 KABQ 281000
CF6ABQ
PRELIMINARY LOCAL CLIMATOLOGICAL DATA (WS FORM: F-6)

                                          STATION:   ALBUQUERQUE  NM
                                          MONTH:     AUGUST
                                          YEAR:      2015
                                          LATITUDE:   35  2 N
                                          LONGITUDE: 106 37 W

  TEMPERATURE IN F:       :PCPN:    SNOW:  WIND      :SUNSHINE: SKY     :PK WND
================================================================================
1   2   3   4   5  6A  6B    7    8   9   10  11  12  13   14  15   16   17  18
                                     12Z  AVG MX 2MIN
DY MAX MIN AVG DEP HDD CDD  WTR  SNW DPTH SPD SPD DIR MIN PSBL S-S WX    SPD DR
================================================================================

 1  88  66  77   0   0  12 0.08  0.0    0  6.5 26 280   M    M   7 13     34 240
 2  83  66  75  -2   0  10    T  0.0    0  6.0 20 220   M    M   7        24 220
 3  90  63  77   0   0  12 0.01  0.0    0  7.4 21 310   M    M   2        26 320
 4  94  64  79   2   0  14 0.00  0.0    0  4.2 17 330   M    M   2        22 300
 5  96  64  80   3   0  15 0.00  0.0    0  4.6 17 280   M    M   2        24 290
 6  98  65  82   5   0  17 0.00  0.0    0  7.0 16 320   M    M   6        20 330
 7  93  69  81   4   0  16    T  0.0    0  8.4 26  10   M    M   7        33 270
 8  86  64  75  -2   0  10 0.16  0.0    0  5.6 40 250   M    M   7 3      49 250
 9  91  61  76  -1   0  11 0.00  0.0    0  5.0 15 340   M    M   3        18 310
10  91  68  80   3   0  15 0.01  0.0    0 12.7 36 120   M    M   6 3      43 120
11  89  67  78   1   0  13 0.00  0.0    0  9.6 24  90   M    M   5 3      30  90
12  92  68  80   3   0  15 0.00  0.0    0  6.3 14 220   M    M   3        17 190
13  95  66  81   4   0  16 0.00  0.0    0  5.2 12 230   M    M   1        15 200
14  98  71  85   9   0  20 0.00  0.0    0  8.5 30 100   M    M   3        39  90
15  98  69  84   8   0  19 0.04  0.0    0  8.0 23 170   M    M   6 3      28  20
16  97  68  83   7   0  18    T  0.0    0  5.2 31  90   M    M   5 3      41 290
17  96  70  83   7   0  18 0.00  0.0    0  9.0 29  80   M    M   3        34  80
18  98  65  82   6   0  17 0.00  0.0    0  8.4 22 330   M    M   3        28 300
19  90  67  79   3   0  14 0.00  0.0    0 10.5 26  80   M    M   0        33  80
20  94  62  78   2   0  13 0.00  0.0    0  7.6 26  80   M    M   3        31  80
21  89  70  80   4   0  15    T  0.0    0 10.2 25 230   M    M   6 3      33 260
22  93  64  79   3   0  14    T  0.0    0  5.5 20 300   M    M   5        24 310
23  86  69  78   2   0  13    T  0.0    0 12.8 29 100   M    M   8 3      35 110
24  88  65  77   1   0  12 0.00  0.0    0  7.6 22  80   M    M   5        26  80
25  90  66  78   3   0  13 0.00  0.0    0  6.9 26 210   M    M   5        33 190
26  83  63  73  -2   0   8 0.02  0.0    0  7.8 22 280   M    M   8 3      29 290
27  86  63  75   0   0  10    T  0.0    0  6.8 16 190   M    M   8        22 290
================================================================================
SM 2472 1783         0 380  0.32     0.0 203.3          M      126
================================================================================
AV 91.6 66.0                               7.5 FASTST   M    M   5    MAX(MPH)
                                 MISC ---->  # 40 250               # 49  250
================================================================================
NOTES:
# LAST OF SEVERAL OCCURRENCES

COLUMN 17 PEAK WIND IN M.P.H.

PRELIMINARY LOCAL CLIMATOLOGICAL DATA (WS FORM: F-6) , PAGE 2

                                          STATION:  ALBUQUERQUE  NM
                                          MONTH:    AUGUST
                                          YEAR:     2015
                                          LATITUDE:   35  2 N
                                          LONGITUDE: 106 37 W

[TEMPERATURE DATA]      [PRECIPITATION DATA]       SYMBOLS USED IN COLUMN 16

AVERAGE MONTHLY: 78.8   TOTAL FOR MONTH:   0.32    1 = FOG OR MIST
DPTR FM NORMAL:   2.4   DPTR FM NORMAL:   -1.10    2 = FOG REDUCING VISIBILITY
HIGHEST:    98 ON 18,15 GRTST 24HR  0.16 ON  8- 8      TO 1/4 MILE OR LESS
LOWEST:     61 ON  9                               3 = THUNDER
                        SNOW, ICE PELLETS, HAIL    4 = ICE PELLETS
                        TOTAL MONTH:   0.0 INCH    5 = HAIL
                        GRTST 24HR     0.0         6 = FREEZING RAIN OR DRIZZLE
                        GRTST DEPTH:   0           7 = DUSTSTORM OR SANDSTORM:
                                                       VSBY 1/2 MILE OR LESS
                                                   8 = SMOKE OR HAZE
[NO. OF DAYS WITH]      [WEATHER - DAYS WITH]      9 = BLOWING SNOW
                                                   X = TORNADO
MAX 32 OR BELOW:   0    0.01 INCH OR MORE:   6
MAX 90 OR ABOVE:  18    0.10 INCH OR MORE:   1
MIN 32 OR BELOW:   0    0.50 INCH OR MORE:   0
MIN  0 OR BELOW:   0    1.00 INCH OR MORE:   0

[HDD (BASE 65) ]
TOTAL THIS MO.     0    CLEAR  (SCALE 0-3)   8
DPTR FM NORMAL     0    PTCLDY (SCALE 4-7)  18
TOTAL FM JUL 1     0    CLOUDY (SCALE 8-10)  1
DPTR FM NORMAL     0

[CDD (BASE 65) ]
TOTAL THIS MO.   380
DPTR FM NORMAL    73    [PRESSURE DATA]
TOTAL FM JAN 1  1175    HIGHEST SLP M ON M
DPTR FM NORMAL    57    LOWEST  SLP 29.56 ON 18

[REMARKS]
