000
CXUS55 KABR 261400
CF6ABR
PRELIMINARY LOCAL CLIMATOLOGICAL DATA (WS FORM: F-6)

                                          STATION:   ABERDEEN SD
                                          MONTH:     FEBRUARY
                                          YEAR:      2015
                                          LATITUDE:   45 27 N
                                          LONGITUDE:  98 26 W

  TEMPERATURE IN F:       :PCPN:    SNOW:  WIND      :SUNSHINE: SKY     :PK WND
================================================================================
1   2   3   4   5  6A  6B    7    8   9   10  11  12  13   14  15   16   17  18
                                     12Z  AVG MX 2MIN
DY MAX MIN AVG DEP HDD CDD  WTR  SNW DPTH SPD SPD DIR MIN PSBL S-S WX    SPD DR
================================================================================

 1   8  -9   0 -13  65   0 0.01  0.2    T 15.6 26  10   M    M   5 8      33  10
 2  19  -9   5  -9  60   0 0.00  0.0    T  9.1 18 170   M    M   3        23 190
 3  15   4  10  -4  55   0 0.06  1.2    T  5.7 12 360   M    M   8 18     14  10
 4  10 -12  -1 -15  66   0 0.00  0.0    0 10.7 23 330   M    M   1        28 320
 5  31  -1  15   1  50   0 0.00  0.0    1 11.5 22 170   M    M   0        27 170
 6  36  12  24   9  41   0 0.00  0.0    1  4.6 12 180   M    M   2 18     14 180
 7  47  19  33  18  32   0    T  0.0    T  4.6 15 350   M    M   2 18     19 350
 8  36  21  29  14  36   0 0.06  0.0    0 10.4 18  30   M    M  10 16     23  30
 9  31  19  25   9  40   0 0.00  0.0    0  7.9 16 140   M    M  10 1      22 140
10  37  17  27  11  38   0 0.07    T    0 17.2 36 320   M    M  10 126    45 310
11  20   0  10  -6  55   0    T    T    0 20.6 33 330   M    M   5 8      40 340
12  17  -3   7  -9  58   0 0.07  0.7    0 10.2 18 180   M    M   5 8      23 150
13  32   6  19   2  46   0    T    T    1  7.8 17  10   M    M   7 1      23  30
14  20  -4   8  -9  57   0    T    T    T 13.5 26  30   M    M   6 8      33  30
15  23   5  14  -4  51   0 0.02  0.3    T 11.5 18 180   M    M  10        23 190
16  23  10  17  -1  48   0 0.01  1.0    T  9.6 21 350   M    M   9 1      25 340
17  14  -4   5 -13  60   0    T  0.0    1 18.2 31 330   M    M   5 8      39 330
18   8  -9   0 -19  65   0 0.00  0.0    T  9.2 18 350   M    M   2 8      23 310
19  23 -11   6 -13  59   0 0.00  0.0    T 11.3 20 180   M    M   7        25 170
20  39  18  29  10  36   0    T  0.1    T  9.4 18  10   M    M  10 1      23  10
21  21   1  11  -9  54   0    T  0.1    T 14.3 25 340   M    M   6 18     30 340
22   5 -12  -3 -23  68   0 0.00  0.0    T 11.2 21 340   M    M   0        25 350
23  36  -9  14  -7  51   0 0.00  0.0    T 14.1 29 220   M    M   2        36 220
24  35  21  28   7  37   0    T    T    T 14.2 24 340   M    M   8        32 340
25  21  -7   7 -14  58   0 0.07  1.5    1 16.1 24 360   M    M   7 18     31  30
================================================================================
SM  607   63      1286   0  0.37     5.1 288.5          M      140
================================================================================
AV 24.3  2.5                              11.5 FASTST   M    M   6    MAX(MPH)
                                 MISC ---->  # 36 320               # 45  310
================================================================================
NOTES:
# LAST OF SEVERAL OCCURRENCES

COLUMN 17 PEAK WIND IN M.P.H.

PRELIMINARY LOCAL CLIMATOLOGICAL DATA (WS FORM: F-6) , PAGE 2

                                          STATION:  ABERDEEN SD
                                          MONTH:    FEBRUARY
                                          YEAR:     2015
                                          LATITUDE:   45 27 N
                                          LONGITUDE:  98 26 W

[TEMPERATURE DATA]      [PRECIPITATION DATA]       SYMBOLS USED IN COLUMN 16

AVERAGE MONTHLY: 13.4   TOTAL FOR MONTH:   0.37    1 = FOG OR MIST
DPTR FM NORMAL:  -3.6   DPTR FM NORMAL:   -0.10    2 = FOG REDUCING VISIBILITY
HIGHEST:    47 ON  7    GRTST 24HR  0.07 ON 25-25      TO 1/4 MILE OR LESS
LOWEST:    -12 ON 22, 4                            3 = THUNDER
                        SNOW, ICE PELLETS, HAIL    4 = ICE PELLETS
                        TOTAL MONTH:   5.1 INCHES  5 = HAIL
                        GRTST 24HR   1.5 ON 25-25  6 = FREEZING RAIN OR DRIZZLE
                        GRTST DEPTH:   1 ON 25,17  7 = DUSTSTORM OR SANDSTORM:
                                                       VSBY 1/2 MILE OR LESS
                                                   8 = SMOKE OR HAZE
[NO. OF DAYS WITH]      [WEATHER - DAYS WITH]      9 = BLOWING SNOW
                                                   X = TORNADO
MAX 32 OR BELOW:  18    0.01 INCH OR MORE:   8
MAX 90 OR ABOVE:   0    0.10 INCH OR MORE:   0
MIN 32 OR BELOW:  25    0.50 INCH OR MORE:   0
MIN  0 OR BELOW:  13    1.00 INCH OR MORE:   0

[HDD (BASE 65) ]
TOTAL THIS MO.  1286    CLEAR  (SCALE 0-3)   8
DPTR FM NORMAL    85    PTCLDY (SCALE 4-7)  10
TOTAL FM JUL 1  6086    CLOUDY (SCALE 8-10)  7
DPTR FM NORMAL  -249

[CDD (BASE 65) ]
TOTAL THIS MO.     0
DPTR FM NORMAL     0    [PRESSURE DATA]
TOTAL FM JAN 1     0    HIGHEST SLP M ON M
DPTR FM NORMAL     0    LOWEST  SLP 29.56 ON  7

[REMARKS]
