062
CXUS56 KEKA 251230
CF6ACV
PRELIMINARY LOCAL CLIMATOLOGICAL DATA (WS FORM: F-6)

                                          STATION:   ARCATA CA
                                          MONTH:     FEBRUARY
                                          YEAR:      2018
                                          LATITUDE:   40 58 N
                                          LONGITUDE: 124  6 W

  TEMPERATURE IN F:       :PCPN:    SNOW:  WIND      :SUNSHINE: SKY     :PK WND
================================================================================
1   2   3   4   5  6A  6B    7    8   9   10  11  12  13   14  15   16   17  18
                                     12Z  AVG MX 2MIN
DY MAX MIN AVG DEP HDD CDD  WTR  SNW DPTH SPD SPD DIR MIN PSBL S-S WX    SPD DR
================================================================================

 1  65  40  53   6  12   0 0.00  0.0    0  3.2 10 320   M    M   0 18     13 310
 2  67  43  55   8  10   0    T    M    0  4.8 18 340   M    M   0 1      23 330
 3  72  41  57  10   8   0 0.00  0.0    0  3.6 20 340   M    M   2 12     23 340
 4  64  43  54   7  11   0 0.00  0.0    0  3.5 20 340   M    M   3 2      25 330
 5  65  45  55   8  10   0 0.00  0.0    0  2.8 14 330   M    M   7 28     16 330
 6  68  38  53   6  12   0 0.00  0.0    0  4.4 16 340   M    M   0 8      20 340
 7  74  42  58  11   7   0 0.00  0.0    0  3.0  8 290   M    M   0 8       9 310
 8  66  44  55   8  10   0 0.00  0.0    0  3.2 10 280   M    M   0 1      24 270
 9  55  46  51   4  14   0 0.00  0.0    0  2.0 13 320   M    M   9 12     15 330
10  57  38  48   1  17   0 0.00  0.0    0  4.2 15 330   M    M   5 18     18 330
11  52  37  45  -2  20   0 0.16    M    0  4.5 13 360   M    M   6 1      16 350
12  57  37  47   0  18   0 0.00  0.0    0  6.7 21 350   M    M   1 1      28 360
13  60  33  47   0  18   0 0.00  0.0    0  5.3 12 230   M    M   0 8      20 270
14  55  36  46  -1  19   0 0.02    M    0  6.2 18  10   M    M   5 18     26  10
15  56  32  44  -3  21   0 0.00  0.0    0  6.4 21 350   M    M   0 18     27 330
16  57  34  46  -1  19   0 0.00  0.0    0  7.4 22 340   M    M   1 18     27 320
17  57  38  48   1  17   0 0.17    M    0  3.8 14 280   M    M   7 18     17 290
18  50  35  43  -4  22   0 0.48    M    M  8.3 33 330   M    M   9 18     41 320
19  50  31  41  -6  24   0 0.17    M    0  6.8 25 350   M    M   4 18     35 350
20  49  27  38  -9  27   0    T  0.0    0  4.6 12 170   M    M   6        14 180
21  53  37  45  -2  20   0 0.01  0.0    0  7.8 22 330   M    M   8        25 330
22  51  35  43  -4  22   0 0.42    M    0  8.7 25 340   M    M   7 1      32 340
23  50  28  39  -8  26   0 0.00  0.0    0  7.6 21 320   M    M   0        24 320
24  53  37  45  -2  20   0 0.26    M    0  5.1 18 350   M    M   8 1      24 350
================================================================================
SM 1403  897       404   0  1.69     0.0 123.9          M       88
================================================================================
AV 58.5 37.4                               5.2 FASTST   M    M   4    MAX(MPH)
                                 MISC ---->  # 33 330               # 41  320
================================================================================
NOTES:
# LAST OF SEVERAL OCCURRENCES

COLUMN 17 PEAK WIND IN M.P.H.

PRELIMINARY LOCAL CLIMATOLOGICAL DATA (WS FORM: F-6) , PAGE 2

                                          STATION:  ARCATA CA
                                          MONTH:    FEBRUARY
                                          YEAR:     2018
                                          LATITUDE:   40 58 N
                                          LONGITUDE: 124  6 W

[TEMPERATURE DATA]      [PRECIPITATION DATA]       SYMBOLS USED IN COLUMN 16

AVERAGE MONTHLY: 47.9   TOTAL FOR MONTH:   1.69    1 = FOG OR MIST
DPTR FM NORMAL:   0.9   DPTR FM NORMAL:   -3.94    2 = FOG REDUCING VISIBILITY
HIGHEST:    74 ON  7    GRTST 24HR  0.48 ON 18-18      TO 1/4 MILE OR LESS
LOWEST:     27 ON 20                               3 = THUNDER
                        SNOW, ICE PELLETS, HAIL    4 = ICE PELLETS
                        TOTAL MONTH:   0.0 INCH    5 = HAIL
                        GRTST 24HR     0.0         6 = FREEZING RAIN OR DRIZZLE
                        GRTST DEPTH:   0           7 = DUSTSTORM OR SANDSTORM:
                                                       VSBY 1/2 MILE OR LESS
                                                   8 = SMOKE OR HAZE
[NO. OF DAYS WITH]      [WEATHER - DAYS WITH]      9 = BLOWING SNOW
                                                   X = TORNADO
MAX 32 OR BELOW:   0    0.01 INCH OR MORE:   8
MAX 90 OR ABOVE:   0    0.10 INCH OR MORE:   6
MIN 32 OR BELOW:   4    0.50 INCH OR MORE:   0
MIN  0 OR BELOW:   0    1.00 INCH OR MORE:   0

[HDD (BASE 65) ]
TOTAL THIS MO.   404    CLEAR  (SCALE 0-3)  12
DPTR FM NORMAL   -28    PTCLDY (SCALE 4-7)  10
TOTAL FM JUL 1  2666    CLOUDY (SCALE 8-10)  2
DPTR FM NORMAL  -574

[CDD (BASE 65) ]
TOTAL THIS MO.     0
DPTR FM NORMAL     0    [PRESSURE DATA]
TOTAL FM JAN 1     0    HIGHEST SLP M ON M
DPTR FM NORMAL     0    LOWEST  SLP 29.94 ON M

[REMARKS]
