000
CXUS51 KPHI 200800
CF6ACY
PRELIMINARY LOCAL CLIMATOLOGICAL DATA (WS FORM: F-6)

                                          STATION:   ATLANTIC CITY NJ
                                          MONTH:     JANUARY
                                          YEAR:      2018
                                          LATITUDE:   39 27 N
                                          LONGITUDE:  74 34 W

  TEMPERATURE IN F:       :PCPN:    SNOW:  WIND      :SUNSHINE: SKY     :PK WND
================================================================================
1   2   3   4   5  6A  6B    7    8   9   10  11  12  13   14  15   16   17  18
                                     12Z  AVG MX 2MIN
DY MAX MIN AVG DEP HDD CDD  WTR  SNW DPTH SPD SPD DIR MIN PSBL S-S WX    SPD DR
================================================================================

 1  21   4  13 -21  52   0 0.00  0.0    1 12.5 23 300   M    M   0        31 320
 2  27  10  19 -15  46   0 0.00  0.0    0  9.7 18 280   M    M   0        24 290
 3  32   3  18 -16  47   0 0.03  1.0    0  4.1 13  10   M    M   3 1      16  10
 4  30  16  23 -10  42   0 0.80 13.2    5 25.3 37 310   M    M   9 1289   53 340
 5  18  11  15 -18  50   0 0.00  0.0   14 20.6 31 300   M    M   0 9      48 290
 6  16   7  12 -21  53   0 0.00  0.0   13 16.2 29 290   M    M   0        41 290
 7  20  -3   9 -24  56   0 0.00  0.0   12  6.7 15 310   M    M   0        17 310
 8  37  11  24  -9  41   0 0.16  0.0   11  9.5 20 230   M    M   4 1      28 240
 9  45  23  34   1  31   0 0.00  0.0    3  6.8 20 300   M    M   4 12     26 300
10  44  20  32  -1  33   0 0.00  0.0    1  3.2 10 110   M    M   4        13 140
11  62  39  51  18  14   0 0.00  0.0    T  6.3 14 180   M    M   6 12     22 180
12  62  54  58  25   7   0 0.15  0.0    0 14.1 23 180   M    M  10 12     41 180
13  58  22  40   7  25   0 0.16  0.0    0 19.1 29 310   M    M   6 12     38 300
14  28  14  21 -12  44   0 0.00  0.0    0 10.6 21 330   M    M   0        29 320
15  35  16  26  -7  39   0 0.00  0.0    0  9.8 24  60   M    M   7        33  50
16  45  24  35   2  30   0 0.00  0.0    0  4.7 13 110   M    M   5        18 110
17  39  23  31  -2  34   0 0.14    T    0 12.2 20 330   M    M   8 1      26 310
18  37  19  28  -5  37   0 0.00  0.0    0 11.7 24 320   M    M   0        31 320
19  48  17  33   0  32   0 0.00  0.0    0  6.8 18 260   M    M   0        26 250
================================================================================
SM  704  330       713   0  1.44    14.2 209.9          M       66
================================================================================
AV 37.1 17.4                              11.0 FASTST   M    M   3    MAX(MPH)
                                 MISC ---->  # 37 310               # 53  340
================================================================================
NOTES:
# LAST OF SEVERAL OCCURRENCES

COLUMN 17 PEAK WIND IN M.P.H.

PRELIMINARY LOCAL CLIMATOLOGICAL DATA (WS FORM: F-6) , PAGE 2

                                          STATION:  ATLANTIC CITY NJ
                                          MONTH:    JANUARY
                                          YEAR:     2018
                                          LATITUDE:   39 27 N
                                          LONGITUDE:  74 34 W

[TEMPERATURE DATA]      [PRECIPITATION DATA]       SYMBOLS USED IN COLUMN 16

AVERAGE MONTHLY: 27.2   TOTAL FOR MONTH:   1.44    1 = FOG OR MIST
DPTR FM NORMAL:  -5.9   DPTR FM NORMAL:   -0.57    2 = FOG REDUCING VISIBILITY
HIGHEST:    62 ON 12,11 GRTST 24HR  0.80 ON  4- 4      TO 1/4 MILE OR LESS
LOWEST:     -3 ON  7                               3 = THUNDER
                        SNOW, ICE PELLETS, HAIL    4 = ICE PELLETS
                        TOTAL MONTH:  14.2 INCHES  5 = HAIL
                        GRTST 24HR  13.2 ON  4- 4  6 = FREEZING RAIN OR DRIZZLE
                        GRTST DEPTH:  14 ON  5     7 = DUSTSTORM OR SANDSTORM:
                                                       VSBY 1/2 MILE OR LESS
                                                   8 = SMOKE OR HAZE
[NO. OF DAYS WITH]      [WEATHER - DAYS WITH]      9 = BLOWING SNOW
                                                   X = TORNADO
MAX 32 OR BELOW:   8    0.01 INCH OR MORE:   6
MAX 90 OR ABOVE:   0    0.10 INCH OR MORE:   5
MIN 32 OR BELOW:  17    0.50 INCH OR MORE:   1
MIN  0 OR BELOW:   1    1.00 INCH OR MORE:   0

[HDD (BASE 65) ]
TOTAL THIS MO.   713    CLEAR  (SCALE 0-3)   9
DPTR FM NORMAL   107    PTCLDY (SCALE 4-7)   8
TOTAL FM JUL 1  2327    CLOUDY (SCALE 8-10)  2
DPTR FM NORMAL   -48

[CDD (BASE 65) ]
TOTAL THIS MO.     0
DPTR FM NORMAL     0    [PRESSURE DATA]
TOTAL FM JAN 1     0    HIGHEST SLP M ON M
DPTR FM NORMAL     0    LOWEST  SLP 29.28 ON  4

[REMARKS]
