000
CXUS54 KLZK 261130
CF6ADF
PRELIMINARY LOCAL CLIMATOLOGICAL DATA (WS FORM: F-6)

                                          STATION:   Arkadelphia Airport
                                          MONTH:     MAY
                                          YEAR:      2017
                                          LATITUDE:   34  9 N
                                          LONGITUDE:  93  4 W

  TEMPERATURE IN F:       :PCPN:    SNOW:  WIND      :SUNSHINE: SKY     :PK WND
================================================================================
1   2   3   4   5  6A  6B    7    8   9   10  11  12  13   14  15   16   17  18
                                     12Z  AVG MX 2MIN
DY MAX MIN AVG DEP HDD CDD  WTR  SNW DPTH SPD SPD DIR MIN PSBL S-S WX    SPD DR
================================================================================

 1  74  48  61  -5   4   0    M    M    0  9.9 18 240   M    M   0        30 240
 2  81  47  64  -2   1   0    M    M    0  0.9  6 200   M    M   0         M  M
 3   M   M   M   M   M   M 3.02    M    0  3.3 14 330   M    M   6 13     22 330
 4  68  53  61  -6   4   0 0.00  0.0    0 10.3 18 330   M    M   5        30 330
 5  75  54  65  -2   0   0 0.00  0.0    0  8.3 15 330   M    M   0        27 350
 6  80  49  65  -2   0   0 0.00  0.0    0  2.8  9 260   M    M   0        17 270
 7  83  55  69   1   0   4 0.00  0.0    0  1.6  7  20   M    M   0         M  M
 8  84  58  71   3   0   6 0.00  0.0    0  2.1 10 200   M    M   1 1       M  M
 9  83  58  71   3   0   6 0.00  0.0    0  3.7 10 190   M    M   1 1      17 230
10  83  62  73   5   0   8 0.00  0.0    0  3.8 13 200   M    M   2 1       M  M
11   M   M   M   M   M   M    T    M    0  4.0 15 190   M    M   6 13     20 190
12  74  63  69   0   0   4 0.00  0.0    0  4.6 10  20   M    M   8 13      M  M
13  78  57  68  -1   0   3 0.00  0.0    0  4.6 12  20   M    M   1        18  40
14  82  53  68  -2   0   3 0.00  0.0    0  1.3  6 190   M    M   0         M  M
15  85  58  72   2   0   7 0.00  0.0    0  2.3  8 190   M    M   0         M  M
16  85  59  72   2   0   7 0.00  0.0    0  5.3 14 170   M    M   1 1      24 170
17  81  66  74   4   0   9    T  0.0    0  5.9 16 190   M    M   7 1      25 190
18  88  70  79   8   0  14    M  0.0    0  3.6  9 170   M    M   7 1      17 180
19  88  70  79   8   0  14    M  0.0    0  3.5 10 180   M    M   7 3      17 160
20  78  65  72   1   0   7 0.13  0.0    0  2.7  8 340   M    M   7 13      M  M
21  79  60  70  -1   0   5 0.00  0.0    0  3.9 13  10   M    M   3         M  M
22  71  60  66  -6   0   1 0.00  0.0    0  2.7  8  20   M    M   5 1       M  M
23  77  58  68  -4   0   3 0.21  0.0    0  4.4  9 270   M    M   0 3       M  M
24  71  54  63  -9   2   0 0.02  0.0    M  7.3 15 300   M    M   3        23 310
25  83  48  66  -6   0   1 0.00  0.0    0  4.2 13 180   M    M   0        18 180
================================================================================
SM 1831 1325        11 102  3.38     0.0 107.0          M       70
================================================================================
AV 79.6 57.6                               4.3 FASTST   M    M   3    MAX(MPH)
                                 MISC ---->  # 18 240               # 30  240
================================================================================
NOTES:
# LAST OF SEVERAL OCCURRENCES

COLUMN 17 PEAK WIND IN M.P.H.

PRELIMINARY LOCAL CLIMATOLOGICAL DATA (WS FORM: F-6) , PAGE 2

                                          STATION:  Arkadelphia Airport
                                          MONTH:    MAY
                                          YEAR:     2017
                                          LATITUDE:   34  9 N
                                          LONGITUDE:  93  4 W

[TEMPERATURE DATA]      [PRECIPITATION DATA]       SYMBOLS USED IN COLUMN 16

AVERAGE MONTHLY: 68.6   TOTAL FOR MONTH:   3.38    1 = FOG OR MIST
DPTR FM NORMAL:  -0.6   DPTR FM NORMAL:   -1.96    2 = FOG REDUCING VISIBILITY
HIGHEST:    88 ON 19,18 GRTST 24HR  3.02 ON  3- 3      TO 1/4 MILE OR LESS
LOWEST:     47 ON  2                               3 = THUNDER
                        SNOW, ICE PELLETS, HAIL    4 = ICE PELLETS
                        TOTAL MONTH:   0.0 INCH    5 = HAIL
                        GRTST 24HR     0.0         6 = FREEZING RAIN OR DRIZZLE
                        GRTST DEPTH:   0           7 = DUSTSTORM OR SANDSTORM:
                                                       VSBY 1/2 MILE OR LESS
                                                   8 = SMOKE OR HAZE
[NO. OF DAYS WITH]      [WEATHER - DAYS WITH]      9 = BLOWING SNOW
                                                   X = TORNADO
MAX 32 OR BELOW:   0    0.01 INCH OR MORE:   4
MAX 90 OR ABOVE:   0    0.10 INCH OR MORE:   3
MIN 32 OR BELOW:   0    0.50 INCH OR MORE:   1
MIN  0 OR BELOW:   0    1.00 INCH OR MORE:   1

[HDD (BASE 65) ]
TOTAL THIS MO.    11    CLEAR  (SCALE 0-3)  16
DPTR FM NORMAL   -10    PTCLDY (SCALE 4-7)   9
TOTAL FM JUL 1  2019    CLOUDY (SCALE 8-10)  0
DPTR FM NORMAL -1007

[CDD (BASE 65) ]
TOTAL THIS MO.   102
DPTR FM NORMAL   -24    [PRESSURE DATA]
TOTAL FM JAN 1   227    HIGHEST SLP M ON M
DPTR FM NORMAL    41    LOWEST  SLP M ON M

[REMARKS]
