000
CXAK56 PAFC 211335 RRA
CF6ADQ

PRELIMINARY LOCAL CLIMATOLOGICAL DATA (WS FORM: F-6)

                                          STATION:   KODIAK
                                          MONTH:     JANUARY
                                          YEAR:      2018
                                          LATITUDE:   57 45 N
                                          LONGITUDE: 152 31 W

  TEMPERATURE IN F:       :PCPN:    SNOW:  WIND      :SUNSHINE: SKY     :PK WND
================================================================================
1   2   3   4   5  6A  6B    7    8   9   10  11  12  13   14  15   16   17  18
                                     12Z  AVG MX 2MIN
DY MAX MIN AVG DEP HDD CDD  WTR  SNW DPTH SPD SPD DIR MIN PSBL S-S WX    SPD DR
================================================================================

 1  44  39  42  11  23   0 0.90  0.0    0 21.4 31  50   M    M  10 1      44  50
 2  44  30  37   6  28   0 0.03  0.0    0  7.2 21 180   M    M   7        38 190
 3  37  24  31   0  34   0 0.00  0.0    0  5.9  9 200   M    M   0         M  M
 4  33  20  27  -4  38   0 0.00  0.0    0  5.9  8 270   M    M   0         M  M
 5  38  18  28  -3  37   0 0.54  0.0    0 10.9 30  80   M    M   7 1      39  80
 6  42  30  36   5  29   0 0.29  0.0    0  7.2 27  70   M    M  10 12     32  70
 7  40  31  36   5  29   0    T  0.0    0  6.6 13 300   M    M  10 1       M  M
 8  37  28  33   2  32   0 0.00  0.0    0  4.2 12 290   M    M   6        16 320
 9  38  28  33   2  32   0 0.01    T    T  4.5 15  60   M    M   9 1       M  M
10  41  36  39   8  26   0 0.35  0.0    0 16.1 25  80   M    M  10 1      40  70
11  41  37  39   8  26   0 0.71  0.0    0 27.6 36 100   M    M  10 1      45 100
12  44  32  38   8  27   0 0.39  0.0    0 11.8 32  70   M    M   9 1      40  40
13  44  39  42  12  23   0 0.88  0.0    0 31.1 48  50   M    M  10 18     73  50
14  43  38  41  11  24   0 0.09  0.0    0 12.4 30 130   M    M   8 1      37 130
15  40  28  34   4  31   0    T  0.0    0  4.8 18 300   M    M   2        32 290
16  43  34  39   9  26   0 1.18  1.5    0 16.7 25  30   M    M   9 1      40 290
17  42  38  40  10  25   0 0.44  0.0    0  4.6 13  90   M    M  10 12     15 300
18  41  30  36   6  29   0 0.09  0.0    0  6.1 10 310   M    M   6 1      16 320
19  36  27  32   2  33   0    T    T    0  9.0 20 290   M    M   6 1      24 280
20  35  26  31   1  34   0    T    T    T 10.2 16 290   M    M   9 18     22 310
================================================================================
SM  803  613       586   0  5.90     1.5 224.2          M      148
================================================================================
AV 40.2 30.7                              11.2 FASTST   M    M   7    MAX(MPH)
                                 MISC ---->  # 48  50               # 73   50
================================================================================
NOTES:
# LAST OF SEVERAL OCCURRENCES

COLUMN 17 PEAK WIND IN M.P.H.

PRELIMINARY LOCAL CLIMATOLOGICAL DATA (WS FORM: F-6) , PAGE 2

                                          STATION:  KODIAK
                                          MONTH:    JANUARY
                                          YEAR:     2018
                                          LATITUDE:   57 45 N
                                          LONGITUDE: 152 31 W

[TEMPERATURE DATA]      [PRECIPITATION DATA]       SYMBOLS USED IN COLUMN 16

AVERAGE MONTHLY: 35.4   TOTAL FOR MONTH:   5.90    1 = FOG OR MIST
DPTR FM NORMAL:   4.9   DPTR FM NORMAL:    0.37    2 = FOG REDUCING VISIBILITY
HIGHEST:    44 ON 13,12 GRTST 24HR  1.18 ON 16-16      TO 1/4 MILE OR LESS
LOWEST:     18 ON  5                               3 = THUNDER
                        SNOW, ICE PELLETS, HAIL    4 = ICE PELLETS
                        TOTAL MONTH:   1.5 INCHES  5 = HAIL
                        GRTST 24HR   1.5 ON 16-16  6 = FREEZING RAIN OR DRIZZLE
                        GRTST DEPTH:   0           7 = DUSTSTORM OR SANDSTORM:
                                                       VSBY 1/2 MILE OR LESS
                                                   8 = SMOKE OR HAZE
[NO. OF DAYS WITH]      [WEATHER - DAYS WITH]      9 = BLOWING SNOW
                                                   X = TORNADO
MAX 32 OR BELOW:   0    0.01 INCH OR MORE:  13
MAX 90 OR ABOVE:   0    0.10 INCH OR MORE:   9
MIN 32 OR BELOW:  13    0.50 INCH OR MORE:   5
MIN  0 OR BELOW:   0    1.00 INCH OR MORE:   1

[HDD (BASE 65) ]
TOTAL THIS MO.   586    CLEAR  (SCALE 0-3)   3
DPTR FM NORMAL  -102    PTCLDY (SCALE 4-7)   5
TOTAL FM JUL 1  4034    CLOUDY (SCALE 8-10) 12
DPTR FM NORMAL  -497

[CDD (BASE 65) ]
TOTAL THIS MO.     0
DPTR FM NORMAL     0    [PRESSURE DATA]
TOTAL FM JAN 1     0    HIGHEST SLP M ON M
DPTR FM NORMAL     0    LOWEST  SLP 28.94 ON 17

[REMARKS]
