000
CXAK56 PAFC 231320
CF6ADQ
PRELIMINARY LOCAL CLIMATOLOGICAL DATA (WS FORM: F-6)

                                          STATION:   KODIAK
                                          MONTH:     JANUARY
                                          YEAR:      2017
                                          LATITUDE:   57 45 N
                                          LONGITUDE: 152 31 W

  TEMPERATURE IN F:       :PCPN:    SNOW:  WIND      :SUNSHINE: SKY     :PK WND
================================================================================
1   2   3   4   5  6A  6B    7    8   9   10  11  12  13   14  15   16   17  18
                                     12Z  AVG MX 2MIN
DY MAX MIN AVG DEP HDD CDD  WTR  SNW DPTH SPD SPD DIR MIN PSBL S-S WX    SPD DR
================================================================================

 1  44  21  33   2  32   0 0.00  0.0    0  4.9 15 140   M    M   0        19 140
 2  37  20  29  -2  36   0 0.00  0.0    0  5.9 10 280   M    M   0        13 320
 3  34  17  26  -5  39   0 0.00  0.0    0  5.7 10 270   M    M   2        13 250
 4  42  21  32   1  33   0 0.00  0.0    0 10.2 23 280   M    M   2        33 300
 5  42  35  39   8  26   0 0.00  0.0    0 18.4 33 290   M    M   0        50 290
 6  37  30  34   3  31   0 0.00  0.0    0 15.9 33 290   M    M   1        49 290
 7  35  30  33   2  32   0 0.00  0.0    0 12.9 28 270   M    M   0        37 280
 8  43  25  34   3  31   0 0.00  0.0    0 13.7 24 280   M    M   0        31 300
 9  42  21  32   1  33   0 0.00  0.0    0  7.4 21 290   M    M   1        29 300
10  35  16  26  -5  39   0 0.00  0.0    0  5.5  9 280   M    M   0        12 250
11  33  15  24  -7  41   0 0.00  0.0    0  6.3 10 280   M    M   0        13 240
12  37  15  26  -4  39   0 0.07    M    1  7.9 20  40   M    M   5 1      23  30
13  39  34  37   7  28   0 0.46  0.0    0 14.5 26  50   M    M   9 1      32  50
14  35  15  25  -5  40   0    T    T    T 13.1 24 270   M    M   6 18     32 290
15  25  16  21  -9  44   0    T  0.2    T 16.4 37 300   M    M   8 8      50 290
16  23  10  17 -13  48   0    T  0.3    T 11.6 30 290   M    M   3        42 290
17  22   7  15 -15  50   0    T  0.1    T  9.4 18 290   M    M   5        26 270
18  24  18  21  -9  44   0 0.00  0.0    T 13.6 25 290   M    M   3        34 300
19  27  13  20 -10  45   0 0.00  0.0    T  5.9 17 290   M    M   2        26 280
20  35  17  26  -4  39   0 0.27  2.7    3  4.6 22 160   M    M   9 1      27 150
21  29  17  23  -7  42   0    T    T    3 12.1 18 290   M    M   9 1      24 280
22  22   7  15 -15  50   0 0.00  0.0    3 10.1 22 270   M    M   6        30 280
================================================================================
SM  742  420       842   0  0.80     3.3 226.0          M       71
================================================================================
AV 33.7 19.1                              10.3 FASTST   M    M   3    MAX(MPH)
                                 MISC ---->  # 37 300               # 50  290
================================================================================
NOTES:
# LAST OF SEVERAL OCCURRENCES

COLUMN 17 PEAK WIND IN M.P.H.

PRELIMINARY LOCAL CLIMATOLOGICAL DATA (WS FORM: F-6) , PAGE 2

                                          STATION:  KODIAK
                                          MONTH:    JANUARY
                                          YEAR:     2017
                                          LATITUDE:   57 45 N
                                          LONGITUDE: 152 31 W

[TEMPERATURE DATA]      [PRECIPITATION DATA]       SYMBOLS USED IN COLUMN 16

AVERAGE MONTHLY: 26.4   TOTAL FOR MONTH:   0.80    1 = FOG OR MIST
DPTR FM NORMAL:  -4.1   DPTR FM NORMAL:   -5.27    2 = FOG REDUCING VISIBILITY
HIGHEST:    44 ON  1    GRTST 24HR  0.53 ON 12-13      TO 1/4 MILE OR LESS
LOWEST:      7 ON 22,17                            3 = THUNDER
                        SNOW, ICE PELLETS, HAIL    4 = ICE PELLETS
                        TOTAL MONTH:   3.3 INCHES  5 = HAIL
                        GRTST 24HR   2.7 ON   M    6 = FREEZING RAIN OR DRIZZLE
                        GRTST DEPTH:   3 ON 22,21  7 = DUSTSTORM OR SANDSTORM:
                                                       VSBY 1/2 MILE OR LESS
                                                   8 = SMOKE OR HAZE
[NO. OF DAYS WITH]      [WEATHER - DAYS WITH]      9 = BLOWING SNOW
                                                   X = TORNADO
MAX 32 OR BELOW:   7    0.01 INCH OR MORE:   3
MAX 90 OR ABOVE:   0    0.10 INCH OR MORE:   2
MIN 32 OR BELOW:  20    0.50 INCH OR MORE:   0
MIN  0 OR BELOW:   0    1.00 INCH OR MORE:   0

[HDD (BASE 65) ]
TOTAL THIS MO.   842    CLEAR  (SCALE 0-3)  14
DPTR FM NORMAL    84    PTCLDY (SCALE 4-7)   5
TOTAL FM JUL 1  4077    CLOUDY (SCALE 8-10)  3
DPTR FM NORMAL  -524

[CDD (BASE 65) ]
TOTAL THIS MO.     0
DPTR FM NORMAL     0    [PRESSURE DATA]
TOTAL FM JAN 1     0    HIGHEST SLP M ON M
DPTR FM NORMAL     0    LOWEST  SLP 28.77 ON 13

[REMARKS]
