000
CXUS54 KLCH 281710
CF6AEX
PRELIMINARY LOCAL CLIMATOLOGICAL DATA (WS FORM: F-6)

                                          STATION:   ALEXANDRIA
                                          MONTH:     JULY
                                          YEAR:      2016
                                          LATITUDE:   31 19 N
                                          LONGITUDE:  92 33 W

  TEMPERATURE IN F:       :PCPN:    SNOW:  WIND      :SUNSHINE: SKY     :PK WND
================================================================================
1   2   3   4   5  6A  6B    7    8   9   10  11  12  13   14  15   16   17  18
                                     12Z  AVG MX 2MIN
DY MAX MIN AVG DEP HDD CDD  WTR  SNW DPTH SPD SPD DIR MIN PSBL S-S WX    SPD DR
================================================================================

 1  97  68  83   1   0  18 0.00  0.0    0  1.2  7  30   M    M   0 1      11  30
 2  94  70  82   0   0  17 0.00  0.0    0  3.4 14 230   M    M   0        19 220
 3  94  74  84   2   0  19 0.00  0.0    0  7.3 14 180   M    M   1 1      19 180
 4  94  76  85   3   0  20 0.22  0.0    0  6.6 25 280   M    M   1 38     36 270
 5  93  77  85   3   0  20    T  0.0    0  7.0 15 230   M    M   1 138    23 210
 6  94  78  86   4   0  21 0.00  0.0    0  7.7 16 190   M    M   2 18     22 210
 7  95  75  85   3   0  20 0.00  0.0    0  7.6 17 150   M    M   2 1      23 160
 8  95  75  85   3   0  20 0.00  0.0    0  5.8 14 170   M    M   1 18     18 160
 9  92  76  84   2   0  19 0.00  0.0    0  4.5 10 160   M    M   1 18     14 150
10  89  74  82   0   0  17 0.44  0.0    0  4.6 24 250   M    M   2 138    34 250
11  93  73  83   1   0  18    T  0.0    0  7.8 24 170   M    M   0 138    32 180
12  94  72  83   1   0  18 0.00  0.0    0  6.8 13 170   M    M   1 1      18 210
13  96  75  86   4   0  21 0.00  0.0    0  6.5 14 160   M    M   1 1      19 150
14  95  73  84   2   0  19 0.28  0.0    0  5.5 20 360   M    M   1 13     25 360
15  94  73  84   2   0  19 0.00  0.0    0  4.5 18 110   M    M   2 3      24 120
16  93  73  83   1   0  18 0.00  0.0    0  4.5 12 100   M    M   2 3      15 100
17  94  72  83   1   0  18 0.00  0.0    0  4.9 16 140   M    M   1        18 150
18  96  75  86   4   0  21 0.05  0.0    0  3.1 18 270   M    M   3 13     24 270
19  95  73  84   2   0  19 0.00  0.0    0  3.1 10 180   M    M   1 1       M  M
20   M   M   M   M   M   M    M    M    M   M   M   M   M    M   M         M  M
21  96  75  86   4   0  21    T  0.0    M  3.5 15  40   M    M   0 3      20  50
22  99  75  87   5   0  22    T  0.0    0  3.6 18 130   M    M   1 13     23 130
23  97  75  86   3   0  21 0.00  0.0    0  3.6 10 180   M    M   1 13     13 190
24  94  75  85   2   0  20 1.75  0.0    0  3.6 24  60   M    M   2 123    34  40
25  94  74  84   1   0  19 0.47  0.0    0  2.8 29 140   M    M   3 13     37 130
26  92  73  83   0   0  18 1.27  0.0    0  3.8 30  80   M    M   4 123    36  80
27  84  73  79  -4   0  14 0.26  0.0    0  5.3 17 180   M    M   6 138    23 230
================================================================================
SM 2443 1922         0 497  4.74     0.0 128.6          M       40
================================================================================
AV 94.0 73.9                               4.9 FASTST   M    M   2    MAX(MPH)
                                 MISC ---->  # 30  80               # 37  130
================================================================================
NOTES:
# LAST OF SEVERAL OCCURRENCES

COLUMN 17 PEAK WIND IN M.P.H.

PRELIMINARY LOCAL CLIMATOLOGICAL DATA (WS FORM: F-6) , PAGE 2

                                          STATION:  ALEXANDRIA
                                          MONTH:    JULY
                                          YEAR:     2016
                                          LATITUDE:   31 19 N
                                          LONGITUDE:  92 33 W

[TEMPERATURE DATA]      [PRECIPITATION DATA]       SYMBOLS USED IN COLUMN 16

AVERAGE MONTHLY: 83.9   TOTAL FOR MONTH:   4.74    1 = FOG OR MIST
DPTR FM NORMAL:   1.8   DPTR FM NORMAL:    1.43    2 = FOG REDUCING VISIBILITY
HIGHEST:    99 ON 22    GRTST 24HR  1.75 ON 24-24      TO 1/4 MILE OR LESS
LOWEST:     68 ON  1                               3 = THUNDER
                        SNOW, ICE PELLETS, HAIL    4 = ICE PELLETS
                        TOTAL MONTH:   0.0 INCH    5 = HAIL
                        GRTST 24HR     0.0         6 = FREEZING RAIN OR DRIZZLE
                        GRTST DEPTH:   0           7 = DUSTSTORM OR SANDSTORM:
                                                       VSBY 1/2 MILE OR LESS
                                                   8 = SMOKE OR HAZE
[NO. OF DAYS WITH]      [WEATHER - DAYS WITH]      9 = BLOWING SNOW
                                                   X = TORNADO
MAX 32 OR BELOW:   0    0.01 INCH OR MORE:   8
MAX 90 OR ABOVE:  24    0.10 INCH OR MORE:   7
MIN 32 OR BELOW:   0    0.50 INCH OR MORE:   2
MIN  0 OR BELOW:   0    1.00 INCH OR MORE:   2

[HDD (BASE 65) ]
TOTAL THIS MO.     0    CLEAR  (SCALE 0-3)  23
DPTR FM NORMAL     0    PTCLDY (SCALE 4-7)   3
TOTAL FM JUL 1     0    CLOUDY (SCALE 8-10)  0
DPTR FM NORMAL     0

[CDD (BASE 65) ]
TOTAL THIS MO.   497
DPTR FM NORMAL    29    [PRESSURE DATA]
TOTAL FM JAN 1  1446    HIGHEST SLP M ON M
DPTR FM NORMAL    71    LOWEST  SLP 29.88 ON 26

[REMARKS]
