372
CXUS54 KFWD 290730
CF6AFW
PRELIMINARY LOCAL CLIMATOLOGICAL DATA (WS FORM: F-6)

                                          STATION:   FORT WORTH ALLIANCE
                                          MONTH:     MAY
                                          YEAR:      2017
                                          LATITUDE:   32 58 N
                                          LONGITUDE:  97 19 W

  TEMPERATURE IN F:       :PCPN:    SNOW:  WIND      :SUNSHINE: SKY     :PK WND
================================================================================
1   2   3   4   5  6A  6B    7    8   9   10  11  12  13   14  15   16   17  18
                                     12Z  AVG MX 2MIN
DY MAX MIN AVG DEP HDD CDD  WTR  SNW DPTH SPD SPD DIR MIN PSBL S-S WX    SPD DR
================================================================================

 1  84  40  62  -6   3   0 0.00  0.0    0  6.5 17 230   M    M   0        24 220
 2  87  50  69   1   0   4 0.00  0.0    0  9.3 21 170   M    M   3        29 170
 3  81  56  69   0   0   4 0.01  0.0    0 15.0 30 350   M    M   6        40 350
 4  75  52  64  -5   1   0    T  0.0    0 13.6 25 320   M    M   3        35 360
 5  80  47  64  -5   1   0 0.00  0.0    0  6.3 18  10   M    M   1        24 360
 6  87  46  67  -3   0   2 0.00  0.0    0  4.1 14 220   M    M   1        19 210
 7  88  52  70   0   0   5 0.00  0.0    0  7.0 18 120   M    M   1        23 120
 8  85  60  73   3   0   8 0.00  0.0    0 10.6 18 150   M    M   3        25 140
 9  79  66  73   2   0   8 0.00  0.0    0 10.3 16 150   M    M   7        23 150
10  80  70  75   4   0  10    T  0.0    0 11.9 22 170   M    M   7 3      29 160
11  87  64  76   5   0  11 0.02  0.0    0  9.7 20 340   M    M   7 3      32 330
12  80  56  68  -4   0   3 0.00  0.0    0 12.3 26 340   M    M   4        34 340
13  84  50  67  -5   0   2 0.00  0.0    0  2.7 12  70   M    M   1 1      18  90
14  91  57  74   2   0   9 0.00  0.0    0  7.9 16 140   M    M   1        24 170
15  90  67  79   6   0  14 0.00  0.0    0 11.4 20 150   M    M   5        26 150
16  83  68  76   3   0  11 0.00  0.0    0 17.0 29 160   M    M   6        41 140
17  90  64  77   4   0  12 0.47  0.0    0 11.0 26 240   M    M   4 13     36 240
18  93  76  85  11   0  20 0.01  0.0    0 17.2 40 150   M    M   7 3      50 150
19  87  71  79   5   0  14 0.01  0.0    0 15.2 32 150   M    M   9 13     43 200
20  81  64  73  -1   0   8 0.06  0.0    0  6.9 20 230   M    M   5 3      28 230
21  80  61  71  -3   0   6 0.07  0.0    0  7.2 20  40   M    M   9 3      24  40
22  79  60  70  -5   0   5 0.12  0.0    0  5.0 13 140   M    M   8 13     16 130
23  76  57  67  -8   0   2 0.03  0.0    0  8.9 21 320   M    M   7 3      27 330
24  82  53  68  -7   0   3 0.00  0.0    0  8.3 20 310   M    M   1        25 330
25  93  58  76   0   0  11 0.00  0.0    0 12.0 24 170   M    M   4        33 170
26  97  73  85   9   0  20 0.00  0.0    0 12.6 21 170   M    M   6        29 180
27  94  78  86  10   0  21 0.00  0.0    0 12.7 22 170   M    M   7 18     30 180
28  83  67  75  -2   0  10    T  0.0    0  7.7 17  40   M    M   8 3      26 180
================================================================================
SM 2376 1683         5 223  0.80     0.0 280.3          M      131
================================================================================
AV 84.9 60.1                              10.0 FASTST   M    M   5    MAX(MPH)
                                 MISC ---->  # 40 150               # 50  150
================================================================================
NOTES:
# LAST OF SEVERAL OCCURRENCES

COLUMN 17 PEAK WIND IN M.P.H.

PRELIMINARY LOCAL CLIMATOLOGICAL DATA (WS FORM: F-6) , PAGE 2

                                          STATION:  FORT WORTH ALLIANCE
                                          MONTH:    MAY
                                          YEAR:     2017
                                          LATITUDE:   32 58 N
                                          LONGITUDE:  97 19 W

[TEMPERATURE DATA]      [PRECIPITATION DATA]       SYMBOLS USED IN COLUMN 16

AVERAGE MONTHLY: 72.5   TOTAL FOR MONTH:   0.80    1 = FOG OR MIST
DPTR FM NORMAL:   0.1   DPTR FM NORMAL:   -3.74    2 = FOG REDUCING VISIBILITY
HIGHEST:    97 ON 26    GRTST 24HR  0.47 ON 17-17      TO 1/4 MILE OR LESS
LOWEST:     40 ON  1                               3 = THUNDER
                        SNOW, ICE PELLETS, HAIL    4 = ICE PELLETS
                        TOTAL MONTH:   0.0 INCH    5 = HAIL
                        GRTST 24HR     0.0         6 = FREEZING RAIN OR DRIZZLE
                        GRTST DEPTH:   0           7 = DUSTSTORM OR SANDSTORM:
                                                       VSBY 1/2 MILE OR LESS
                                                   8 = SMOKE OR HAZE
[NO. OF DAYS WITH]      [WEATHER - DAYS WITH]      9 = BLOWING SNOW
                                                   X = TORNADO
MAX 32 OR BELOW:   0    0.01 INCH OR MORE:   9
MAX 90 OR ABOVE:   7    0.10 INCH OR MORE:   2
MIN 32 OR BELOW:   0    0.50 INCH OR MORE:   0
MIN  0 OR BELOW:   0    1.00 INCH OR MORE:   0

[HDD (BASE 65) ]
TOTAL THIS MO.     5    CLEAR  (SCALE 0-3)   9
DPTR FM NORMAL    -4    PTCLDY (SCALE 4-7)  16
TOTAL FM JUL 1  1641    CLOUDY (SCALE 8-10)  3
DPTR FM NORMAL  -822

[CDD (BASE 65) ]
TOTAL THIS MO.   223
DPTR FM NORMAL     4    [PRESSURE DATA]
TOTAL FM JAN 1   485    HIGHEST SLP M ON M
DPTR FM NORMAL   148    LOWEST  SLP 29.55 ON 25

[REMARKS]
