000
CXUS55 KCAE 011400
CF6AGS
PRELIMINARY LOCAL CLIMATOLOGICAL DATA (WS FORM: F-6)

                                          STATION:   AUGUSTA BUSH FIELD GA
                                          MONTH:     JUNE
                                          YEAR:      2015
                                          LATITUDE:   33 22 N
                                          LONGITUDE:  81 58 W

  TEMPERATURE IN F:       :PCPN:    SNOW:  WIND      :SUNSHINE: SKY     :PK WND
================================================================================
1   2   3   4   5  6A  6B    7    8   9   10  11  12  13   14  15   16   17  18
                                     12Z  AVG MX 2MIN
DY MAX MIN AVG DEP HDD CDD  WTR  SNW DPTH SPD SPD DIR MIN PSBL S-S WX    SPD DR
================================================================================

 1  91  66  79   3   0  14 0.23  0.0    0  4.0 21 260   M    M   4 13     30 270
 2  88  67  78   2   0  13 0.40  0.0    0  3.9 20 160   M    M   7 123    24 170
 3  83  64  74  -2   0   9 0.73  0.0    0  4.7 16 150   M    M   7 13     20 360
 4  84  64  74  -2   0   9 0.46  0.0    0  6.1 18 350   M    M   7 13     23 340
 5  87  65  76  -1   0  11 0.00  0.0    0  3.5 10 330   M    M   4        14 320
 6  91  64  78   1   0  13 0.00  0.0    0  3.0 10  30   M    M   1 1      13  20
 7  90  64  77   0   0  12 0.00  0.0    0  4.1 17 120   M    M   2 13     23 140
 8  91  66  79   2   0  14 0.10  0.0    0  4.9 17 180   M    M   5 12     22 340
 9  89  68  79   1   0  14 0.62  0.0    0  5.7 21 150   M    M   3 13     25 140
10  85  65  75  -3   0  10    T  0.0    0  4.6 15 170   M    M   4 1      19 170
11  87  67  77  -1   0  12    T  0.0    0  4.7 16 190   M    M   5 1      21 180
12  90  69  80   2   0  15    T  0.0    0  6.6 23 280   M    M   1 13     30 290
13  93  69  81   3   0  16 0.35  0.0    0  5.5 23 220   M    M   2 13     30 220
14  97  68  83   5   0  18 0.00  0.0    0  2.6 10 210   M    M   1 1      17  20
15  98  69  84   5   0  19 0.00  0.0    0  1.7 12 350   M    M   0 1      16 360
16 100  71  86   7   0  21    T  0.0    0  2.1 10 350   M    M   1 13     18  20
17  99  72  86   7   0  21    T  0.0    0  2.6 17 300   M    M   1 13     21 290
18  97  71  84   5   0  19    T  0.0    0  3.2 18 280   M    M   0 13     21 290
19  96  71  84   5   0  19 0.00  0.0    0  4.1 13 240   M    M   1        17 220
20  96  71  84   4   0  19 0.00  0.0    0  7.4 20 230   M    M   1 1      25 220
21  98  71  85   5   0  20 0.00  0.0    0  6.1 16 300   M    M   1 1      22 210
22 101  72  87   7   0  22 0.02  0.0    0  3.9 28 170   M    M   1 13     37 190
23  95  72  84   4   0  19 0.02  0.0    0  5.2 20 280   M    M   1 3      27 270
24  98  70  84   4   0  19    T  0.0    0  4.4 20 310   M    M   0 3      24 330
25  99  72  86   6   0  21 0.00  0.0    0  5.4 16 190   M    M   0        22 170
26 100  73  87   7   0  22 0.00  0.0    0  6.4 16 210   M    M   1 8      23 260
27  94  72  83   3   0  18 0.16  0.0    0  9.5 35 270   M    M   3 13     45 270
28  90  65  78  -3   0  13    T  0.0    0  6.2 16 330   M    M   3        20 220
29  92  59  76  -5   0  11 0.00  0.0    0  4.7 18 310   M    M   1 1      25 310
30  94  67  81   0   0  16 0.41  0.0    0  6.2 35 250   M    M   2 138    48 230
================================================================================
SM 2793 2044         0 479  3.50     0.0 143.0          M       70
================================================================================
AV 93.1 68.1                               4.8 FASTST   M    M   2    MAX(MPH)
                                 MISC ---->  # 35 270               # 48  230
================================================================================
NOTES:
# LAST OF SEVERAL OCCURRENCES

COLUMN 17 PEAK WIND IN M.P.H.

PRELIMINARY LOCAL CLIMATOLOGICAL DATA (WS FORM: F-6) , PAGE 2

                                          STATION:  AUGUSTA BUSH FIELD GA
                                          MONTH:    JUNE
                                          YEAR:     2015
                                          LATITUDE:   33 22 N
                                          LONGITUDE:  81 58 W

[TEMPERATURE DATA]      [PRECIPITATION DATA]       SYMBOLS USED IN COLUMN 16

AVERAGE MONTHLY: 80.6   TOTAL FOR MONTH:   3.50    1 = FOG OR MIST
DPTR FM NORMAL:   2.0   DPTR FM NORMAL:   -1.22    2 = FOG REDUCING VISIBILITY
HIGHEST:   101 ON 22    GRTST 24HR  1.10 ON  3- 4      TO 1/4 MILE OR LESS
LOWEST:     59 ON 29                               3 = THUNDER
                        SNOW, ICE PELLETS, HAIL    4 = ICE PELLETS
                        TOTAL MONTH:   0.0 INCH    5 = HAIL
                        GRTST 24HR     0.0         6 = FREEZING RAIN OR DRIZZLE
                        GRTST DEPTH:   0           7 = DUSTSTORM OR SANDSTORM:
                                                       VSBY 1/2 MILE OR LESS
                                                   8 = SMOKE OR HAZE
[NO. OF DAYS WITH]      [WEATHER - DAYS WITH]      9 = BLOWING SNOW
                                                   X = TORNADO
MAX 32 OR BELOW:   0    0.01 INCH OR MORE:  11
MAX 90 OR ABOVE:  23    0.10 INCH OR MORE:   9
MIN 32 OR BELOW:   0    0.50 INCH OR MORE:   2
MIN  0 OR BELOW:   0    1.00 INCH OR MORE:   0

[HDD (BASE 65) ]
TOTAL THIS MO.     0    CLEAR  (SCALE 0-3)  21
DPTR FM NORMAL     0    PTCLDY (SCALE 4-7)   9
TOTAL FM JUL 1  2563    CLOUDY (SCALE 8-10)  0
DPTR FM NORMAL    92

[CDD (BASE 65) ]
TOTAL THIS MO.   479
DPTR FM NORMAL    71    [PRESSURE DATA]
TOTAL FM JAN 1   840    HIGHEST SLP 30.15 ON 13
DPTR FM NORMAL   149    LOWEST  SLP 29.79 ON 27

[REMARKS]
#FINAL-06-15#
