000
CXUS55 KCAE 271400
CF6AGS
PRELIMINARY LOCAL CLIMATOLOGICAL DATA (WS FORM: F-6)

                                          STATION:   AUGUSTA BUSH FIELD GA
                                          MONTH:     JULY
                                          YEAR:      2014
                                          LATITUDE:   33 22 N
                                          LONGITUDE:  81 58 W

  TEMPERATURE IN F:       :PCPN:    SNOW:  WIND      :SUNSHINE: SKY     :PK WND
================================================================================
1   2   3   4   5  6A  6B    7    8   9   10  11  12  13   14  15   16   17  18
                                     12Z  AVG MX 2MIN
DY MAX MIN AVG DEP HDD CDD  WTR  SNW DPTH SPD SPD DIR MIN PSBL S-S WX    SPD DR
================================================================================

 1  95  69  82   1   0  17    T  0.0    0  2.7  9 200   M    M   4 12     12 110
 2  96  70  83   2   0  18 0.00  0.0    0  5.5 14 140   M    M   1        16 140
 3  98  71  85   4   0  20    T  0.0    0  4.9 22 300   M    M   2 3      29 270
 4  92  61  77  -4   0  12 0.00  0.0    0  3.7 14  50   M    M   2        16  30
 5  89  66  78  -3   0  13 0.00  0.0    0  7.3 15  90   M    M   2 1      24  40
 6  89  68  79  -2   0  14    T  0.0    0  4.6 14 150   M    M   5        17 150
 7  92  68  80  -1   0  15    T  0.0    0  4.5 21 210   M    M   3 123    25 210
 8  98  68  83   2   0  18 0.00  0.0    0  7.4 15 290   M    M   2        23 290
 9  99  67  83   1   0  18 0.02  0.0    0  7.0 30 330   M    M   3 1      37 330
10  94  68  81  -1   0  16    T  0.0    0  4.8 20 180   M    M   3 13     26 170
11  91  69  80  -2   0  15 0.00  0.0    0  3.3 14  50   M    M   2 13     16  40
12  94  67  81  -1   0  16    T  0.0    0  3.6 20 140   M    M   3 123    26 130
13  93  66  80  -2   0  15 0.00  0.0    0  3.7 12 180   M    M   4 128    15 160
14  98  71  85   3   0  20 0.00  0.0    0  4.7 22 280   M    M   2 3      28 270
15  96  74  85   3   0  20 0.05  0.0    0  9.5 22 290   M    M   4 3      31 290
16  92  65  79  -3   0  14    T  0.0    0  3.8 10  40   M    M   7        16  60
17  91  60  76  -6   0  11 0.00  0.0    0  4.6 15 150   M    M   2 8      20 150
18  91  63  77  -5   0  12 0.00  0.0    0  4.9 14 130   M    M   3 128    18 150
19  82  70  76  -6   0  11 0.55  0.0    0  3.6 10 110   M    M   7 13     14 110
20  88  72  80  -2   0  15    T  0.0    0  2.3 14 330   M    M   8 13     16 340
21  90  72  81  -1   0  16 2.79  0.0    0  4.3 30  70   M    M   4 13     35  70
22  89  72  81  -1   0  16 0.02  0.0    0  3.7 13  30   M    M   4 1      19  60
23  92  71  82   0   0  17    T  0.0    0  3.5 14 190   M    M   3 1      20 290
24  93  71  82   0   0  17 0.00  0.0    0  7.5 17 250   M    M   2 1      24 270
25  91  71  81  -1   0  16 1.81  0.0    0  4.4 21 260   M    M   5 138    27 310
26  94  70  82   0   0  17 0.00  0.0    0  2.7 13 270   M    M   4 12     18 260
================================================================================
SM 2407 1780         0 409  5.24     0.0 122.5          M       91
================================================================================
AV 92.6 68.5                               4.7 FASTST   M    M   4    MAX(MPH)
                                 MISC ---->  # 30 330               # 37  330
================================================================================
NOTES:
# LAST OF SEVERAL OCCURRENCES

COLUMN 17 PEAK WIND IN M.P.H.

PRELIMINARY LOCAL CLIMATOLOGICAL DATA (WS FORM: F-6) , PAGE 2

                                          STATION:  AUGUSTA BUSH FIELD GA
                                          MONTH:    JULY
                                          YEAR:     2014
                                          LATITUDE:   33 22 N
                                          LONGITUDE:  81 58 W

[TEMPERATURE DATA]      [PRECIPITATION DATA]       SYMBOLS USED IN COLUMN 16

AVERAGE MONTHLY: 80.5   TOTAL FOR MONTH:   5.24    1 = FOG OR MIST
DPTR FM NORMAL:  -1.2   DPTR FM NORMAL:    1.65    2 = FOG REDUCING VISIBILITY
HIGHEST:    99 ON  9    GRTST 24HR  2.79 ON 21-21      TO 1/4 MILE OR LESS
LOWEST:     60 ON 17                               3 = THUNDER
                        SNOW, ICE PELLETS, HAIL    4 = ICE PELLETS
                        TOTAL MONTH:   0.0 INCH    5 = HAIL
                        GRTST 24HR     0.0         6 = FREEZING RAIN OR DRIZZLE
                        GRTST DEPTH:   0           7 = DUSTSTORM OR SANDSTORM:
                                                       VSBY 1/2 MILE OR LESS
                                                   8 = SMOKE OR HAZE
[NO. OF DAYS WITH]      [WEATHER - DAYS WITH]      9 = BLOWING SNOW
                                                   X = TORNADO
MAX 32 OR BELOW:   0    0.01 INCH OR MORE:   6
MAX 90 OR ABOVE:  21    0.10 INCH OR MORE:   3
MIN 32 OR BELOW:   0    0.50 INCH OR MORE:   3
MIN  0 OR BELOW:   0    1.00 INCH OR MORE:   2

[HDD (BASE 65) ]
TOTAL THIS MO.     0    CLEAR  (SCALE 0-3)  13
DPTR FM NORMAL     0    PTCLDY (SCALE 4-7)  13
TOTAL FM JUL 1     0    CLOUDY (SCALE 8-10)  0
DPTR FM NORMAL     0

[CDD (BASE 65) ]
TOTAL THIS MO.   409
DPTR FM NORMAL   -25    [PRESSURE DATA]
TOTAL FM JAN 1  1117    HIGHEST SLP M ON M
DPTR FM NORMAL    -8    LOWEST  SLP 29.78 ON 15

[REMARKS]
