000
CXUS52 KFFC 171110
CF6AHN
PRELIMINARY LOCAL CLIMATOLOGICAL DATA (WS FORM: F-6)

                                          STATION:   ATHENS
                                          MONTH:     JANUARY
                                          YEAR:      2017
                                          LATITUDE:   33 57 N
                                          LONGITUDE:  83 19 W

  TEMPERATURE IN F:       :PCPN:    SNOW:  WIND      :SUNSHINE: SKY     :PK WND
================================================================================
1   2   3   4   5  6A  6B    7    8   9   10  11  12  13   14  15   16   17  18
                                     12Z  AVG MX 2MIN
DY MAX MIN AVG DEP HDD CDD  WTR  SNW DPTH SPD SPD DIR MIN PSBL S-S WX    SPD DR
================================================================================

 1  48  40  44   1  21   0 0.62    M    0  5.7 12  90   M    M  10 1      14  60
 2  55  49  52   9  13   0 1.20  0.0    0  5.7 14 100   M    M  10 12     21 240
 3  65  53  59  16   6   0 0.34  0.0    0  3.3 16  90   M    M   8 12     20  90
 4  57  40  49   6  16   0 0.00  0.0    0  8.0 16 310   M    M   0        23 310
 5  58  28  43   0  22   0 0.00  0.0    0  2.4  8  20   M    M   4        11 150
 6  48  37  43   0  22   0 0.54  0.0    0  5.2 13 300   M    M   9 1      18 310
 7  40  24  32 -11  33   0 0.15    M    0  8.4 14 300   M    M   6 1      19 290
 8  40  17  29 -14  36   0 0.00  0.0    0  3.8 12 300   M    M   0        15 330
 9  44  20  32 -11  33   0 0.00  0.0    0  3.4  9 120   M    M   0        13 110
10  57  24  41  -2  24   0 0.00  0.0    0  4.6 13 170   M    M   4        19 320
11  73  47  60  17   5   0 0.00  0.0    0  4.1 14 210   M    M   6        21 220
12  75  45  60  17   5   0 0.00  0.0    0  4.0 13 230   M    M   1        20 220
13  79  48  64  21   1   0 0.00  0.0    0  2.0 10 300   M    M   3 1      15 280
14  72  49  61  18   4   0 0.00  0.0    0  3.4 12  80   M    M   4 12     13  80
15  76  46  61  18   4   0 0.00  0.0    0  1.8  9 250   M    M   4 12     14 240
16  64  48  56  13   9   0 0.00  0.0    0  5.0 10  70   M    M   7 1      14  60
================================================================================
SM  951  615       254   0  2.85     0.0  70.8          M       76
================================================================================
AV 59.4 38.4                               4.4 FASTST   M    M   5    MAX(MPH)
                                 MISC ---->  # 16  90               # 23  310
================================================================================
NOTES:
# LAST OF SEVERAL OCCURRENCES

COLUMN 17 PEAK WIND IN M.P.H.

PRELIMINARY LOCAL CLIMATOLOGICAL DATA (WS FORM: F-6) , PAGE 2

                                          STATION:  ATHENS
                                          MONTH:    JANUARY
                                          YEAR:     2017
                                          LATITUDE:   33 57 N
                                          LONGITUDE:  83 19 W

[TEMPERATURE DATA]      [PRECIPITATION DATA]       SYMBOLS USED IN COLUMN 16

AVERAGE MONTHLY: 48.9   TOTAL FOR MONTH:   2.85    1 = FOG OR MIST
DPTR FM NORMAL:   5.9   DPTR FM NORMAL:    0.86    2 = FOG REDUCING VISIBILITY
HIGHEST:    79 ON 13    GRTST 24HR  1.54 ON  2- 3      TO 1/4 MILE OR LESS
LOWEST:     17 ON  8                               3 = THUNDER
                        SNOW, ICE PELLETS, HAIL    4 = ICE PELLETS
                        TOTAL MONTH:   0.0 INCH    5 = HAIL
                        GRTST 24HR     0.0         6 = FREEZING RAIN OR DRIZZLE
                        GRTST DEPTH:   0           7 = DUSTSTORM OR SANDSTORM:
                                                       VSBY 1/2 MILE OR LESS
                                                   8 = SMOKE OR HAZE
[NO. OF DAYS WITH]      [WEATHER - DAYS WITH]      9 = BLOWING SNOW
                                                   X = TORNADO
MAX 32 OR BELOW:   0    0.01 INCH OR MORE:   5
MAX 90 OR ABOVE:   0    0.10 INCH OR MORE:   5
MIN 32 OR BELOW:   5    0.50 INCH OR MORE:   3
MIN  0 OR BELOW:   0    1.00 INCH OR MORE:   1

[HDD (BASE 65) ]
TOTAL THIS MO.   254    CLEAR  (SCALE 0-3)   5
DPTR FM NORMAL   -98    PTCLDY (SCALE 4-7)   7
TOTAL FM JUL 1  1086    CLOUDY (SCALE 8-10)  4
DPTR FM NORMAL  -356

[CDD (BASE 65) ]
TOTAL THIS MO.     0
DPTR FM NORMAL     0    [PRESSURE DATA]
TOTAL FM JAN 1     0    HIGHEST SLP M ON M
DPTR FM NORMAL     0    LOWEST  SLP 29.78 ON  3

[REMARKS]
