000
CXUS52 KFFC 311110
CF6AHN
PRELIMINARY LOCAL CLIMATOLOGICAL DATA (WS FORM: F-6)

                                          STATION:   ATHENS
                                          MONTH:     AUGUST
                                          YEAR:      2016
                                          LATITUDE:   33 57 N
                                          LONGITUDE:  83 19 W

  TEMPERATURE IN F:       :PCPN:    SNOW:  WIND      :SUNSHINE: SKY     :PK WND
================================================================================
1   2   3   4   5  6A  6B    7    8   9   10  11  12  13   14  15   16   17  18
                                     12Z  AVG MX 2MIN
DY MAX MIN AVG DEP HDD CDD  WTR  SNW DPTH SPD SPD DIR MIN PSBL S-S WX    SPD DR
================================================================================

 1  94  72  83   3   0  18 0.68  0.0    0  2.3 16 260   M    M   2 13     26 260
 2  95  73  84   4   0  19 0.15  0.0    0  2.9 16 300   M    M   3 13     24 320
 3  92  73  83   3   0  18 0.00  0.0    0  2.2  7 110   M    M   5 12     12 120
 4  90  72  81   1   0  16 4.97  0.0    0  3.7 15  70   M    M   4 123    19  60
 5  92  74  83   3   0  18    T  0.0    0  2.0  8  60   M    M   5 1      10  60
 6  98  73  86   6   0  21 0.00  0.0    0  1.2  8 320   M    M   1 1      12 330
 7  96  73  85   5   0  20 0.04  0.0    0  3.1 12 180   M    M   1 13     21 150
 8  90  74  82   2   0  17    T  0.0    0  6.5 13  90   M    M   8 1      19 110
 9  91  74  83   3   0  18    T  0.0    0  5.8 16 110   M    M   7 1      25 100
10  91  74  83   3   0  18 0.05  0.0    0  5.2 10  80   M    M   9 1      17  80
11  92  73  83   3   0  18 0.12  0.0    0  4.1 14  90   M    M   6 13     20 100
12  90  75  83   3   0  18    T  0.0    0  3.3 13 180   M    M   6 13     19 190
13  94  73  84   4   0  19 0.00  0.0    0  2.4 10 170   M    M   3        16 170
14  95  72  84   4   0  19 0.04  0.0    0  2.4 10 170   M    M   1 1      19 180
15  93  70  82   2   0  17 0.08  0.0    0  1.5  7 130   M    M   2 1      13 130
16  94  73  84   4   0  19 0.03  0.0    0  1.6 10  80   M    M   3 13     14  80
17  95  70  83   3   0  18 1.74  0.0    0  3.0 18 240   M    M   2 13     27 240
18  95  71  83   3   0  18 0.66  0.0    0  2.0 12 260   M    M   2 13     19 240
19  92  71  82   2   0  17 0.66  0.0    0  2.4 15 200   M    M   2 13     28 210
20  88  73  81   1   0  16 0.49  0.0    0  2.2 13 210   M    M   3 13     22 220
21  89  73  81   2   0  16 0.01  0.0    0  4.1 13 290   M    M   3 13     19 310
22  89  71  80   1   0  15 0.00  0.0    0  2.8 10  70   M    M   2        13  80
23  90  71  81   2   0  16 0.00  0.0    0  3.0 10  60   M    M   4        14  80
24  84  71  78  -1   0  13 0.25  0.0    0  2.2 10  50   M    M   6 1      15  60
25  92  69  81   2   0  16 0.00  0.0    0  0.8  7  60   M    M   0 1       9 110
26  94  72  83   4   0  18 0.13  0.0    0  1.2 23  60   M    M   2 13     30  80
27  92  71  82   3   0  17 0.00  0.0    0  3.8 13  60   M    M   1 1      17  70
28  92  73  83   5   0  18 0.00  0.0    0  5.5 13  70   M    M   3        15  70
29  91  71  81   3   0  16 0.00  0.0    0  4.3 13  50   M    M   3        18  60
30  90  68  79   1   0  14 0.00  0.0    0  3.8 13  80   M    M   1        17  70
================================================================================
SM 2760 2163         0 521 10.10     0.0  91.3          M      100
================================================================================
AV 92.0 72.1                               3.0 FASTST   M    M   3    MAX(MPH)
                                 MISC ---->  # 23  60               # 30   80
================================================================================
NOTES:
# LAST OF SEVERAL OCCURRENCES

COLUMN 17 PEAK WIND IN M.P.H.

PRELIMINARY LOCAL CLIMATOLOGICAL DATA (WS FORM: F-6) , PAGE 2

                                          STATION:  ATHENS
                                          MONTH:    AUGUST
                                          YEAR:     2016
                                          LATITUDE:   33 57 N
                                          LONGITUDE:  83 19 W

[TEMPERATURE DATA]      [PRECIPITATION DATA]       SYMBOLS USED IN COLUMN 16

AVERAGE MONTHLY: 82.1   TOTAL FOR MONTH:  10.10    1 = FOG OR MIST
DPTR FM NORMAL:   2.5   DPTR FM NORMAL:    6.67    2 = FOG REDUCING VISIBILITY
HIGHEST:    98 ON  6    GRTST 24HR  4.97 ON  4- 4      TO 1/4 MILE OR LESS
LOWEST:     68 ON 30                               3 = THUNDER
                        SNOW, ICE PELLETS, HAIL    4 = ICE PELLETS
                        TOTAL MONTH:   0.0 INCH    5 = HAIL
                        GRTST 24HR     0.0         6 = FREEZING RAIN OR DRIZZLE
                        GRTST DEPTH:   0           7 = DUSTSTORM OR SANDSTORM:
                                                       VSBY 1/2 MILE OR LESS
                                                   8 = SMOKE OR HAZE
[NO. OF DAYS WITH]      [WEATHER - DAYS WITH]      9 = BLOWING SNOW
                                                   X = TORNADO
MAX 32 OR BELOW:   0    0.01 INCH OR MORE:  16
MAX 90 OR ABOVE:  26    0.10 INCH OR MORE:  10
MIN 32 OR BELOW:   0    0.50 INCH OR MORE:   5
MIN  0 OR BELOW:   0    1.00 INCH OR MORE:   2

[HDD (BASE 65) ]
TOTAL THIS MO.     0    CLEAR  (SCALE 0-3)  18
DPTR FM NORMAL     0    PTCLDY (SCALE 4-7)  11
TOTAL FM JUL 1     0    CLOUDY (SCALE 8-10)  1
DPTR FM NORMAL     0

[CDD (BASE 65) ]
TOTAL THIS MO.   521
DPTR FM NORMAL    83    [PRESSURE DATA]
TOTAL FM JAN 1  1898    HIGHEST SLP M ON M
DPTR FM NORMAL   358    LOWEST  SLP 29.83 ON  6

[REMARKS]
