000
CXUS55 KCYS 171000
CF6AIA
PRELIMINARY LOCAL CLIMATOLOGICAL DATA (WS FORM: F-6)

                                          STATION:   ALLIANCE NEBRASKA AIRPORT
                                          MONTH:     AUGUST
                                          YEAR:      2017
                                          LATITUDE:   42  2 N
                                          LONGITUDE: 102 48 W

  TEMPERATURE IN F:       :PCPN:    SNOW:  WIND      :SUNSHINE: SKY     :PK WND
================================================================================
1   2   3   4   5  6A  6B    7    8   9   10  11  12  13   14  15   16   17  18
                                     12Z  AVG MX 2MIN
DY MAX MIN AVG DEP HDD CDD  WTR  SNW DPTH SPD SPD DIR MIN PSBL S-S WX    SPD DR
================================================================================

 1  91  54  73   0   0   8 0.00    M    M  7.0 26  80   M    M   1 3      32  80
 2  83  57  70  -3   0   5 0.46    M    M 10.5 32 320   M    M   4 13     52 300
 3  71  49  60 -13   5   0 0.00    M    M  7.8 16  20   M    M   4        21  30
 4  83  49  66  -7   0   1 0.04    M    M 17.4 37 170   M    M   1 3      49 170
 5  79  57  68  -5   0   3 1.09    M    M 10.7 32 290   M    M   2 13     41 280
 6  78  57  68  -4   0   3 0.47    M    M  8.2 30  20   M    M   5 13     37 360
 7  75  52  64  -8   1   0 0.00    M    M  6.6 14 100   M    M   3 12     18  70
 8  76  53  65  -7   0   0 0.00    M    M 12.1 31 170   M    M   3 1      37 170
 9  80  55  68  -4   0   3 0.02    M    M  6.2 28 330   M    M   1 13     34  10
10  68  44  56 -16   9   0 0.09    M    M  5.7 16  60   M    M   5 12     20  70
11  79  43  61 -11   4   0 0.05    M    M  9.1 21 170   M    M   1 123    26 190
12  78  49  64  -8   1   0 0.23    M    M  7.5 23 130   M    M   3 13     28 130
13  82  50  66  -5   0   1 0.00    M    M  5.3 13  30   M    M   0 1      18  30
14  87  55  71   0   0   6 0.09    M    M  6.4 41 270   M    M   2 13     52 270
15  83  60  72   1   0   7 0.10    M    M  6.5 36 280   M    M   5 3      44 280
16  75  49  62  -9   3   0 0.00    M    M  8.4 17 360   M    M   5        31  10
================================================================================
SM 1268  833        23  37  2.64    M    135.4          M       45
================================================================================
AV 79.3 52.1                               8.5 FASTST   M    M   3    MAX(MPH)
                                 MISC ---->  # 41 270               # 52  300
================================================================================
NOTES:
# LAST OF SEVERAL OCCURRENCES

COLUMN 17 PEAK WIND IN M.P.H.

PRELIMINARY LOCAL CLIMATOLOGICAL DATA (WS FORM: F-6) , PAGE 2

                                          STATION:  ALLIANCE NEBRASKA AIRPORT
                                          MONTH:    AUGUST
                                          YEAR:     2017
                                          LATITUDE:   42  2 N
                                          LONGITUDE: 102 48 W

[TEMPERATURE DATA]      [PRECIPITATION DATA]       SYMBOLS USED IN COLUMN 16

AVERAGE MONTHLY: 65.7   TOTAL FOR MONTH:   2.64    1 = FOG OR MIST
DPTR FM NORMAL:  -6.4   DPTR FM NORMAL:    1.73    2 = FOG REDUCING VISIBILITY
HIGHEST:    91 ON  1    GRTST 24HR  1.09 ON  5- 5      TO 1/4 MILE OR LESS
LOWEST:     43 ON 11                               3 = THUNDER
                        SNOW, ICE PELLETS, HAIL    4 = ICE PELLETS
                        TOTAL MONTH:    M          5 = HAIL
                        GRTST 24HR    M  ON   M    6 = FREEZING RAIN OR DRIZZLE
                        GRTST DEPTH:  M  ON   M    7 = DUSTSTORM OR SANDSTORM:
                                                       VSBY 1/2 MILE OR LESS
                                                   8 = SMOKE OR HAZE
[NO. OF DAYS WITH]      [WEATHER - DAYS WITH]      9 = BLOWING SNOW
                                                   X = TORNADO
MAX 32 OR BELOW:   0    0.01 INCH OR MORE:  10
MAX 90 OR ABOVE:   1    0.10 INCH OR MORE:   5
MIN 32 OR BELOW:   0    0.50 INCH OR MORE:   1
MIN  0 OR BELOW:   0    1.00 INCH OR MORE:   1

[HDD (BASE 65) ]
TOTAL THIS MO.    23    CLEAR  (SCALE 0-3)  10
DPTR FM NORMAL    18    PTCLDY (SCALE 4-7)   6
TOTAL FM JUL 1    23    CLOUDY (SCALE 8-10)  0
DPTR FM NORMAL     6

[CDD (BASE 65) ]
TOTAL THIS MO.    37
DPTR FM NORMAL   -82    [PRESSURE DATA]
TOTAL FM JAN 1   433    HIGHEST SLP M ON M
DPTR FM NORMAL   -18    LOWEST  SLP 29.68 ON 14

[REMARKS]
