000
CXUS55 KCYS 291000
CF6AIA
PRELIMINARY LOCAL CLIMATOLOGICAL DATA (WS FORM: F-6)

                                          STATION:   ALLIANCE NEBRASKA AIRPORT
                                          MONTH:     JULY
                                          YEAR:      2016
                                          LATITUDE:   42  2 N
                                          LONGITUDE: 102 48 W

  TEMPERATURE IN F:       :PCPN:    SNOW:  WIND      :SUNSHINE: SKY     :PK WND
================================================================================
1   2   3   4   5  6A  6B    7    8   9   10  11  12  13   14  15   16   17  18
                                     12Z  AVG MX 2MIN
DY MAX MIN AVG DEP HDD CDD  WTR  SNW DPTH SPD SPD DIR MIN PSBL S-S WX    SPD DR
================================================================================

 1  68  57  63  -7   2   0 0.37    M    M 13.1 25 160   M    M   9 13     31 160
 2  75  55  65  -5   0   0 0.00    M    M  6.1 12 130   M    M   7 1      14  80
 3  86  54  70   0   0   5 0.00    M    M 10.4 21 170   M    M   4 1      27 170
 4  92  56  74   4   0   9 0.00    M    M  6.4 18 250   M    M   0 3      23 250
 5  88  59  74   3   0   9 0.09    M    M 10.1 26 170   M    M   0 3      32 170
 6  96  57  77   6   0  12 0.00    M    M 10.9 25 240   M    M   0        35 190
 7  79  53  66  -5   0   1    T    M    M  9.9 26 360   M    M   1        32 350
 8  92  56  74   3   0   9 0.00    M    M 12.4 26 150   M    M   1        32 160
 9  99  56  78   6   0  13 0.00    M    M 10.6 23 160   M    M   0        31 180
10  98  64  81   9   0  16    T    M    M  9.2 30 180   M    M   0 3      35 190
11  85  45  65  -7   0   0 0.00    M    M 17.2 39 280   M    M   0        49 280
12  89  39  64  -8   1   0 0.00    M    M  9.9 25 180   M    M   0        33 240
13  87  57  72   0   0   7 0.00    M    M  7.4 20  90   M    M   0        28 310
14  85  51  68  -4   0   3 0.00    M    M  5.3 14 160   M    M   2        18 160
15  78  55  67  -6   0   2 0.65    M    M 13.9 25 110   M    M   3 13     30 110
16  89  59  74   1   0   9 0.00    M    M 15.2 41 190   M    M   1        50 180
17  80  59  70  -3   0   5    T    M    M 11.6 21 120   M    M   0        26 120
18  87  59  73   0   0   8 0.06    M    M 11.5 32 280   M    M   4 13     44 270
19  97  57  77   4   0  12 0.00    M    M 10.7 26 190   M    M   0 1      31 190
20 100  60  80   7   0  15 0.00    M    M  7.5 22 220   M    M   0 8      27 220
21  98  62  80   7   0  15 0.00    M    M  5.7 16 360   M    M   0        18 350
22  97  61  79   6   0  14 0.55    M    M  8.8 29  30   M    M   0 13     36  20
23  94  62  78   5   0  13 0.00    M    M  8.7 18 330   M    M   0        24 330
24  83  57  70  -3   0   5 0.00    M    M 10.9 23 140   M    M   1        30 100
25  88  53  71  -2   0   6 0.00    M    M 13.7 25 170   M    M   0 1      31 160
26  94  62  78   5   0  13    T    M    M 12.2 31 360   M    M   0 38     39 350
27  90  60  75   2   0  10 0.04    M    M  9.5 33 170   M    M   2 3      40 170
28  78  53  66  -7   0   1 0.79    M    M  7.0 36 350   M    M   3 13     48 340
================================================================================
SM 2472 1578         3 212  2.55    M    285.8          M       38
================================================================================
AV 88.3 56.4                              10.2 FASTST   M    M   1    MAX(MPH)
                                 MISC ---->  # 41 190               # 50  180
================================================================================
NOTES:
# LAST OF SEVERAL OCCURRENCES

COLUMN 17 PEAK WIND IN M.P.H.

PRELIMINARY LOCAL CLIMATOLOGICAL DATA (WS FORM: F-6) , PAGE 2

                                          STATION:  ALLIANCE NEBRASKA AIRPORT
                                          MONTH:    JULY
                                          YEAR:     2016
                                          LATITUDE:   42  2 N
                                          LONGITUDE: 102 48 W

[TEMPERATURE DATA]      [PRECIPITATION DATA]       SYMBOLS USED IN COLUMN 16

AVERAGE MONTHLY: 72.3   TOTAL FOR MONTH:   2.55    1 = FOG OR MIST
DPTR FM NORMAL:   0.2   DPTR FM NORMAL:    0.43    2 = FOG REDUCING VISIBILITY
HIGHEST:   100 ON 20    GRTST 24HR  0.79 ON 28-28      TO 1/4 MILE OR LESS
LOWEST:     39 ON 12                               3 = THUNDER
                        SNOW, ICE PELLETS, HAIL    4 = ICE PELLETS
                        TOTAL MONTH:    M          5 = HAIL
                        GRTST 24HR    M  ON   M    6 = FREEZING RAIN OR DRIZZLE
                        GRTST DEPTH:  M  ON   M    7 = DUSTSTORM OR SANDSTORM:
                                                       VSBY 1/2 MILE OR LESS
                                                   8 = SMOKE OR HAZE
[NO. OF DAYS WITH]      [WEATHER - DAYS WITH]      9 = BLOWING SNOW
                                                   X = TORNADO
MAX 32 OR BELOW:   0    0.01 INCH OR MORE:   7
MAX 90 OR ABOVE:  12    0.10 INCH OR MORE:   4
MIN 32 OR BELOW:   0    0.50 INCH OR MORE:   3
MIN  0 OR BELOW:   0    1.00 INCH OR MORE:   0

[HDD (BASE 65) ]
TOTAL THIS MO.     3    CLEAR  (SCALE 0-3)  22
DPTR FM NORMAL    -2    PTCLDY (SCALE 4-7)   5
TOTAL FM JUL 1     3    CLOUDY (SCALE 8-10)  1
DPTR FM NORMAL    -2

[CDD (BASE 65) ]
TOTAL THIS MO.   212
DPTR FM NORMAL     1    [PRESSURE DATA]
TOTAL FM JAN 1   386    HIGHEST SLP  0.00 ON M
DPTR FM NORMAL    77    LOWEST  SLP 29.44 ON 10

[REMARKS]
