000
CXUS55 KCYS 241000
CF6AIA
PRELIMINARY LOCAL CLIMATOLOGICAL DATA (WS FORM: F-6)

                                          STATION:   ALLIANCE NEBRASKA AIRPORT
                                          MONTH:     FEBRUARY
                                          YEAR:      2017
                                          LATITUDE:   42  2 N
                                          LONGITUDE: 102 48 W

  TEMPERATURE IN F:       :PCPN:    SNOW:  WIND      :SUNSHINE: SKY     :PK WND
================================================================================
1   2   3   4   5  6A  6B    7    8   9   10  11  12  13   14  15   16   17  18
                                     12Z  AVG MX 2MIN
DY MAX MIN AVG DEP HDD CDD  WTR  SNW DPTH SPD SPD DIR MIN PSBL S-S WX    SPD DR
================================================================================

 1  20   7  14 -11  51   0    T    M    M  5.8 17  50   M    M  10 1      20  40
 2  15   3   9 -16  56   0    T    M    M  9.2 16  30   M    M  10 1      19  30
 3  25 -19   3 -22  62   0    T    M    M 12.3 28 190   M    M   6 128    32 180
 4  45  15  30   5  35   0 0.00    M    M 12.8 39 270   M    M   0        45 280
 5  49  18  34   9  31   0 0.00    M    M  9.1 18 250   M    M   1 1      26 210
 6  51  27  39  14  26   0 0.00    M    M  9.2 28 270   M    M   1        32 270
 7  42  14  28   3  37   0    T    M    M 11.3 26 360   M    M   8 12     35  10
 8  26   7  17  -9  48   0    T    M    M  5.3 20  20   M    M   5 18     25  20
 9  58  13  36  10  29   0 0.00    M    M  8.8 18 250   M    M   1        23 260
10  65  32  49  23  16   0    T    M    M  7.6 15 230   M    M   3        16 310
11  52  32  42  16  23   0 0.05    M    M 10.9 22 320   M    M   8        27 310
12  48  14  31   5  34   0 0.00    M    M  9.4 20 320   M    M   0        25 310
13  52  14  33   7  32   0 0.00    M    M  8.7 29 340   M    M   0        33 340
14  51  17  34   7  31   0 0.00  0.0    0  9.9 23 350   M    M   2        27 340
15  65  17  41  14  24   0 0.00    M    M 10.0 22 240   M    M   0        25 230
16  71  22  47  20  18   0 0.00    M    M 10.1 21 270   M    M   0        24 270
17  63  22  43  16  22   0 0.00    M    M  9.4 28 310   M    M   0        33 320
18  64  26  45  17  20   0 0.00    M    M 11.6 24 190   M    M   0        29 180
19  62  23  43  15  22   0 0.00    M    M  7.9 18 240   M    M   0        25 220
20  62  35  49  21  16   0    T    M    M 14.4 31 300   M    M   1        41 300
21  73  27  50  22  15   0 0.00    M    M 15.3 41 290   M    M   0        54 280
22  57  30  44  15  21   0    T    M    M 17.9 33 290   M    M   3 1      41 290
23  34  20  27  -2  38   0    M    M    M 18.5 31  30   M    M  10 12     38  30
================================================================================
SM 1150  416       707   0  0.05     0.0 245.4          M       69
================================================================================
AV 50.0 18.1                              10.7 FASTST   M    M   3    MAX(MPH)
                                 MISC ---->  # 41 290               # 54  280
================================================================================
NOTES:
# LAST OF SEVERAL OCCURRENCES

COLUMN 17 PEAK WIND IN M.P.H.

PRELIMINARY LOCAL CLIMATOLOGICAL DATA (WS FORM: F-6) , PAGE 2

                                          STATION:  ALLIANCE NEBRASKA AIRPORT
                                          MONTH:    FEBRUARY
                                          YEAR:     2017
                                          LATITUDE:   42  2 N
                                          LONGITUDE: 102 48 W

[TEMPERATURE DATA]      [PRECIPITATION DATA]       SYMBOLS USED IN COLUMN 16

AVERAGE MONTHLY: 34.0   TOTAL FOR MONTH:   0.05    1 = FOG OR MIST
DPTR FM NORMAL:   7.6   DPTR FM NORMAL:   -0.27    2 = FOG REDUCING VISIBILITY
HIGHEST:    73 ON 21    GRTST 24HR  0.05 ON 11-11      TO 1/4 MILE OR LESS
LOWEST:    -19 ON  3                               3 = THUNDER
                        SNOW, ICE PELLETS, HAIL    4 = ICE PELLETS
                        TOTAL MONTH:   0.0 INCH    5 = HAIL
                        GRTST 24HR     0.0         6 = FREEZING RAIN OR DRIZZLE
                        GRTST DEPTH:   0           7 = DUSTSTORM OR SANDSTORM:
                                                       VSBY 1/2 MILE OR LESS
                                                   8 = SMOKE OR HAZE
[NO. OF DAYS WITH]      [WEATHER - DAYS WITH]      9 = BLOWING SNOW
                                                   X = TORNADO
MAX 32 OR BELOW:   4    0.01 INCH OR MORE:   1
MAX 90 OR ABOVE:   0    0.10 INCH OR MORE:   0
MIN 32 OR BELOW:  22    0.50 INCH OR MORE:   0
MIN  0 OR BELOW:   1    1.00 INCH OR MORE:   0

[HDD (BASE 65) ]
TOTAL THIS MO.   707    CLEAR  (SCALE 0-3)  16
DPTR FM NORMAL  -179    PTCLDY (SCALE 4-7)   4
TOTAL FM JUL 1  4669    CLOUDY (SCALE 8-10)  3
DPTR FM NORMAL  -562

[CDD (BASE 65) ]
TOTAL THIS MO.     0
DPTR FM NORMAL     0    [PRESSURE DATA]
TOTAL FM JAN 1     0    HIGHEST SLP M ON M
DPTR FM NORMAL     0    LOWEST  SLP 29.43 ON  7

[REMARKS]
