000
CXUS53 KGRB 310102
CF6AIG
PRELIMINARY LOCAL CLIMATOLOGICAL DATA (WS FORM: F-6)

                                          STATION:   ANTIGO AWOS
                                          MONTH:     JULY
                                          YEAR:      2016
                                          LATITUDE:   45  9 N
                                          LONGITUDE:  89  8 W

  TEMPERATURE IN F:       :PCPN:    SNOW:  WIND      :SUNSHINE: SKY     :PK WND
================================================================================
1   2   3   4   5  6A  6B    7    8   9   10  11  12  13   14  15   16   17  18
                                     12Z  AVG MX 2MIN
DY MAX MIN AVG DEP HDD CDD  WTR  SNW DPTH SPD SPD DIR MIN PSBL S-S WX    SPD DR
================================================================================

 1  70  47  59  -7   6   0 0.00  0.0    0  6.7 14 350   M    M   3        20 360
 2  73  45  59  -7   6   0 0.00  0.0    0  0.0  M   M   M    M   1         M  M
 3  76  47  62  -4   3   0 0.00  0.0    0  0.3  5 170   M    M   1         M  M
 4  75  48  62  -4   3   0 0.00  0.0    0  1.7  8 200   M    M   2         M  M
 5  83  59  71   5   0   6 0.23  0.0    0  3.1 12 250   M    M   3 1      18 250
 6  82  62  72   6   0   7 0.05  0.0    0  1.8 10 290   M    M   3        25 290
 7  70  59  65  -2   0   0 0.04  0.0    0  6.4 14  90   M    M   7        16 110
 8  73  60  67   0   0   2 0.17  0.0    0  5.9 13 290   M    M   8 1      20 290
 9  75  52  64  -3   1   0 0.00  0.0    0  3.4 14 360   M    M   2        18 340
10  69  56  63  -4   2   0 0.12  0.0    0  5.4 16 140   M    M   5        21 140
11  83  62  73   6   0   8 0.05  0.0    0  8.4 18 150   M    M   8 1      24 150
12  80  62  71   4   0   6 1.06  0.0    0 10.9 21 200   M    M   4        33 330
13  82  63  73   6   0   8 0.00  0.0    0 10.9 22 230   M    M   1        33 240
14  72  59  66  -1   0   1 0.13  0.0    0  9.8 16 290   M    M   8        24 260
15  69  52  61  -6   4   0 0.00  0.0    0  1.9 10 360   M    M   5         M  M
16  76  48  62  -5   3   0 0.00  0.0    0  1.3  9 230   M    M   4         M  M
17  78  58  68   1   0   3 0.27  0.0    0  5.8 16 250   M    M   6        23 250
18  78  56  67   0   0   2 0.00  0.0    0  3.3 15 270   M    M   1        20 270
19  81  56  69   2   0   4 0.00  0.0    0  0.6  6 220   M    M   3         M  M
20  83  60  72   5   0   7 0.00  0.0    0  5.2 17 220   M    M   1        22 220
21  85  66  76   9   0  11 0.20  0.0    0  7.4 20 250   M    M   4 1      25 250
22  89  66  78  11   0  13 0.00  0.0    0  0.7  8 300   M    M   2 12      M  M
23  83  61  72   5   0   7 0.09  0.0    0  0.7  8 160   M    M   3         M  M
24  83  67  75   8   0  10 0.04  0.0    0  3.1 14 270   M    M   6 1      21 270
25  80  60  70   3   0   5 0.00  0.0    0  5.0 15 300   M    M   1        22 300
26  85  55  70   3   0   5 0.00  0.0    0  2.8 15 240   M    M   0 1      20 260
27  73  60  67   0   0   2 0.87  0.0    0  1.2 10 320   M    M   7        20 320
28  69  57  63  -4   2   0 0.67  0.0    0  2.7 10  50   M    M  10         M  M
29  74  54  64  -3   1   0 0.00  0.0    0  2.8 10 120   M    M   6         M  M
================================================================================
SM 2249 1657        31 107  3.99     0.0 119.2          M      115
================================================================================
AV 77.6 57.1                               4.1 FASTST   M    M   4    MAX(MPH)
                                 MISC ---->    22   M                 33    M
================================================================================
NOTES:
# LAST OF SEVERAL OCCURRENCES

COLUMN 17 PEAK WIND IN M.P.H.

PRELIMINARY LOCAL CLIMATOLOGICAL DATA (WS FORM: F-6) , PAGE 2

                                          STATION:  ANTIGO AWOS
                                          MONTH:    JULY
                                          YEAR:     2016
                                          LATITUDE:   45  9 N
                                          LONGITUDE:  89  8 W

[TEMPERATURE DATA]      [PRECIPITATION DATA]       SYMBOLS USED IN COLUMN 16

AVERAGE MONTHLY: 67.3   TOTAL FOR MONTH:   3.99    1 = FOG OR MIST
DPTR FM NORMAL:   0.6   DPTR FM NORMAL:    0.93    2 = FOG REDUCING VISIBILITY
HIGHEST:    89 ON 22    GRTST 24HR  1.06 ON 12-12      TO 1/4 MILE OR LESS
LOWEST:     45 ON  2                               3 = THUNDER
                        SNOW, ICE PELLETS, HAIL    4 = ICE PELLETS
                        TOTAL MONTH:   0.0 INCH    5 = HAIL
                        GRTST 24HR     0.0         6 = FREEZING RAIN OR DRIZZLE
                        GRTST DEPTH:   0           7 = DUSTSTORM OR SANDSTORM:
                                                       VSBY 1/2 MILE OR LESS
                                                   8 = SMOKE OR HAZE
[NO. OF DAYS WITH]      [WEATHER - DAYS WITH]      9 = BLOWING SNOW
                                                   X = TORNADO
MAX 32 OR BELOW:   0    0.01 INCH OR MORE:  14
MAX 90 OR ABOVE:   0    0.10 INCH OR MORE:   9
MIN 32 OR BELOW:   0    0.50 INCH OR MORE:   3
MIN  0 OR BELOW:   0    1.00 INCH OR MORE:   1

[HDD (BASE 65) ]
TOTAL THIS MO.    31    CLEAR  (SCALE 0-3)  13
DPTR FM NORMAL   -24    PTCLDY (SCALE 4-7)  15
TOTAL FM JUL 1    31    CLOUDY (SCALE 8-10)  1
DPTR FM NORMAL   -24

[CDD (BASE 65) ]
TOTAL THIS MO.   107
DPTR FM NORMAL    20    [PRESSURE DATA]
TOTAL FM JAN 1   156    HIGHEST SLP M ON M
DPTR FM NORMAL    10    LOWEST  SLP M ON M

[REMARKS]
