000
CXUS55 KBOU 011927
CF6AKO

PRELIMINARY LOCAL CLIMATOLOGICAL DATA (WS FORM: F-6)

                                          STATION:   AKRON CO
                                          MONTH:     AUGUST
                                          YEAR:      2015
                                          LATITUDE:   40 10 N
                                          LONGITUDE: 103 13 W

  TEMPERATURE IN F:       :PCPN:    SNOW:  WIND      :SUNSHINE: SKY     :PK WND
================================================================================
1   2   3   4   5  6A  6B    7    8   9   10  11  12  13   14  15   16   17  18
                                     12Z  AVG MX 2MIN
DY MAX MIN AVG DEP HDD CDD  WTR  SNW DPTH SPD SPD DIR MIN PSBL S-S WX    SPD DR
================================================================================

 1  92  63  78   4   0  13    T    M    M 14.7 45 130   M    M   1 138    62  80
 2  93  59  76   2   0  11 0.00    M    M  9.2 20 140   M    M   0        24 140
 3  86  60  73  -1   0   8 0.00    M    M 10.9 30 170   M    M   0        36 170
 4  87  58  73  -1   0   8 0.00    M    M 10.2 24  10   M    M   1        29  20
 5  92  57  75   1   0  10 0.00    M    M 13.9 25 140   M    M   0        33 170
 6  88  68  78   4   0  13 0.00    M    M 14.3 25 170   M    M   0        33 180
 7  91  62  77   4   0  12 0.08    M    M 14.7 29 320   M    M   3 1      45 290
 8  86  60  73   0   0   8 0.00    M    M  7.4 16  20   M    M   4 12     22  40
 9  89  61  75   2   0  10 0.00    M    M  8.8 20 330   M    M   3        26 360
10  85  57  71  -2   0   6 0.00    M    M 10.3 23 130   M    M   1        27 140
11  87  62  75   2   0  10 0.00    M    M 17.6 28 140   M    M   3        35 130
12  92  63  78   5   0  13 0.00    M    M  9.1 14 180   M    M   0        19 160
13  97  65  81   8   0  16 0.00    M    M 11.0 22 320   M    M   1        30 270
14  93  65  79   6   0  14 0.00    M    M  9.9 17 120   M    M   0        23 120
15  98  68  83  11   0  18    T    M    M 10.6 37  70   M    M   1        48  70
16  90  64  77   5   0  12 0.03    M    M 11.0 26  10   M    M   3        34  10
17  79  59  69  -3   0   4 0.17    M    M 11.7 31 280   M    M   7 12     41 280
18  70  50  60 -12   5   0 0.20    M    M 14.8 32 340   M    M   3 1      41 340
19  70  49  60 -12   5   0 0.16    M    M  8.4 15 300   M    M   4 1      20 310
20  86  54  70  -2   0   5 0.00    M    M 11.2 20 270   M    M   0        25 220
21  92  60  76   4   0  11 0.00    M    M 13.7 23 200   M    M   0        31 210
22  85  48  67  -4   0   2 0.00    M    M 15.8 30  10   M    M   1 8      37  10
23  78  43  61 -10   4   0 0.00    M    M 10.0 21 170   M    M   0        31 160
24  93  52  73   2   0   8 0.00    M    M  9.7 18 360   M    M   0        22 360
25  95  60  78   7   0  13 0.00    M    M 11.1 17 150   M    M   0        23 140
26  99  61  80  10   0  15 0.00    M    M 12.2 23 180   M    M   0        31 180
27  91  59  75   5   0  10 0.01    M    M 12.8 28 360   M    M   1 8      36 310
28  87  58  73   3   0   8 0.00    M    M 11.0 23 330   M    M   1        30 350
29  91  56  74   4   0   9 0.00    M    M 11.2 20 170   M    M   0        26 140
30  96  62  79   9   0  14 0.00    M    M 14.9 23 210   M    M   0        29 160
31  89  59  74   5   0   9 0.03    M    M 11.6 29 240   M    M   1        33 240
================================================================================
SM 2747 1822        14 290  0.68    M    363.7          M       39
================================================================================
AV 88.6 58.8                              11.7 FASTST   M    M   1    MAX(MPH)
                                 MISC ---->  # 45 130               # 62   80
================================================================================
NOTES:
# LAST OF SEVERAL OCCURRENCES

COLUMN 17 PEAK WIND IN M.P.H.

PRELIMINARY LOCAL CLIMATOLOGICAL DATA (WS FORM: F-6) , PAGE 2

                                          STATION:  AKRON CO
                                          MONTH:    AUGUST
                                          YEAR:     2015
                                          LATITUDE:   40 10 N
                                          LONGITUDE: 103 13 W

[TEMPERATURE DATA]      [PRECIPITATION DATA]       SYMBOLS USED IN COLUMN 16

AVERAGE MONTHLY: 73.7   TOTAL FOR MONTH:   0.68    1 = FOG OR MIST
DPTR FM NORMAL:   1.6   DPTR FM NORMAL:   -1.62    2 = FOG REDUCING VISIBILITY
HIGHEST:    99 ON 26    GRTST 24HR  0.36 ON 18-19      TO 1/4 MILE OR LESS
LOWEST:     43 ON 23                               3 = THUNDER
                        SNOW, ICE PELLETS, HAIL    4 = ICE PELLETS
                        TOTAL MONTH:    M          5 = HAIL
                        GRTST 24HR    M  ON   M    6 = FREEZING RAIN OR DRIZZLE
                        GRTST DEPTH:  M  ON   M    7 = DUSTSTORM OR SANDSTORM:
                                                       VSBY 1/2 MILE OR LESS
                                                   8 = SMOKE OR HAZE
[NO. OF DAYS WITH]      [WEATHER - DAYS WITH]      9 = BLOWING SNOW
                                                   X = TORNADO
MAX 32 OR BELOW:   0    0.01 INCH OR MORE:   7
MAX 90 OR ABOVE:  16    0.10 INCH OR MORE:   3
MIN 32 OR BELOW:   0    0.50 INCH OR MORE:   0
MIN  0 OR BELOW:   0    1.00 INCH OR MORE:   0

[HDD (BASE 65) ]
TOTAL THIS MO.    14    CLEAR  (SCALE 0-3)  28
DPTR FM NORMAL     1    PTCLDY (SCALE 4-7)   3
TOTAL FM JUL 1    18    CLOUDY (SCALE 8-10)  0
DPTR FM NORMAL    -2

[CDD (BASE 65) ]
TOTAL THIS MO.   290
DPTR FM NORMAL    57    [PRESSURE DATA]
TOTAL FM JAN 1   639    HIGHEST SLP 30.27 ON 23
DPTR FM NORMAL   -35    LOWEST  SLP 29.60 ON 22

[REMARKS]
#FINAL-08-15#
