000
CXUS55 KPUB 181159
CF6ALS
PRELIMINARY LOCAL CLIMATOLOGICAL DATA (WS FORM: F-6)

                                          STATION:   ALAMOSA CO
                                          MONTH:     FEBRUARY
                                          YEAR:      2018
                                          LATITUDE:   37 27 N
                                          LONGITUDE: 105 52 W

  TEMPERATURE IN F:       :PCPN:    SNOW:  WIND      :SUNSHINE: SKY     :PK WND
================================================================================
1   2   3   4   5  6A  6B    7    8   9   10  11  12  13   14  15   16   17  18
                                     12Z  AVG MX 2MIN
DY MAX MIN AVG DEP HDD CDD  WTR  SNW DPTH SPD SPD DIR MIN PSBL S-S WX    SPD DR
================================================================================

 1  58  13  36  18  29   0 0.00  0.0    0  4.7 16 360   M    M   1        21 360
 2  56  14  35  17  30   0 0.00  0.0    0  4.5 12 230   M    M   1        15  60
 3  55  11  33  14  32   0 0.00  0.0    0  8.1 23 320   M    M   0        28 310
 4  56   9  33  14  32   0 0.00  0.0    0  4.8 13 360   M    M   0        14 260
 5  58  12  35  16  30   0 0.00  0.0    0  6.8 26 330   M    M   2        32 320
 6  44  14  29   9  36   0 0.06  0.3    0  8.1 22 320   M    M   2 1      29 220
 7  46   4  25   5  40   0 0.00  0.0    0  4.2 10 290   M    M   0 8      13 290
 8  52   5  29   9  36   0 0.00  0.0    0  2.9  9 260   M    M   0        11  20
 9  59   9  34  13  31   0 0.00  0.0    0  8.8 29 250   M    M   0        34 250
10  49  19  34  13  31   0 0.09  1.5    0 14.6 38 230   M    M   3 1      46 230
11  29  -9  10 -11  55   0 0.06  1.1    3  4.9 14  90   M    M   3 12     17  80
12  41   4  23   1  42   0    T  0.1    1 10.5 30 190   M    M   5        38 190
13  49  23  36  14  29   0 0.00  0.0    T  8.7 18 240   M    M   2        25 200
14  52  15  34  12  31   0 0.00  0.0    0 10.8 29 210   M    M   0        37 260
15  48  24  36  13  29   0 0.00  0.0    0 15.7 30 240   M    M   1        37 240
16  45  10  28   5  37   0 0.00  0.0    0  8.3 22 190   M    M   0        27 180
17  50   7  29   5  36   0 0.00  0.0    0  6.1 21 190   M    M   0        26 190
================================================================================
SM  847  184       586   0  0.21     3.0 132.5          M       20
================================================================================
AV 49.8 10.8                               7.8 FASTST   M    M   1    MAX(MPH)
                                 MISC ---->  # 38 230               # 46  230
================================================================================
NOTES:
# LAST OF SEVERAL OCCURRENCES

COLUMN 17 PEAK WIND IN M.P.H.

PRELIMINARY LOCAL CLIMATOLOGICAL DATA (WS FORM: F-6) , PAGE 2

                                          STATION:  ALAMOSA CO
                                          MONTH:    FEBRUARY
                                          YEAR:     2018
                                          LATITUDE:   37 27 N
                                          LONGITUDE: 105 52 W

[TEMPERATURE DATA]      [PRECIPITATION DATA]       SYMBOLS USED IN COLUMN 16

AVERAGE MONTHLY: 30.3   TOTAL FOR MONTH:   0.21    1 = FOG OR MIST
DPTR FM NORMAL:   9.6   DPTR FM NORMAL:    0.06    2 = FOG REDUCING VISIBILITY
HIGHEST:    59 ON  9    GRTST 24HR  0.09 ON 10-10      TO 1/4 MILE OR LESS
LOWEST:     -9 ON 11                               3 = THUNDER
                        SNOW, ICE PELLETS, HAIL    4 = ICE PELLETS
                        TOTAL MONTH:   3.0 INCHES  5 = HAIL
                        GRTST 24HR   1.5 ON 10-10  6 = FREEZING RAIN OR DRIZZLE
                        GRTST DEPTH:   3 ON 11     7 = DUSTSTORM OR SANDSTORM:
                                                       VSBY 1/2 MILE OR LESS
                                                   8 = SMOKE OR HAZE
[NO. OF DAYS WITH]      [WEATHER - DAYS WITH]      9 = BLOWING SNOW
                                                   X = TORNADO
MAX 32 OR BELOW:   1    0.01 INCH OR MORE:   3
MAX 90 OR ABOVE:   0    0.10 INCH OR MORE:   0
MIN 32 OR BELOW:  17    0.50 INCH OR MORE:   0
MIN  0 OR BELOW:   1    1.00 INCH OR MORE:   0

[HDD (BASE 65) ]
TOTAL THIS MO.   586    CLEAR  (SCALE 0-3)  15
DPTR FM NORMAL  -166    PTCLDY (SCALE 4-7)   2
TOTAL FM JUL 1  4847    CLOUDY (SCALE 8-10)  0
DPTR FM NORMAL -1052

[CDD (BASE 65) ]
TOTAL THIS MO.     0
DPTR FM NORMAL     0    [PRESSURE DATA]
TOTAL FM JAN 1     0    HIGHEST SLP M ON M
DPTR FM NORMAL     0    LOWEST  SLP 29.48 ON 10

[REMARKS]
