000
CXUS56 KPDT 230532
CF6ALW
PRELIMINARY LOCAL CLIMATOLOGICAL DATA (WS FORM: F-6)

                                          STATION:   WALLA WALLA WA
                                          MONTH:     JANUARY
                                          YEAR:      2018
                                          LATITUDE:   46  5 N
                                          LONGITUDE: 118 17 W

  TEMPERATURE IN F:       :PCPN:    SNOW:  WIND      :SUNSHINE: SKY     :PK WND
================================================================================
1   2   3   4   5  6A  6B    7    8   9   10  11  12  13   14  15   16   17  18
                                     12Z  AVG MX 2MIN
DY MAX MIN AVG DEP HDD CDD  WTR  SNW DPTH SPD SPD DIR MIN PSBL S-S WX    SPD DR
================================================================================

 1  30  27  29  -4  36   0    T    T    0  2.5  7 210   M    M  10 18      8 220
 2  31  28  30  -3  35   0 0.00  0.0    0  2.4  7 220   M    M  10 1       8 250
 3  29  27  28  -6  37   0    T    T    0  3.3  7 240   M    M  10 124     7 250
 4  31  29  30  -4  35   0    T  0.0    0  2.6  9 200   M    M  10 1      11 200
 5  36  30  33  -1  32   0 0.24  0.0    0  3.0 14 300   M    M  10 128    16 300
 6  47  31  39   5  26   0    T  0.0    0  6.7 18 200   M    M   8 12     22 220
 7  41  33  37   3  28   0    T  0.0    0  4.1  9 250   M    M   8 128    10 250
 8  34  32  33  -1  32   0    T  0.0    0  1.9  7  90   M    M  10 12      9 130
 9  44  34  39   5  26   0 0.42  0.0    0  5.3 16 200   M    M  10 12     21 230
10  47  37  42   7  23   0 0.00  0.0    0  9.9 18 210   M    M   8        24 210
11  52  44  48  13  17   0 0.46  0.0    0 11.8 25 180   M    M  10 1      33 180
12  56  38  47  12  18   0 0.03  0.0    0  9.3 20 250   M    M   9 12     25 230
13  58  37  48  13  17   0 0.02  0.0    0  5.0 12 180   M    M   7 12     12 190
14  39  35  37   2  28   0    T  0.0    0  3.7 10 230   M    M  10 12     13 220
15  39  37  38   2  27   0 0.00  0.0    0  3.5 14  30   M    M  10 12     16  30
16  55  36  46  10  19   0 0.24  0.0    0  5.3 18 130   M    M   8 12     23 130
17  66  35  51  15  14   0 0.00  0.0    0  8.4 36 160   M    M   5 12     45 150
18  54  40  47  11  18   0 0.40  0.0    0 10.2 23 180   M    M  10 1      29 180
19  49  36  43   7  22   0    T  0.0    0  9.2 16 210   M    M   5        21 190
20  48  38  43   7  22   0    T  0.0    0 10.8 20 180   M    M   7        24 190
21  53  36  45   9  20   0 0.04  0.0    0 14.8 31 160   M    M   3        39 150
================================================================================
SM  939  720       532   0  1.85    T    133.7          M      178
================================================================================
AV 44.7 34.3                               6.4 FASTST   M    M   8    MAX(MPH)
                                 MISC ---->  # 36 160               # 45  150
================================================================================
NOTES:
# LAST OF SEVERAL OCCURRENCES

COLUMN 17 PEAK WIND IN M.P.H.

PRELIMINARY LOCAL CLIMATOLOGICAL DATA (WS FORM: F-6) , PAGE 2

                                          STATION:  WALLA WALLA WA
                                          MONTH:    JANUARY
                                          YEAR:     2018
                                          LATITUDE:   46  5 N
                                          LONGITUDE: 118 17 W

[TEMPERATURE DATA]      [PRECIPITATION DATA]       SYMBOLS USED IN COLUMN 16

AVERAGE MONTHLY: 39.5   TOTAL FOR MONTH:   1.85    1 = FOG OR MIST
DPTR FM NORMAL:   4.7   DPTR FM NORMAL:    0.05    2 = FOG REDUCING VISIBILITY
HIGHEST:    66 ON 17    GRTST 24HR  0.46 ON 11-11      TO 1/4 MILE OR LESS
LOWEST:     27 ON  3, 1                            3 = THUNDER
                        SNOW, ICE PELLETS, HAIL    4 = ICE PELLETS
                        TOTAL MONTH:    T          5 = HAIL
                        GRTST 24HR    T  ON  3- 3  6 = FREEZING RAIN OR DRIZZLE
                        GRTST DEPTH:   0           7 = DUSTSTORM OR SANDSTORM:
                                                       VSBY 1/2 MILE OR LESS
                                                   8 = SMOKE OR HAZE
[NO. OF DAYS WITH]      [WEATHER - DAYS WITH]      9 = BLOWING SNOW
                                                   X = TORNADO
MAX 32 OR BELOW:   4    0.01 INCH OR MORE:   8
MAX 90 OR ABOVE:   0    0.10 INCH OR MORE:   5
MIN 32 OR BELOW:   7    0.50 INCH OR MORE:   0
MIN  0 OR BELOW:   0    1.00 INCH OR MORE:   0

[HDD (BASE 65) ]
TOTAL THIS MO.   532    CLEAR  (SCALE 0-3)   0
DPTR FM NORMAL  -101    PTCLDY (SCALE 4-7)   7
TOTAL FM JUL 1  2576    CLOUDY (SCALE 8-10) 14
DPTR FM NORMAL  -195

[CDD (BASE 65) ]
TOTAL THIS MO.     0
DPTR FM NORMAL     0    [PRESSURE DATA]
TOTAL FM JAN 1     0    HIGHEST SLP 30.68 ON  1
DPTR FM NORMAL     0    LOWEST  SLP 29.59 ON  9

[REMARKS]
