000
CXUS56 KPDT 180532
CF6ALW
PRELIMINARY LOCAL CLIMATOLOGICAL DATA (WS FORM: F-6)

                                          STATION:   WALLA WALLA WA
                                          MONTH:     NOVEMBER
                                          YEAR:      2017
                                          LATITUDE:   46  5 N
                                          LONGITUDE: 118 17 W

  TEMPERATURE IN F:       :PCPN:    SNOW:  WIND      :SUNSHINE: SKY     :PK WND
================================================================================
1   2   3   4   5  6A  6B    7    8   9   10  11  12  13   14  15   16   17  18
                                     12Z  AVG MX 2MIN
DY MAX MIN AVG DEP HDD CDD  WTR  SNW DPTH SPD SPD DIR MIN PSBL S-S WX    SPD DR
================================================================================

 1  59  47  53   6  12   0 0.00  0.0    0 12.3 28 220   M    M   5        34 230
 2  60  46  53   6  12   0 0.18  0.0    0 10.1 30 250   M    M   9 1      37 260
 3  48  36  42  -4  23   0 0.13  0.0    0  6.4 14 130   M    M   8 1      17 230
 4  45  34  40  -6  25   0 0.01  0.0    0  6.9 15 190   M    M  10        18 180
 5  46  33  40  -6  25   0 0.28    T    0  6.9 18 250   M    M  10 12     23 190
 6  41  31  36  -9  29   0 0.05    T    T  2.5  8  40   M    M   6 12      8 270
 7  32  26  29 -16  36   0 0.00  0.0    0  3.4  9 140   M    M   8 12     10 140
 8  40  30  35 -10  30   0 0.10  0.0    0  3.2 13 170   M    M  10 12     14 170
 9  52  37  45   1  20   0 0.04  0.0    0  5.4 17 240   M    M   5 12     22 240
10  46  38  42  -2  23   0 0.06  0.0    0  4.7  9 190   M    M   8 12     11 180
11  52  38  45   1  20   0 0.00  0.0    0  3.0  8 180   M    M  10 128    11 250
12  48  36  42  -1  23   0    T  0.0    0  3.4 10 200   M    M   8 128    11 200
13  63  35  49   6  16   0 0.20  0.0    0 11.0 36 280   M    M   5 128    41 280
14  57  43  50   8  15   0 0.00  0.0    0 10.4 25 150   M    M   3        30 150
15  63  44  54  12  11   0 0.15  0.0    0 15.1 29 160   M    M   5 1      39 160
16  53  42  48   6  17   0 0.36  0.0    0  9.9 18 190   M    M   8 12     23 190
================================================================================
SM  805  596       337   0  1.56    T    114.6          M      118
================================================================================
AV 50.3 37.3                               7.2 FASTST   M    M   7    MAX(MPH)
                                 MISC ---->  # 36 280               # 41  280
================================================================================
NOTES:
# LAST OF SEVERAL OCCURRENCES

COLUMN 17 PEAK WIND IN M.P.H.

PRELIMINARY LOCAL CLIMATOLOGICAL DATA (WS FORM: F-6) , PAGE 2

                                          STATION:  WALLA WALLA WA
                                          MONTH:    NOVEMBER
                                          YEAR:     2017
                                          LATITUDE:   46  5 N
                                          LONGITUDE: 118 17 W

[TEMPERATURE DATA]      [PRECIPITATION DATA]       SYMBOLS USED IN COLUMN 16

AVERAGE MONTHLY: 43.8   TOTAL FOR MONTH:   1.56    1 = FOG OR MIST
DPTR FM NORMAL:  -0.7   DPTR FM NORMAL:    0.01    2 = FOG REDUCING VISIBILITY
HIGHEST:    63 ON 15,13 GRTST 24HR  0.36 ON 16-16      TO 1/4 MILE OR LESS
LOWEST:     26 ON  7                               3 = THUNDER
                        SNOW, ICE PELLETS, HAIL    4 = ICE PELLETS
                        TOTAL MONTH:    T          5 = HAIL
                        GRTST 24HR    T  ON  6- 6  6 = FREEZING RAIN OR DRIZZLE
                        GRTST DEPTH:   T           7 = DUSTSTORM OR SANDSTORM:
                                                       VSBY 1/2 MILE OR LESS
                                                   8 = SMOKE OR HAZE
[NO. OF DAYS WITH]      [WEATHER - DAYS WITH]      9 = BLOWING SNOW
                                                   X = TORNADO
MAX 32 OR BELOW:   1    0.01 INCH OR MORE:  11
MAX 90 OR ABOVE:   0    0.10 INCH OR MORE:   7
MIN 32 OR BELOW:   3    0.50 INCH OR MORE:   0
MIN  0 OR BELOW:   0    1.00 INCH OR MORE:   0

[HDD (BASE 65) ]
TOTAL THIS MO.   337    CLEAR  (SCALE 0-3)   1
DPTR FM NORMAL     8    PTCLDY (SCALE 4-7)   8
TOTAL FM JUL 1   773    CLOUDY (SCALE 8-10)  7
DPTR FM NORMAL   -21

[CDD (BASE 65) ]
TOTAL THIS MO.     0
DPTR FM NORMAL     0    [PRESSURE DATA]
TOTAL FM JAN 1  1277    HIGHEST SLP 30.15 ON 11
DPTR FM NORMAL   427    LOWEST  SLP 29.51 ON 15

[REMARKS]
